{"id":992,"date":"2026-02-18T10:38:47","date_gmt":"2026-02-18T09:38:47","guid":{"rendered":"https:\/\/site.educa.madrid.org\/cp.julianbesteiro.getafe\/?page_id=992"},"modified":"2026-03-20T13:46:03","modified_gmt":"2026-03-20T12:46:03","slug":"servicio-de-desayuno","status":"publish","type":"page","link":"https:\/\/site.educa.madrid.org\/cp.julianbesteiro.getafe\/index.php\/servicio-de-desayuno\/","title":{"rendered":"Servicio de desayuno"},"content":{"rendered":"\n<p>El colegio oferta el servicio de desayuno de 7:30 a 9:00 h, los alumnos son acompa\u00f1ados por los monitores a sus filas para el comienzo de las clases.<\/p>\n\n\n\n<p>Existen dos precios seg\u00fan la hora de entrada al centro:<\/p>\n\n\n\n<ul class=\"wp-block-list\">\n<li>Desde las 7:30.<\/li>\n\n\n\n<li>Desde las 8:15.<\/li>\n<\/ul>\n\n\n<div class=\"wp-block-image\">\n<figure class=\"aligncenter size-large\"><img loading=\"lazy\" decoding=\"async\" width=\"1024\" height=\"559\" src=\"https:\/\/site.educa.madrid.org\/cp.julianbesteiro.getafe\/\/wp-content\/uploads\/cp.julianbesteiro.getafe\/2026\/03\/imagen-desayuno-1024x559.png\" alt=\"\" class=\"wp-image-1551\" srcset=\"https:\/\/site.educa.madrid.org\/cp.julianbesteiro.getafe\/\/wp-content\/uploads\/cp.julianbesteiro.getafe\/2026\/03\/imagen-desayuno-1024x559.png 1024w, https:\/\/site.educa.madrid.org\/cp.julianbesteiro.getafe\/\/wp-content\/uploads\/cp.julianbesteiro.getafe\/2026\/03\/imagen-desayuno-300x164.png 300w, https:\/\/site.educa.madrid.org\/cp.julianbesteiro.getafe\/\/wp-content\/uploads\/cp.julianbesteiro.getafe\/2026\/03\/imagen-desayuno-768x419.png 768w, https:\/\/site.educa.madrid.org\/cp.julianbesteiro.getafe\/\/wp-content\/uploads\/cp.julianbesteiro.getafe\/2026\/03\/imagen-desayuno.png 1408w\" sizes=\"auto, (max-width: 1024px) 100vw, 1024px\" \/><\/figure>\n<\/div>\n\n\n<p>El servicio est\u00e1 gestionado directamente con la empresa de comedor, por lo tanto el pago se realiza a la misma.<\/p>\n\n\n\n<p>Se establece como hora tope de llegada al servicio de desayuno las 8:30 h, debido a que el alumnado debe tener tiempo para desayunar y prepararse posteriormente para ir a las aulas para el comienzo de las clases.<\/p>\n\n\n\n<p>El alumnado que utilice este servicio est\u00e1 acogido a las normas del colegio recogidas en nuestro Reglamento de R\u00e9gimen Interior.<\/p>\n\n\n\n<p>A continuaci\u00f3n, puedes descargar los precios del servicio :<\/p>\n\n\n\n<figure class=\"wp-block-table\"><table class=\"has-fixed-layout\"><tbody><tr><td class=\"has-text-align-center\" data-align=\"center\">Impreso de desayuno<\/td><td class=\"has-text-align-center\" data-align=\"center\">En Secretar\u00eda > Impresos secretar\u00eda<\/td><\/tr><tr><td class=\"has-text-align-center\" data-align=\"center\">Precio del servicio<\/td><td class=\"has-text-align-center\" data-align=\"center\"><a href=\"https:\/\/www.educa2.madrid.org\/web\/educamadrid\/principal\/files\/3ada6453-6450-437e-8e50-7506a532bd64\/CONTABILIDAD%20desayuno%202024-25.pdf?t=1741349824013\" target=\"_blank\" rel=\"noreferrer noopener\">Descargar<\/a><\/td><\/tr><\/tbody><\/table><\/figure>\n\n\n\n<h3 class=\"wp-block-heading\">Men\u00fa del desayuno (desayunos saludables y variados)<\/h3>\n\n\n\n<p>Los alumnos tomar\u00e1n diariamente leche semidesnatada con o sin Nesquik y zumo&nbsp;de frutas (optativo).<\/p>\n\n\n\n<figure class=\"wp-block-table\"><table class=\"has-fixed-layout\"><tbody><tr><td class=\"has-text-align-center\" data-align=\"center\">D\u00cdA<\/td><td class=\"has-text-align-center\" data-align=\"center\">PRINCIPAL<\/td><td class=\"has-text-align-center\" data-align=\"center\">OPTATIVOS<\/td><\/tr><tr><td class=\"has-text-align-center\" data-align=\"center\">LUNES<\/td><td class=\"has-text-align-center\" data-align=\"center\">Cereales<\/td><td class=\"has-text-align-center\" data-align=\"center\">Fruta, tostadas, galletas o bizcochos.<\/td><\/tr><tr><td class=\"has-text-align-center\" data-align=\"center\">MARTES<\/td><td class=\"has-text-align-center\" data-align=\"center\">Tostada con mantequilla,<br>mermelada o aceite.<\/td><td class=\"has-text-align-center\" data-align=\"center\">Fruta, cereales, galletas o bizcochos.<\/td><\/tr><tr><td class=\"has-text-align-center\" data-align=\"center\">MI\u00c9RCOLES<\/td><td class=\"has-text-align-center\" data-align=\"center\">Fruta variada<\/td><td class=\"has-text-align-center\" data-align=\"center\">Tostadas, cereales, galletas o bizcochos.<\/td><\/tr><tr><td class=\"has-text-align-center\" data-align=\"center\">JUEVES<\/td><td class=\"has-text-align-center\" data-align=\"center\">Tostada con mantequilla,<br>mermelada o aceite.<\/td><td class=\"has-text-align-center\" data-align=\"center\">Fruta, cereales, galletas o bizcochos<\/td><\/tr><tr><td class=\"has-text-align-center\" data-align=\"center\">VIERNES<\/td><td class=\"has-text-align-center\" data-align=\"center\">Boller\u00eda variada<\/td><td class=\"has-text-align-center\" data-align=\"center\">Fruta, tostadas, cereales, galletas o<br>bizcochos.<\/td><\/tr><\/tbody><\/table><\/figure>\n\n\n\n<p>*Una vez que se tomen el principal, el alumnado podr\u00e1 tomar alg\u00fan optativo si&nbsp;tienen m\u00e1s apetito.<\/p>\n\n\n\n<p>En este proyecto colabora la empresa encargada del servicio \u201cEMCOYSE\u201d junto con el Consejo Escolar del centro.<\/p>\n\n\n\n<div style=\"height:100px\" aria-hidden=\"true\" class=\"wp-block-spacer\"><\/div>\n","protected":false},"excerpt":{"rendered":"<p>El colegio oferta el servicio de desayuno de 7:30 a 9:00 h, los alumnos son acompa\u00f1ados por los monitores a sus filas para el comienzo de las clases. Existen dos &#8230;<\/p>\n","protected":false},"author":2,"featured_media":0,"parent":0,"menu_order":0,"comment_status":"closed","ping_status":"closed","template":"","meta":{"footnotes":""},"folder":[],"class_list":["post-992","page","type-page","status-publish","hentry"],"rttpg_featured_image_url":null,"rttpg_author":{"display_name":"tic.cp.julianbesteiro.getafe","author_link":"https:\/\/site.educa.madrid.org\/cp.julianbesteiro.getafe\/index.php\/author\/cuenta_tic-cp-julianbesteiro-getafe\/"},"rttpg_comment":0,"rttpg_category":false,"rttpg_excerpt":"El colegio oferta el servicio de desayuno de 7:30 a 9:00 h, los alumnos son acompa\u00f1ados por los monitores a sus filas para el comienzo de las clases. Existen dos ...","post_mailing_queue_ids":[],"_links":{"self":[{"href":"https:\/\/site.educa.madrid.org\/cp.julianbesteiro.getafe\/index.php\/wp-json\/wp\/v2\/pages\/992","targetHints":{"allow":["GET"]}}],"collection":[{"href":"https:\/\/site.educa.madrid.org\/cp.julianbesteiro.getafe\/index.php\/wp-json\/wp\/v2\/pages"}],"about":[{"href":"https:\/\/site.educa.madrid.org\/cp.julianbesteiro.getafe\/index.php\/wp-json\/wp\/v2\/types\/page"}],"author":[{"embeddable":true,"href":"https:\/\/site.educa.madrid.org\/cp.julianbesteiro.getafe\/index.php\/wp-json\/wp\/v2\/users\/2"}],"replies":[{"embeddable":true,"href":"https:\/\/site.educa.madrid.org\/cp.julianbesteiro.getafe\/index.php\/wp-json\/wp\/v2\/comments?post=992"}],"version-history":[{"count":5,"href":"https:\/\/site.educa.madrid.org\/cp.julianbesteiro.getafe\/index.php\/wp-json\/wp\/v2\/pages\/992\/revisions"}],"predecessor-version":[{"id":1656,"href":"https:\/\/site.educa.madrid.org\/cp.julianbesteiro.getafe\/index.php\/wp-json\/wp\/v2\/pages\/992\/revisions\/1656"}],"wp:attachment":[{"href":"https:\/\/site.educa.madrid.org\/cp.julianbesteiro.getafe\/index.php\/wp-json\/wp\/v2\/media?parent=992"}],"wp:term":[{"taxonomy":"folder","embeddable":true,"href":"https:\/\/site.educa.madrid.org\/cp.julianbesteiro.getafe\/index.php\/wp-json\/wp\/v2\/folder?post=992"}],"curies":[{"name":"wp","href":"https:\/\/api.w.org\/{rel}","templated":true}]}}