{"id":1995,"date":"2026-01-12T13:20:40","date_gmt":"2026-01-12T12:20:40","guid":{"rendered":"https:\/\/site.educa.madrid.org\/cp.lanavata.galapagar\/?page_id=1995"},"modified":"2026-04-10T09:11:03","modified_gmt":"2026-04-10T07:11:03","slug":"proceso-de-admision-25-26","status":"publish","type":"page","link":"https:\/\/site.educa.madrid.org\/cp.lanavata.galapagar\/index.php\/proceso-de-admision-25-26\/","title":{"rendered":"PROCESO DE ADMISI\u00d3N PARA EL CURSO 26\/27"},"content":{"rendered":"<p><strong>El SAE (Servicio de Atenci\u00f3n a la Escolarizaci\u00f3n)<\/strong> est\u00e1 ubicado en Galapagar:\u00a0 Edif. La Posada, 1\u00aa Planta. Plaza de la Constituci\u00f3n, 9 CP 28260<br \/>Tel. 91 858 78 00 ext 6202<\/p>\n<p>El <strong>criterio complementario de nuestro centro<\/strong> en el periodo de admisi\u00f3n es cumplir una de estas condiciones y<strong> adem\u00e1s estar empadronado en Galapagar:<\/strong><\/p>\n<ul>\n<li>Alumnado nacido en parto m\u00faltiple.<\/li>\n<li>Alumnado pertenecientes a familia monoparental.<\/li>\n<li>Alumnado solicitante en situaci\u00f3n de acogimiento familiar.<\/li>\n<li>Situaci\u00f3n de discapacidad f\u00edsica, ps\u00edquica o sensorial del alumno\/a, padres, hermanos o tutores legales.<\/li>\n<li>Condici\u00f3n de v\u00edctima de violencia de g\u00e9nero o del terrorismo.<\/li>\n<\/ul>\n<p>\u00a0Os subimos aqu\u00ed los enlaces a los documentos necesarios para poder participar en el proceso de admisi\u00f3n para el curso 26- 27<\/p>\n<p><strong>El plazo de presentaci\u00f3n es DESDE EL 11 AL 25 DE MARZO de 2026, AMBOS INCLUSIVE.<\/strong><\/p>\n<ol>\n<li><a href=\"https:\/\/site.educa.madrid.org\/cp.lanavata.galapagar\/\/wp-content\/uploads\/cp.lanavata.galapagar\/2026\/01\/PREGUNTAS-FRECUENTES.pdf\" target=\"_blank\" rel=\"noopener\">PREGUNTAS FRECUENTES<\/a><\/li>\n<li><a href=\"https:\/\/site.educa.madrid.org\/cp.lanavata.galapagar\/\/wp-content\/uploads\/cp.lanavata.galapagar\/2026\/01\/PRESENTACION-DE-SOLICITUDES.pdf\" target=\"_blank\" rel=\"noopener\">PRESENTACI\u00d3N DE SOLICITUDES<\/a><\/li>\n<li><a href=\"https:\/\/site.educa.madrid.org\/cp.lanavata.galapagar\/\/wp-content\/uploads\/cp.lanavata.galapagar\/2026\/01\/FECHAS-BASICAS-DEL-PERIODO-DE-ADMISION.pdf\" target=\"_blank\" rel=\"noopener\">FECHAS B\u00c1SICAS DEL PERIODO DE ADMISI\u00d3N<\/a><\/li>\n<li><a href=\"https:\/\/site.educa.madrid.org\/cp.lanavata.galapagar\/\/wp-content\/uploads\/cp.lanavata.galapagar\/2026\/01\/00.-RESOLUCION-PROCESO-DE-ADMISION-BOCM-CURSO-26-27.pdf\" target=\"_blank\" rel=\"noopener\">\u00a0RESOLUCI\u00d3N PROCESO DE ADMISI\u00d3N BOCM CURSO 26-27<\/a><\/li>\n<li><a href=\"https:\/\/site.educa.madrid.org\/cp.lanavata.galapagar\/\/wp-content\/uploads\/cp.lanavata.galapagar\/2026\/01\/BAREMO-DE-SOLICITUDES-PARA-EL-PROCESO-DE-ADMISION.pdf\" target=\"_blank\" rel=\"noopener\">BAREMO DE SOLICITUDES PARA EL PROCESO DE ADMISI\u00d3N<\/a><\/li>\n<li><a href=\"https:\/\/site.educa.madrid.org\/cp.lanavata.galapagar\/\/wp-content\/uploads\/cp.lanavata.galapagar\/2026\/01\/CRITERIOS-PARA-LA-BAREMACION-DE-SOLICITUDES-PARA-EL-PROCESO-DE.pdf\" target=\"_blank\" rel=\"noopener\">CRITERIOS PARA LA BAREMACI\u00d3N DE SOLICITUDES PARA EL PROCESO<\/a><\/li>\n<li><a href=\"https:\/\/site.educa.madrid.org\/cp.lanavata.galapagar\/\/wp-content\/uploads\/cp.lanavata.galapagar\/2026\/01\/26_27_modelo_declaracion_responsable.pdf\" target=\"_blank\" rel=\"noopener\">modelo_declaracion_responsable<\/a><\/li>\n<\/ol>\n\n\n<div data-wp-interactive=\"core\/file\" class=\"wp-block-file\"><object data-wp-bind--hidden=\"!state.hasPdfPreview\" hidden class=\"wp-block-file__embed\" data=\"https:\/\/site.educa.madrid.org\/cp.lanavata.galapagar\/\/wp-content\/uploads\/cp.lanavata.galapagar\/2026\/04\/04.-RESULTADO-DEL-SORTEO-PUBLICO-1.pdf\" type=\"application\/pdf\" style=\"width:100%;height:600px\" aria-label=\"Incrustado de 04. RESULTADO DEL SORTEO P\u00daBLICO (1).\"><\/object><a id=\"wp-block-file--media-3b27d829-f718-40ea-85df-46fc1450861d\" href=\"https:\/\/site.educa.madrid.org\/cp.lanavata.galapagar\/\/wp-content\/uploads\/cp.lanavata.galapagar\/2026\/04\/04.-RESULTADO-DEL-SORTEO-PUBLICO-1.pdf\">04. RESULTADO DEL SORTEO P\u00daBLICO (1)<\/a><a href=\"https:\/\/site.educa.madrid.org\/cp.lanavata.galapagar\/\/wp-content\/uploads\/cp.lanavata.galapagar\/2026\/04\/04.-RESULTADO-DEL-SORTEO-PUBLICO-1.pdf\" class=\"wp-block-file__button wp-element-button\" download aria-describedby=\"wp-block-file--media-3b27d829-f718-40ea-85df-46fc1450861d\">Descarga<\/a><\/div>\n\n\n\n<div data-wp-interactive=\"core\/file\" class=\"wp-block-file\"><object data-wp-bind--hidden=\"!state.hasPdfPreview\" hidden class=\"wp-block-file__embed\" data=\"https:\/\/site.educa.madrid.org\/cp.lanavata.galapagar\/\/wp-content\/uploads\/cp.lanavata.galapagar\/2026\/03\/03.PLAZASVACANTESOFERTADASPUBLICABLE-1.pdf\" type=\"application\/pdf\" style=\"width:100%;height:600px\" aria-label=\"Incrustado de 03.PLAZAS+VACANTES+OFERTADAS+(PUBLICABLE).\"><\/object><a id=\"wp-block-file--media-19f33015-3e64-4b20-a866-3a9283fe28d1\" href=\"https:\/\/site.educa.madrid.org\/cp.lanavata.galapagar\/\/wp-content\/uploads\/cp.lanavata.galapagar\/2026\/03\/03.PLAZASVACANTESOFERTADASPUBLICABLE-1.pdf\">03.PLAZAS+VACANTES+OFERTADAS+(PUBLICABLE)<\/a><a href=\"https:\/\/site.educa.madrid.org\/cp.lanavata.galapagar\/\/wp-content\/uploads\/cp.lanavata.galapagar\/2026\/03\/03.PLAZASVACANTESOFERTADASPUBLICABLE-1.pdf\" class=\"wp-block-file__button wp-element-button\" download aria-describedby=\"wp-block-file--media-19f33015-3e64-4b20-a866-3a9283fe28d1\">Descarga<\/a><\/div>\n\n\n\n<div data-wp-interactive=\"core\/file\" class=\"wp-block-file\"><object data-wp-bind--hidden=\"!state.hasPdfPreview\" hidden class=\"wp-block-file__embed\" data=\"https:\/\/site.educa.madrid.org\/cp.lanavata.galapagar\/\/wp-content\/uploads\/cp.lanavata.galapagar\/2026\/03\/02.-INFORMACION-BASICA-SOBRE-EL-PROCESO-DE-ADMISION-1-1.pdf\" type=\"application\/pdf\" style=\"width:100%;height:600px\" aria-label=\"Incrustado de 02. INFORMACI\u00d3N B\u00c1SICA SOBRE EL PROCESO DE ADMISI\u00d3N (1).\"><\/object><a id=\"wp-block-file--media-93c87540-6fcb-416d-a6b2-619ca3abf958\" href=\"https:\/\/site.educa.madrid.org\/cp.lanavata.galapagar\/\/wp-content\/uploads\/cp.lanavata.galapagar\/2026\/03\/02.-INFORMACION-BASICA-SOBRE-EL-PROCESO-DE-ADMISION-1-1.pdf\">02. INFORMACI\u00d3N B\u00c1SICA SOBRE EL PROCESO DE ADMISI\u00d3N (1)<\/a><a href=\"https:\/\/site.educa.madrid.org\/cp.lanavata.galapagar\/\/wp-content\/uploads\/cp.lanavata.galapagar\/2026\/03\/02.-INFORMACION-BASICA-SOBRE-EL-PROCESO-DE-ADMISION-1-1.pdf\" class=\"wp-block-file__button wp-element-button\" download aria-describedby=\"wp-block-file--media-93c87540-6fcb-416d-a6b2-619ca3abf958\">Descarga<\/a><\/div>\n\n\n\n<p><\/p>\n","protected":false},"excerpt":{"rendered":"<p>El SAE (Servicio de Atenci\u00f3n a la Escolarizaci\u00f3n) est\u00e1 ubicado en Galapagar:\u00a0 Edif. La Posada, 1\u00aa Planta. Plaza de la Constituci\u00f3n, 9 CP 28260Tel. 91 858 78 00 ext 6202 El criterio complementario de nuestro centro en el periodo de admisi\u00f3n es cumplir una de estas condiciones y adem\u00e1s estar empadronado en Galapagar: Alumnado nacido [&hellip;]<\/p>\n","protected":false},"author":2,"featured_media":0,"parent":0,"menu_order":0,"comment_status":"closed","ping_status":"closed","template":"","meta":{"footnotes":""},"folder":[],"class_list":["post-1995","page","type-page","status-publish","hentry"],"rttpg_featured_image_url":null,"rttpg_author":{"display_name":"tic.cp.lanavata.galapagar","author_link":"https:\/\/site.educa.madrid.org\/cp.lanavata.galapagar\/index.php\/author\/cuenta_tic-cp-lanavata-galapagar\/"},"rttpg_comment":0,"rttpg_category":false,"rttpg_excerpt":"El SAE (Servicio de Atenci\u00f3n a la Escolarizaci\u00f3n) est\u00e1 ubicado en Galapagar:\u00a0 Edif. La Posada, 1\u00aa Planta. Plaza de la Constituci\u00f3n, 9 CP 28260Tel. 91 858 78 00 ext 6202 El criterio complementario de nuestro centro en el periodo de admisi\u00f3n es cumplir una de estas condiciones y adem\u00e1s estar empadronado en Galapagar: Alumnado nacido&hellip;","post_mailing_queue_ids":[],"_links":{"self":[{"href":"https:\/\/site.educa.madrid.org\/cp.lanavata.galapagar\/index.php\/wp-json\/wp\/v2\/pages\/1995","targetHints":{"allow":["GET"]}}],"collection":[{"href":"https:\/\/site.educa.madrid.org\/cp.lanavata.galapagar\/index.php\/wp-json\/wp\/v2\/pages"}],"about":[{"href":"https:\/\/site.educa.madrid.org\/cp.lanavata.galapagar\/index.php\/wp-json\/wp\/v2\/types\/page"}],"author":[{"embeddable":true,"href":"https:\/\/site.educa.madrid.org\/cp.lanavata.galapagar\/index.php\/wp-json\/wp\/v2\/users\/2"}],"replies":[{"embeddable":true,"href":"https:\/\/site.educa.madrid.org\/cp.lanavata.galapagar\/index.php\/wp-json\/wp\/v2\/comments?post=1995"}],"version-history":[{"count":11,"href":"https:\/\/site.educa.madrid.org\/cp.lanavata.galapagar\/index.php\/wp-json\/wp\/v2\/pages\/1995\/revisions"}],"predecessor-version":[{"id":2075,"href":"https:\/\/site.educa.madrid.org\/cp.lanavata.galapagar\/index.php\/wp-json\/wp\/v2\/pages\/1995\/revisions\/2075"}],"wp:attachment":[{"href":"https:\/\/site.educa.madrid.org\/cp.lanavata.galapagar\/index.php\/wp-json\/wp\/v2\/media?parent=1995"}],"wp:term":[{"taxonomy":"folder","embeddable":true,"href":"https:\/\/site.educa.madrid.org\/cp.lanavata.galapagar\/index.php\/wp-json\/wp\/v2\/folder?post=1995"}],"curies":[{"name":"wp","href":"https:\/\/api.w.org\/{rel}","templated":true}]}}