{"id":480,"date":"2021-11-13T11:55:59","date_gmt":"2021-11-13T10:55:59","guid":{"rendered":"https:\/\/site.educa.madrid.org\/cp.lanavata.galapagar\/?page_id=480"},"modified":"2025-06-30T13:39:56","modified_gmt":"2025-06-30T11:39:56","slug":"familias","status":"publish","type":"page","link":"https:\/\/site.educa.madrid.org\/cp.lanavata.galapagar\/index.php\/familias\/","title":{"rendered":"FAMILIAS"},"content":{"rendered":"\n<h1 class=\"wp-block-heading has-huge-font-size\" id=\"block-6b4437f1-6103-425b-99d7-44f93b2f2ff0\"><strong>Participaci\u00f3n de las familias<\/strong><\/h1>\n\n\n\n<p id=\"block-8d81c120-f5c6-4146-803c-9466791f4892\">La participaci\u00f3n de las familias se articula de diferentes formas, tanto a nivel de aula como de forma transversal.<\/p>\n\n\n\n<p id=\"block-851f93cb-390a-4df6-8022-65340b62b648\"><strong>PARTICIPACI\u00d3N DIRECTA:<\/strong> A nivel de aula debes saber que en la Navata contamos la ayuda y la implicaci\u00f3n de las familias para muchas actividades: talleres, visitas educativas, conferencias, celebraciones, fiestas, mejoras del aula\u2026<\/p>\n\n\n\n<h2 class=\"wp-block-heading has-text-align-center\">VOCALES DE AULA<\/h2>\n\n\n\n<p id=\"block-04704a02-30c8-4e54-b56e-84891dd10b22\">En cada aula hay dos vocales (de comunicaci\u00f3n y econ\u00f3mico), que facilitar\u00e1n la gesti\u00f3n econ\u00f3mica del dinero del aula y la transmisi\u00f3n de informaci\u00f3n a las familias. La comunicaci\u00f3n con los vocales es importante para el intercambio de informaci\u00f3n y buen funcionamiento del curso.&nbsp;<\/p>\n\n\n\n<p id=\"block-0919e498-8d3f-4631-85f0-16e845f5e277\">Como \u201cvocales de aula\u201d, participan en las asambleas de vocales, en las que se re\u00fanen todos los vocales junto al equipo directivo para hablar de los temas importantes que surgen en el centro.<\/p>\n\n\n\n<figure class=\"wp-block-image aligncenter size-large is-resized\"><a href=\"https:\/\/site.educa.madrid.org\/cp.lanavata.galapagar\/index.php\/vocales-de-aula\/\"><img loading=\"lazy\" decoding=\"async\" width=\"1024\" height=\"683\" src=\"https:\/\/site.educa.madrid.org\/cp.lanavata.galapagar\/\/wp-content\/uploads\/cp.lanavata.galapagar\/2021\/11\/feedback-gb44824ffb_1920-1024x683.jpg\" alt=\"\" class=\"wp-image-497\" style=\"width:531px;height:354px\" srcset=\"https:\/\/site.educa.madrid.org\/cp.lanavata.galapagar\/\/wp-content\/uploads\/cp.lanavata.galapagar\/2021\/11\/feedback-gb44824ffb_1920-1024x683.jpg 1024w, https:\/\/site.educa.madrid.org\/cp.lanavata.galapagar\/\/wp-content\/uploads\/cp.lanavata.galapagar\/2021\/11\/feedback-gb44824ffb_1920-300x200.jpg 300w, https:\/\/site.educa.madrid.org\/cp.lanavata.galapagar\/\/wp-content\/uploads\/cp.lanavata.galapagar\/2021\/11\/feedback-gb44824ffb_1920-768x512.jpg 768w, https:\/\/site.educa.madrid.org\/cp.lanavata.galapagar\/\/wp-content\/uploads\/cp.lanavata.galapagar\/2021\/11\/feedback-gb44824ffb_1920-391x260.jpg 391w, https:\/\/site.educa.madrid.org\/cp.lanavata.galapagar\/\/wp-content\/uploads\/cp.lanavata.galapagar\/2021\/11\/feedback-gb44824ffb_1920-1536x1024.jpg 1536w, https:\/\/site.educa.madrid.org\/cp.lanavata.galapagar\/\/wp-content\/uploads\/cp.lanavata.galapagar\/2021\/11\/feedback-gb44824ffb_1920-272x182.jpg 272w, https:\/\/site.educa.madrid.org\/cp.lanavata.galapagar\/\/wp-content\/uploads\/cp.lanavata.galapagar\/2021\/11\/feedback-gb44824ffb_1920.jpg 1920w\" sizes=\"auto, (max-width: 1024px) 100vw, 1024px\" \/><\/a><figcaption class=\"wp-element-caption\">VOCALES DE AULA<\/figcaption><\/figure>\n\n\n\n<h2 class=\"wp-block-heading\">COMISIONES DE PARTICIPACI\u00d3N<\/h2>\n\n\n\n<p id=\"block-3cba531a-be9b-447c-b789-d5df4af27ffe\">A nivel m\u00e1s transversal, las familias participan en diversas comisiones, como pueden ser: ecoescuela, biblioteca,&#8230;<\/p>\n\n\n\n<figure class=\"wp-block-image aligncenter size-large is-resized is-style-rounded\"><a href=\"https:\/\/site.educa.madrid.org\/cp.lanavata.galapagar\/index.php\/comisiones-de-participacion\/\"><img loading=\"lazy\" decoding=\"async\" width=\"1024\" height=\"683\" src=\"https:\/\/site.educa.madrid.org\/cp.lanavata.galapagar\/\/wp-content\/uploads\/cp.lanavata.galapagar\/2021\/11\/hands-1846428_1920-1024x683.jpg\" alt=\"\" class=\"wp-image-622\" style=\"width:562px;height:375px\" srcset=\"https:\/\/site.educa.madrid.org\/cp.lanavata.galapagar\/\/wp-content\/uploads\/cp.lanavata.galapagar\/2021\/11\/hands-1846428_1920-1024x683.jpg 1024w, https:\/\/site.educa.madrid.org\/cp.lanavata.galapagar\/\/wp-content\/uploads\/cp.lanavata.galapagar\/2021\/11\/hands-1846428_1920-300x200.jpg 300w, https:\/\/site.educa.madrid.org\/cp.lanavata.galapagar\/\/wp-content\/uploads\/cp.lanavata.galapagar\/2021\/11\/hands-1846428_1920-768x512.jpg 768w, https:\/\/site.educa.madrid.org\/cp.lanavata.galapagar\/\/wp-content\/uploads\/cp.lanavata.galapagar\/2021\/11\/hands-1846428_1920-391x260.jpg 391w, https:\/\/site.educa.madrid.org\/cp.lanavata.galapagar\/\/wp-content\/uploads\/cp.lanavata.galapagar\/2021\/11\/hands-1846428_1920-1536x1024.jpg 1536w, https:\/\/site.educa.madrid.org\/cp.lanavata.galapagar\/\/wp-content\/uploads\/cp.lanavata.galapagar\/2021\/11\/hands-1846428_1920-272x182.jpg 272w, https:\/\/site.educa.madrid.org\/cp.lanavata.galapagar\/\/wp-content\/uploads\/cp.lanavata.galapagar\/2021\/11\/hands-1846428_1920.jpg 1920w\" sizes=\"auto, (max-width: 1024px) 100vw, 1024px\" \/><\/a><figcaption class=\"wp-element-caption\">COMISIONES DE PARTICIPACI\u00d3N<\/figcaption><\/figure>\n\n\n\n<h2 class=\"wp-block-heading\">CONSEJO ESCOLAR<\/h2>\n\n\n\n<p id=\"block-d5a7b81b-f629-43e0-ae37-a95f75234236\">Por supuesto, las familias tambi\u00e9n est\u00e1n representadas en el <strong>Consejo Escolar<\/strong>. El Consejo Escolar constituye el \u00f3rgano donde convergen las voces de la comunidad educativa: familias, profesorado y personal no docente. En nuestro modelo de colegio participativo, este espacio de encuentro y di\u00e1logo permite que las familias sean protagonistas activas en la construcci\u00f3n del proyecto educativo. A trav\u00e9s del Consejo Escolar se fortalece el sentido de comunidad y se asegura que las decisiones que afectan a la educaci\u00f3n de nuestro alumnado sean fruto del consenso y la participaci\u00f3n.<\/p>\n\n\n\n<figure class=\"wp-block-image aligncenter size-full is-resized\"><img loading=\"lazy\" decoding=\"async\" width=\"600\" height=\"400\" src=\"https:\/\/site.educa.madrid.org\/cp.lanavata.galapagar\/\/wp-content\/uploads\/cp.lanavata.galapagar\/2025\/06\/RENOVACION-CONSEJO-ESCOLAR.png\" alt=\"\" class=\"wp-image-1845\" style=\"width:410px;height:auto\" srcset=\"https:\/\/site.educa.madrid.org\/cp.lanavata.galapagar\/\/wp-content\/uploads\/cp.lanavata.galapagar\/2025\/06\/RENOVACION-CONSEJO-ESCOLAR.png 600w, https:\/\/site.educa.madrid.org\/cp.lanavata.galapagar\/\/wp-content\/uploads\/cp.lanavata.galapagar\/2025\/06\/RENOVACION-CONSEJO-ESCOLAR-300x200.png 300w, https:\/\/site.educa.madrid.org\/cp.lanavata.galapagar\/\/wp-content\/uploads\/cp.lanavata.galapagar\/2025\/06\/RENOVACION-CONSEJO-ESCOLAR-391x260.png 391w, https:\/\/site.educa.madrid.org\/cp.lanavata.galapagar\/\/wp-content\/uploads\/cp.lanavata.galapagar\/2025\/06\/RENOVACION-CONSEJO-ESCOLAR-272x182.png 272w\" sizes=\"auto, (max-width: 600px) 100vw, 600px\" \/><\/figure>\n\n\n\n<p class=\"has-text-align-center\" id=\"block-d5a7b81b-f629-43e0-ae37-a95f75234236\">Puedes contactar con las familias representantes en el consejo escolar en el email:<\/p>\n\n\n\n<p class=\"has-text-align-center\"><a href=\"mailto:familiasconsejeraslanavata@gmail.com\" target=\"_blank\" rel=\"noreferrer noopener\">familiasconsejeraslanavata@gmail.com<\/a> <\/p>\n\n\n\n<h2 class=\"wp-block-heading\">Asociaci\u00f3n de familias (AFA)<\/h2>\n\n\n\n<p id=\"block-d5a7b81b-f629-43e0-ae37-a95f75234236\">La Asociaci\u00f3n de Familias est\u00e1 presente en el d\u00eda a d\u00eda del centro, facilitando servicios a las familias y siempre atenta a las necesidades de la comunidad educativa. La AFA organiza a diario el servicio de primer@s del cole y las extraescolares, para atender a aquellas que necesitan un horario ampliado que les permitan conciliar el horario laboral con el escolar . <\/p>\n\n\n\n<p id=\"block-d5a7b81b-f629-43e0-ae37-a95f75234236\">Adem\u00e1s, cuando en el centro hay una reuni\u00f3n de familias ofrece un servicio de guarder\u00eda para el alumnado de las familias convocadas. <\/p>\n\n\n\n<p id=\"block-d5a7b81b-f629-43e0-ae37-a95f75234236\">Igualmente, organiza formaciones y\/o encuentros destinados a toda la comunidad educativa. Estos est\u00e1n relacionados con temas que suscitan inter\u00e9s: crianza, desarrollo, h\u00e1bitos, convivencia\u2026.<\/p>\n\n\n\n<p id=\"block-d5a7b81b-f629-43e0-ae37-a95f75234236\"><br>Y se encarga de organizar algunas de las actividades emblem\u00e1ticas del centro:<\/p>\n\n\n\n<p id=\"block-d5a7b81b-f629-43e0-ae37-a95f75234236\">\u00b7 FIESTA DE LA SOLIDARIDAD, cuyo objetivo es pasar un d\u00eda agradable con toda la comunidad educativa, ampliar relaciones y adem\u00e1s, se colabora con asociaciones y ong`s del municipio.<br>\u00b7 La PAELLA DE BIENVENIDA, que tiene lugar durante el mes de Septiembre, con el objetivo de recibir a las familias de nueva incorporaci\u00f3n al centro para que se sientan acogidas y para poder conocer de la mano de otras familias como viven ellas la implicaci\u00f3n que tiene en el centro<\/p>\n\n\n\n<div class=\"wp-block-columns is-layout-flex wp-container-core-columns-is-layout-28f84493 wp-block-columns-is-layout-flex\">\n<div class=\"wp-block-column is-layout-flow wp-block-column-is-layout-flow\">\n<figure class=\"wp-block-image aligncenter size-large is-resized\"><a href=\"https:\/\/afalanavata.blogspot.com\/ \" target=\"_blank\" rel=\" noreferrer noopener\"><img loading=\"lazy\" decoding=\"async\" width=\"213\" height=\"198\" src=\"https:\/\/site.educa.madrid.org\/cp.lanavata.galapagar\/\/wp-content\/uploads\/cp.lanavata.galapagar\/2021\/11\/Logo_p.jpg\" alt=\"\" class=\"wp-image-422\" style=\"width:337px;height:313px\"\/><\/a><figcaption class=\"wp-element-caption\">ASOCIACI\u00d3N DE FAMILIAS<\/figcaption><\/figure>\n<\/div>\n<\/div>\n\n\n\n<h2 class=\"wp-block-heading\">Asociaci\u00f3n gestora de Material<\/h2>\n\n\n\n<p>Para facilitar la organizaci\u00f3n del material, las visitas y actividades complementarias del centro las familias crearon la \u201cAsociaci\u00f3n Gestora de Material y Visitas\u201d , una entidad independiente del colegio que facilita que todo el alumnado tenga acceso a los mismos recursos y oportunidades educativas.&nbsp;<\/p>\n\n\n\n<p>Esta iniciativa garantiza que cada ni\u00f1o y ni\u00f1a participe en todas las actividades y cuente con el material necesario, promoviendo la igualdad de oportunidades para todos. Los recursos son compartidos y pertenecen a la comunidad educativa, lo que nos ayuda a trabajar valores como el compartir, la conciencia colectiva y el cuidado de lo que es de todos y todas.<\/p>\n\n\n\n<figure class=\"wp-block-image aligncenter size-large is-style-rounded\"><a href=\"https:\/\/site.educa.madrid.org\/cp.lanavata.galapagar\/index.php\/gestora-de-material\/\"><img loading=\"lazy\" decoding=\"async\" width=\"593\" height=\"420\" src=\"https:\/\/site.educa.madrid.org\/cp.lanavata.galapagar\/\/wp-content\/uploads\/cp.lanavata.galapagar\/2021\/11\/material.jpg\" alt=\"\" class=\"wp-image-496\" srcset=\"https:\/\/site.educa.madrid.org\/cp.lanavata.galapagar\/\/wp-content\/uploads\/cp.lanavata.galapagar\/2021\/11\/material.jpg 593w, https:\/\/site.educa.madrid.org\/cp.lanavata.galapagar\/\/wp-content\/uploads\/cp.lanavata.galapagar\/2021\/11\/material-300x212.jpg 300w\" sizes=\"auto, (max-width: 593px) 100vw, 593px\" \/><\/a><figcaption class=\"wp-element-caption\">ASOCIACI\u00d3N GESTORA DE MATERIAL<\/figcaption><\/figure>\n\n\n\n<h2 class=\"wp-block-heading has-text-align-center\">LIBRO DE FAMILIAS<\/h2>\n\n\n\n<div data-wp-interactive=\"core\/file\" class=\"wp-block-file\"><object data-wp-bind--hidden=\"!state.hasPdfPreview\" hidden class=\"wp-block-file__embed\" data=\"https:\/\/site.educa.madrid.org\/cp.lanavata.galapagar\/\/wp-content\/uploads\/cp.lanavata.galapagar\/2023\/02\/Libro-info-familias-22-23.pdf\" type=\"application\/pdf\" style=\"width:100%;height:600px\" aria-label=\"Incrustado de Libro-info-familias-22-23.\"><\/object><a id=\"wp-block-file--media-b8946c91-3d0b-48ca-9e54-8f66f29de934\" href=\"https:\/\/site.educa.madrid.org\/cp.lanavata.galapagar\/\/wp-content\/uploads\/cp.lanavata.galapagar\/2023\/02\/Libro-info-familias-22-23.pdf\">Libro-info-familias-22-23<\/a><a href=\"https:\/\/site.educa.madrid.org\/cp.lanavata.galapagar\/\/wp-content\/uploads\/cp.lanavata.galapagar\/2023\/02\/Libro-info-familias-22-23.pdf\" class=\"wp-block-file__button wp-element-button\" download aria-describedby=\"wp-block-file--media-b8946c91-3d0b-48ca-9e54-8f66f29de934\">Descarga<\/a><\/div>\n\n\n\n<h2 class=\"wp-block-heading\">COMUNICACI\u00d3N \u00d3PTIMA FAMILIA- ESCUELA<\/h2>\n\n\n\n<figure class=\"wp-block-table is-style-stripes\"><table><tbody><tr><td><strong>FAMILIAS CONSEJERAS.<\/strong> <strong>&nbsp;<\/strong> Todo lo relacionado con representaci\u00f3n de las familias en el Consejo Escolar y\/o sus comisiones: \u201cEcon\u00f3mica\u201d de \u201cConvivencia\u201d de \u201cComedor y Salud\u201d<\/td><td><a href=\"mailto:familiasconsejeraslanavata@gmail.com\">familiasconsejeraslanavata@gmail.com<\/a><\/td><\/tr><tr><td><strong>GESTORA<\/strong><\/td><td><a href=\"mailto:bel@cbel.com\">bel@cbel.com<\/a>&nbsp; &nbsp;<\/td><\/tr><tr><td><strong>AFA.<\/strong> <strong>&nbsp;<\/strong> Primeros del cole, Ratito m\u00e1s, Ocioteca, Extraescolares, actividades del AFA y todo lo relacionado con el AFA.<\/td><td><a href=\"mailto:afalanavata@gmail.com\">afalanavata@gmail.com<\/a><\/td><\/tr><tr><td><strong>TUTOR o TUTORA<\/strong> <strong>&nbsp;<\/strong> Todo lo relacionado directamente con tu aula, mi hijo va a faltar hoy, todo lo que quieras que sepa la tutora.<\/td><td>Correo de tu vocal de aula <br>Correo Educamadrid que dio tu tutor\/a a principios de curso.<\/td><\/tr><tr><td><strong>JEFATURA DE ESTUDIOS<\/strong> <strong>&nbsp;<\/strong> Temas pedag\u00f3gicos o de convivencia ya tratados con tu vocal de aula y tu tutora.<\/td><td><a href=\"mailto:jestudios.cp.lanavata.galapagar@educa.madrid.org\">jestudios.cp.lanavata.galapagar@educa.madrid.org<\/a> &nbsp;<\/td><\/tr><tr><td><strong>SECRETAR\u00cdA<\/strong> <strong>&nbsp;<\/strong> Pagos, solicitud de comedor o ruta, becas, autorizaciones, alergias.<\/td><td><a href=\"mailto:secretaria.cp.lanavata.galapagar@educa.madrid.org\">secretaria.cp.lanavata.galapagar@educa.madrid.org<\/a> &nbsp;<\/td><\/tr><tr><td><strong>INCIDENCIAS COMEDOR<\/strong> <strong>&nbsp;<\/strong> <em><strong>IMPRESCINDIBE INFORMAR *<\/strong> <\/em>Cambios en el uso de comedor de un d\u00eda puntual, dieta blanda, etc.<\/td><td><strong>&nbsp;&nbsp;&nbsp;&nbsp;&nbsp;&nbsp;&nbsp;&nbsp;&nbsp;&nbsp;&nbsp;&nbsp;&nbsp;&nbsp;&nbsp;&nbsp;&nbsp;&nbsp;&nbsp; <\/strong>Aqu\u00ed y s\u00f3lo aqu\u00ed: &nbsp; <br><a href=\"https:\/\/docs.google.com\/forms\/d\/e\/1FAIpQLScoP8KqRXkAkH-Xbbg9bTpZWp7Padd7sUaIaa-l4H9CY61e9A\/viewform?usp=sf_link\">https:\/\/docs.google.com\/forms\/d\/e\/1FAIpQLScoP8KqRXkAkH-Xbbg9bTpZWp7Padd7sUaIaa-l4H9CY61e9A\/viewform?usp=sf_link<\/a> &nbsp;<\/td><\/tr><tr><td><strong>INCIDENCIAS RUTA<\/strong> <em><strong>IMPRESCINDIBLE INFORMAR<\/strong> *<\/em> Cambios puntuales en el uso de la ruta de un d\u00eda concreto.<\/td><td><strong>&nbsp;&nbsp;&nbsp;&nbsp;&nbsp;&nbsp;&nbsp;&nbsp;&nbsp;&nbsp;&nbsp;&nbsp;&nbsp;&nbsp;&nbsp;&nbsp;&nbsp; <\/strong>Aqu\u00ed y s\u00f3lo aqu\u00ed: &nbsp; <a href=\"https:\/\/docs.google.com\/forms\/d\/e\/1FAIpQLSevjyt6VxG7BDvw-_oqsnuuqvggZ5I5wo7bzHO-132ooCwfUA\/viewform?usp=sf_link\">https:\/\/docs.google.com\/forms\/d\/e\/1FAIpQLSevjyt6VxG7BDvw-_oqsnuuqvggZ5I5wo7bzHO-132ooCwfUA\/viewform?usp=sf_link<\/a> &nbsp; <\/td><\/tr><tr><td><strong>BONOS COMEDOR<\/strong> <strong>&nbsp;<\/strong> \u201cVoy a consumir una comida del bono de comedor\u201d <strong>&nbsp;<\/strong><\/td><td>Aqu\u00ed y s\u00f3lo aqu\u00ed: <strong>&nbsp;<\/strong> <a href=\"https:\/\/docs.google.com\/forms\/d\/e\/1FAIpQLSevjyt6VxG7BDvw-_oqsnuuqvggZ5I5wo7bzHO-132ooCwfUA\/viewform?usp=sf_link\">https:\/\/docs.google.com\/forms\/d\/e\/1FAIpQLSevjyt6VxG7BDvw-_oqsnuuqvggZ5I5wo7bzHO-132ooCwfUA\/viewform?usp=sf_link<\/a> &nbsp; <\/td><\/tr><\/tbody><\/table><\/figure>\n","protected":false},"excerpt":{"rendered":"<p>Participaci\u00f3n de las familias La participaci\u00f3n de las familias se articula de diferentes formas, tanto a nivel de aula como de forma transversal. PARTICIPACI\u00d3N DIRECTA: A nivel de aula debes saber que en la Navata contamos la ayuda y la implicaci\u00f3n de las familias para muchas actividades: talleres, visitas educativas, conferencias, celebraciones, fiestas, mejoras del [&hellip;]<\/p>\n","protected":false},"author":2,"featured_media":0,"parent":0,"menu_order":0,"comment_status":"closed","ping_status":"closed","template":"","meta":{"footnotes":""},"folder":[],"class_list":["post-480","page","type-page","status-publish","hentry"],"rttpg_featured_image_url":null,"rttpg_author":{"display_name":"tic.cp.lanavata.galapagar","author_link":"https:\/\/site.educa.madrid.org\/cp.lanavata.galapagar\/index.php\/author\/cuenta_tic-cp-lanavata-galapagar\/"},"rttpg_comment":0,"rttpg_category":false,"rttpg_excerpt":"Participaci\u00f3n de las familias La participaci\u00f3n de las familias se articula de diferentes formas, tanto a nivel de aula como de forma transversal. PARTICIPACI\u00d3N DIRECTA: A nivel de aula debes saber que en la Navata contamos la ayuda y la implicaci\u00f3n de las familias para muchas actividades: talleres, visitas educativas, conferencias, celebraciones, fiestas, mejoras del&hellip;","post_mailing_queue_ids":[],"_links":{"self":[{"href":"https:\/\/site.educa.madrid.org\/cp.lanavata.galapagar\/index.php\/wp-json\/wp\/v2\/pages\/480","targetHints":{"allow":["GET"]}}],"collection":[{"href":"https:\/\/site.educa.madrid.org\/cp.lanavata.galapagar\/index.php\/wp-json\/wp\/v2\/pages"}],"about":[{"href":"https:\/\/site.educa.madrid.org\/cp.lanavata.galapagar\/index.php\/wp-json\/wp\/v2\/types\/page"}],"author":[{"embeddable":true,"href":"https:\/\/site.educa.madrid.org\/cp.lanavata.galapagar\/index.php\/wp-json\/wp\/v2\/users\/2"}],"replies":[{"embeddable":true,"href":"https:\/\/site.educa.madrid.org\/cp.lanavata.galapagar\/index.php\/wp-json\/wp\/v2\/comments?post=480"}],"version-history":[{"count":15,"href":"https:\/\/site.educa.madrid.org\/cp.lanavata.galapagar\/index.php\/wp-json\/wp\/v2\/pages\/480\/revisions"}],"predecessor-version":[{"id":1848,"href":"https:\/\/site.educa.madrid.org\/cp.lanavata.galapagar\/index.php\/wp-json\/wp\/v2\/pages\/480\/revisions\/1848"}],"wp:attachment":[{"href":"https:\/\/site.educa.madrid.org\/cp.lanavata.galapagar\/index.php\/wp-json\/wp\/v2\/media?parent=480"}],"wp:term":[{"taxonomy":"folder","embeddable":true,"href":"https:\/\/site.educa.madrid.org\/cp.lanavata.galapagar\/index.php\/wp-json\/wp\/v2\/folder?post=480"}],"curies":[{"name":"wp","href":"https:\/\/api.w.org\/{rel}","templated":true}]}}