{"id":516,"date":"2021-11-14T16:56:31","date_gmt":"2021-11-14T15:56:31","guid":{"rendered":"https:\/\/site.educa.madrid.org\/cp.lanavata.galapagar\/?page_id=516"},"modified":"2023-02-01T11:24:19","modified_gmt":"2023-02-01T10:24:19","slug":"vocales-de-aula","status":"publish","type":"page","link":"https:\/\/site.educa.madrid.org\/cp.lanavata.galapagar\/index.php\/vocales-de-aula\/","title":{"rendered":"VOCALES DE AULA"},"content":{"rendered":"\n<p>Los\/as vocales de aula son una forma organizativa y comunicativa de vertebrar el centro entre familias y profesorado. Se eligen en la primera reuni\u00f3n de aula, en el mes de octubre. Hasta la reuni\u00f3n se mantienen los mismo.<br>Llevan funcionando en nuestro colegio m\u00e1s de 22 a\u00f1os y son el garante de que exista un cauce de<br>colaboraci\u00f3n y coordinaci\u00f3n de las familias con el tutor del aula, con el AFA y con el resto de los \u00f3rganos<br>de gobierno y participaci\u00f3n del centro.<\/p>\n\n\n\n<div class=\"wp-block-image\"><figure class=\"aligncenter size-large is-resized\"><img loading=\"lazy\" decoding=\"async\" src=\"https:\/\/site.educa.madrid.org\/cp.lanavata.galapagar\/\/wp-content\/uploads\/cp.lanavata.galapagar\/2021\/11\/balloons-g85ffe3736_1920-1024x683.jpg\" alt=\"\" class=\"wp-image-533\" width=\"566\" height=\"377\" srcset=\"https:\/\/site.educa.madrid.org\/cp.lanavata.galapagar\/\/wp-content\/uploads\/cp.lanavata.galapagar\/2021\/11\/balloons-g85ffe3736_1920-1024x683.jpg 1024w, https:\/\/site.educa.madrid.org\/cp.lanavata.galapagar\/\/wp-content\/uploads\/cp.lanavata.galapagar\/2021\/11\/balloons-g85ffe3736_1920-300x200.jpg 300w, https:\/\/site.educa.madrid.org\/cp.lanavata.galapagar\/\/wp-content\/uploads\/cp.lanavata.galapagar\/2021\/11\/balloons-g85ffe3736_1920-768x512.jpg 768w, https:\/\/site.educa.madrid.org\/cp.lanavata.galapagar\/\/wp-content\/uploads\/cp.lanavata.galapagar\/2021\/11\/balloons-g85ffe3736_1920-391x260.jpg 391w, https:\/\/site.educa.madrid.org\/cp.lanavata.galapagar\/\/wp-content\/uploads\/cp.lanavata.galapagar\/2021\/11\/balloons-g85ffe3736_1920-1536x1024.jpg 1536w, https:\/\/site.educa.madrid.org\/cp.lanavata.galapagar\/\/wp-content\/uploads\/cp.lanavata.galapagar\/2021\/11\/balloons-g85ffe3736_1920-272x182.jpg 272w, https:\/\/site.educa.madrid.org\/cp.lanavata.galapagar\/\/wp-content\/uploads\/cp.lanavata.galapagar\/2021\/11\/balloons-g85ffe3736_1920.jpg 1920w\" sizes=\"auto, (max-width: 566px) 100vw, 566px\" \/><\/figure><\/div>\n\n\n\n<p><br><strong>\u00bfQui\u00e9n lo elige?<\/strong><br>En la primera reuni\u00f3n del curso se explican las funciones y las tareas de los vocales de aula y se ofrecen<br>voluntariamente dos padres o madres para desempe\u00f1ar este papel. Generalmente uno act\u00faa de vocal de comunicaci\u00f3n y el otro como vocal econ\u00f3mico.<br><strong>\u00bfPor cu\u00e1nto tiempo?<\/strong><br>Lo habitual es que el cargo dure un a\u00f1o. Los vocales se renuevan en la primera reuni\u00f3n del curso siguiente,<br>para garantizar el inicio del nuevo curso con unas figuras de referencia que, en el caso de profesorado o<br>familias nuevas, son fundamentales para hacer la acogida de los nuevos miembros.<br><strong>\u00bfQu\u00e9 hace un vocal de aula?<\/strong><br>Son muchas las funciones de los vocales de aula, casi tantas como vocales existen, porque dependiendo de<br>la relaci\u00f3n que se establezca entre el vocal y el tutor las funciones y la dedicaci\u00f3n que le van a asignar a su<br>cargo puede variar ligeramente. En principio hay dos tipos de vocal\u00eda, una de gesti\u00f3n econ\u00f3mica y otra de<br>comunicaci\u00f3n.<br>Sin embargo, hay unas <strong>FUNCIONES B\u00c1SICAS<\/strong> para todo el que quiera ser vocal:<\/p>\n\n\n\n<ul class=\"wp-block-list\"><li>Colaborar con el profesorado en la organizaci\u00f3n de las actividades de aula, talleres y salidas, en las que participan los padres y madres, por ejemplo buscar materiales, padres y madres dispuestos a participar, ofrecer sugerencias para talleres u otras actividades referidas a los proyectos, etc.<\/li><li>Motivar a las familias a participar en las actividades del colegio y del aula (fiestas, reuniones, etc.), coincidiendo con las reuniones generales que se realizan trimestralmente.<\/li><li>Informar por escrito o por correo electr\u00f3nico al resto de las familias del grupo que no asistan a las reuniones, en colaboraci\u00f3n con el tutor, para que se sientan informadas.<\/li><li>Ser un \u201cnexo de uni\u00f3n\u201d y colaborar para acercar a las familias nuevas al grupo de aula y para facilitar la adaptaci\u00f3n del profesorado nuevo.<\/li><li>Facilitar la incorporaci\u00f3n a las familias que llegan por primera vez al centro.<\/li><li>Tener en cuenta, a todos los niveles, a las familias cuyos hijos\/as van en ruta.<\/li><li>Colaborar y facilitar las tareas a las vocales nuevas que asuman su funci\u00f3n en otros cursos.<\/li><li>Colaborar con el tutor\/a en la gesti\u00f3n econ\u00f3mica del dinero de aula.<\/li><li>Informar a las familias en las reuniones que los tutores y tutoras realizan sobre los temas que son de su competencia:<ul><li>Balance econ\u00f3mico<\/li><li> Participaci\u00f3n en talleres, excursiones, cumplea\u00f1os, \u201cprotagonista\u201d, etc.<\/li><li>Propuestas de colaboraci\u00f3n formuladas por el tutor, AFA, etc.<\/li><\/ul><\/li><li>Mantener una comunicaci\u00f3n fluida con el AFA del centro y colaborar con \u00e9sta en las actividades que se planteen.<\/li><li> Recoger y canalizar inquietudes de las familias y remitirlas a los diferentes cauces de participaci\u00f3n y comunicaci\u00f3n.<\/li><li>Transmitir la informaci\u00f3n que se env\u00eda desde el centro a trav\u00e9s del correo electr\u00f3nico u otros cauces, a las familias representadas.<\/li><\/ul>\n\n\n\n<p>La comunicaci\u00f3n del tutor o tutora con las vocales ser\u00e1 fluida y continua. Se convocar\u00e1 alguna reuni\u00f3n<br>espec\u00edfica cuando se considere necesario por las dos partes<br>Los temas a tratar en las reuniones y las tareas concretas para llevar a cabo sus funciones se marcar\u00e1n al<br>principio de curso, siguiendo las orientaciones de la PGA de cada curso, pudi\u00e9ndose revisar a lo largo del<br>mismo.<br>Este cauce de participaci\u00f3n busca la colaboraci\u00f3n familias-profesorado de manera m\u00e1s sistem\u00e1tica y<br>positiva.<\/p>\n\n\n\n<p><br><strong>EVALUACI\u00d3N<\/strong><br>En las reuniones de aula del segundo trimestre, los vocales junto con el tutor o tutora de aula eval\u00faan el<br>desarrollo de las funciones de este cauce de colaboraci\u00f3n, teniendo en cuenta los siguientes criterios:<\/p>\n\n\n\n<ul class=\"wp-block-list\"><li> Grado de desarrollo de las funciones del vocal y dificultades con las que se encuentran.<\/li><li> Colaboraci\u00f3n de las familias.<\/li><li>Satisfacci\u00f3n personal.<\/li><li> Propuestas de mejora.<\/li><\/ul>\n","protected":false},"excerpt":{"rendered":"<p>Los\/as vocales de aula son una forma organizativa y comunicativa de vertebrar el centro entre familias y profesorado. Se eligen en la primera reuni\u00f3n de aula, en el mes de octubre. Hasta la reuni\u00f3n se mantienen los mismo.Llevan funcionando en nuestro colegio m\u00e1s de 22 a\u00f1os y son el garante de que exista un cauce [&hellip;]<\/p>\n","protected":false},"author":2,"featured_media":0,"parent":0,"menu_order":0,"comment_status":"closed","ping_status":"closed","template":"","meta":{"footnotes":""},"folder":[],"class_list":["post-516","page","type-page","status-publish","hentry"],"rttpg_featured_image_url":null,"rttpg_author":{"display_name":"tic.cp.lanavata.galapagar","author_link":"https:\/\/site.educa.madrid.org\/cp.lanavata.galapagar\/index.php\/author\/cuenta_tic-cp-lanavata-galapagar\/"},"rttpg_comment":0,"rttpg_category":false,"rttpg_excerpt":"Los\/as vocales de aula son una forma organizativa y comunicativa de vertebrar el centro entre familias y profesorado. Se eligen en la primera reuni\u00f3n de aula, en el mes de octubre. Hasta la reuni\u00f3n se mantienen los mismo.Llevan funcionando en nuestro colegio m\u00e1s de 22 a\u00f1os y son el garante de que exista un cauce&hellip;","post_mailing_queue_ids":[],"_links":{"self":[{"href":"https:\/\/site.educa.madrid.org\/cp.lanavata.galapagar\/index.php\/wp-json\/wp\/v2\/pages\/516","targetHints":{"allow":["GET"]}}],"collection":[{"href":"https:\/\/site.educa.madrid.org\/cp.lanavata.galapagar\/index.php\/wp-json\/wp\/v2\/pages"}],"about":[{"href":"https:\/\/site.educa.madrid.org\/cp.lanavata.galapagar\/index.php\/wp-json\/wp\/v2\/types\/page"}],"author":[{"embeddable":true,"href":"https:\/\/site.educa.madrid.org\/cp.lanavata.galapagar\/index.php\/wp-json\/wp\/v2\/users\/2"}],"replies":[{"embeddable":true,"href":"https:\/\/site.educa.madrid.org\/cp.lanavata.galapagar\/index.php\/wp-json\/wp\/v2\/comments?post=516"}],"version-history":[{"count":4,"href":"https:\/\/site.educa.madrid.org\/cp.lanavata.galapagar\/index.php\/wp-json\/wp\/v2\/pages\/516\/revisions"}],"predecessor-version":[{"id":1224,"href":"https:\/\/site.educa.madrid.org\/cp.lanavata.galapagar\/index.php\/wp-json\/wp\/v2\/pages\/516\/revisions\/1224"}],"wp:attachment":[{"href":"https:\/\/site.educa.madrid.org\/cp.lanavata.galapagar\/index.php\/wp-json\/wp\/v2\/media?parent=516"}],"wp:term":[{"taxonomy":"folder","embeddable":true,"href":"https:\/\/site.educa.madrid.org\/cp.lanavata.galapagar\/index.php\/wp-json\/wp\/v2\/folder?post=516"}],"curies":[{"name":"wp","href":"https:\/\/api.w.org\/{rel}","templated":true}]}}