{"id":1260,"date":"2020-03-24T11:01:04","date_gmt":"2020-03-24T11:01:04","guid":{"rendered":"https:\/\/site.educa.madrid.org\/cp.losrosales.madrid\/?page_id=1260"},"modified":"2026-04-09T14:48:59","modified_gmt":"2026-04-09T12:48:59","slug":"proceso-de-admision-20-21","status":"publish","type":"page","link":"https:\/\/site.educa.madrid.org\/cp.losrosales.madrid\/index.php\/proceso-de-admision-20-21\/","title":{"rendered":"PROCESO DE ADMISI\u00d3N"},"content":{"rendered":"\n<h6 class=\"wp-block-heading has-white-color has-vivid-cyan-blue-background-color has-text-color has-background has-x-large-font-size\">PROCESO DE ADMISI\u00d3N CURSO 2026-27<\/h6>\n\n\n\n<p class=\"has-white-color has-pale-cyan-blue-background-color has-text-color has-background has-large-font-size\">VIDEO PROCESO DE ADMISI\u00d3N<\/p>\n\n\n\n<figure class=\"wp-block-image size-large\"><a href=\"https:\/\/drive.google.com\/file\/d\/1ZN1Ruc5RpUcGJhIrOx6oABrz-cxojQr3\/view?usp=sharing\"><img loading=\"lazy\" decoding=\"async\" width=\"1024\" height=\"576\" src=\"https:\/\/site.educa.madrid.org\/cp.losrosales.madrid\/\/wp-content\/uploads\/cp.losrosales.madrid\/2026\/03\/Presentacion-Creativa-de-Moda-Retro-Digitalismo-Verdoso-Gris-y-Azul-1024x576.jpg\" alt=\"\" class=\"wp-image-7432\" srcset=\"https:\/\/site.educa.madrid.org\/cp.losrosales.madrid\/\/wp-content\/uploads\/cp.losrosales.madrid\/2026\/03\/Presentacion-Creativa-de-Moda-Retro-Digitalismo-Verdoso-Gris-y-Azul-1024x576.jpg 1024w, https:\/\/site.educa.madrid.org\/cp.losrosales.madrid\/\/wp-content\/uploads\/cp.losrosales.madrid\/2026\/03\/Presentacion-Creativa-de-Moda-Retro-Digitalismo-Verdoso-Gris-y-Azul-300x169.jpg 300w, https:\/\/site.educa.madrid.org\/cp.losrosales.madrid\/\/wp-content\/uploads\/cp.losrosales.madrid\/2026\/03\/Presentacion-Creativa-de-Moda-Retro-Digitalismo-Verdoso-Gris-y-Azul-768x432.jpg 768w, https:\/\/site.educa.madrid.org\/cp.losrosales.madrid\/\/wp-content\/uploads\/cp.losrosales.madrid\/2026\/03\/Presentacion-Creativa-de-Moda-Retro-Digitalismo-Verdoso-Gris-y-Azul-1536x864.jpg 1536w, https:\/\/site.educa.madrid.org\/cp.losrosales.madrid\/\/wp-content\/uploads\/cp.losrosales.madrid\/2026\/03\/Presentacion-Creativa-de-Moda-Retro-Digitalismo-Verdoso-Gris-y-Azul.jpg 1920w\" sizes=\"auto, (max-width: 1024px) 100vw, 1024px\" \/><\/a><\/figure>\n\n\n\n<div class=\"wp-block-file\"><a id=\"wp-block-file--media-4c479050-f191-4003-a7c2-191b7a8b5dbc\" href=\"https:\/\/site.educa.madrid.org\/cp.losrosales.madrid\/\/wp-content\/uploads\/cp.losrosales.madrid\/2026\/03\/Proceso-Admision-26_27.mp4\">Proceso Admisi\u00f3n 26_27<\/a><a href=\"https:\/\/site.educa.madrid.org\/cp.losrosales.madrid\/\/wp-content\/uploads\/cp.losrosales.madrid\/2026\/03\/Proceso-Admision-26_27.mp4\" class=\"wp-block-file__button wp-element-button\" download aria-describedby=\"wp-block-file--media-4c479050-f191-4003-a7c2-191b7a8b5dbc\">Descarga<\/a><\/div>\n\n\n\n<p class=\"has-white-color has-pale-cyan-blue-background-color has-text-color has-background has-large-font-size\">INSTRUCCIONES PROCESO DE ADMISI\u00d3N <\/p>\n\n\n\n<figure class=\"wp-block-image size-large\"><img loading=\"lazy\" decoding=\"async\" width=\"1024\" height=\"725\" src=\"https:\/\/site.educa.madrid.org\/cp.losrosales.madrid\/\/wp-content\/uploads\/cp.losrosales.madrid\/2026\/01\/Calendario-actuaciones-ADMISION-26-27-2_pages-to-jpg-0001-2-1024x725.jpg\" alt=\"\" class=\"wp-image-7329\" srcset=\"https:\/\/site.educa.madrid.org\/cp.losrosales.madrid\/\/wp-content\/uploads\/cp.losrosales.madrid\/2026\/01\/Calendario-actuaciones-ADMISION-26-27-2_pages-to-jpg-0001-2-1024x725.jpg 1024w, https:\/\/site.educa.madrid.org\/cp.losrosales.madrid\/\/wp-content\/uploads\/cp.losrosales.madrid\/2026\/01\/Calendario-actuaciones-ADMISION-26-27-2_pages-to-jpg-0001-2-300x212.jpg 300w, https:\/\/site.educa.madrid.org\/cp.losrosales.madrid\/\/wp-content\/uploads\/cp.losrosales.madrid\/2026\/01\/Calendario-actuaciones-ADMISION-26-27-2_pages-to-jpg-0001-2-768x543.jpg 768w, https:\/\/site.educa.madrid.org\/cp.losrosales.madrid\/\/wp-content\/uploads\/cp.losrosales.madrid\/2026\/01\/Calendario-actuaciones-ADMISION-26-27-2_pages-to-jpg-0001-2-1536x1087.jpg 1536w, https:\/\/site.educa.madrid.org\/cp.losrosales.madrid\/\/wp-content\/uploads\/cp.losrosales.madrid\/2026\/01\/Calendario-actuaciones-ADMISION-26-27-2_pages-to-jpg-0001-2.jpg 1754w\" sizes=\"auto, (max-width: 1024px) 100vw, 1024px\" \/><\/figure>\n\n\n\n<figure class=\"wp-block-image size-large is-resized\"><img loading=\"lazy\" decoding=\"async\" width=\"724\" height=\"1024\" src=\"https:\/\/site.educa.madrid.org\/cp.losrosales.madrid\/\/wp-content\/uploads\/cp.losrosales.madrid\/2026\/03\/doc01900920260311103216_page-0001-724x1024.jpg\" alt=\"\" class=\"wp-image-7435\" style=\"width:840px;height:auto\" srcset=\"https:\/\/site.educa.madrid.org\/cp.losrosales.madrid\/\/wp-content\/uploads\/cp.losrosales.madrid\/2026\/03\/doc01900920260311103216_page-0001-724x1024.jpg 724w, https:\/\/site.educa.madrid.org\/cp.losrosales.madrid\/\/wp-content\/uploads\/cp.losrosales.madrid\/2026\/03\/doc01900920260311103216_page-0001-212x300.jpg 212w, https:\/\/site.educa.madrid.org\/cp.losrosales.madrid\/\/wp-content\/uploads\/cp.losrosales.madrid\/2026\/03\/doc01900920260311103216_page-0001-768x1086.jpg 768w, https:\/\/site.educa.madrid.org\/cp.losrosales.madrid\/\/wp-content\/uploads\/cp.losrosales.madrid\/2026\/03\/doc01900920260311103216_page-0001-1086x1536.jpg 1086w, https:\/\/site.educa.madrid.org\/cp.losrosales.madrid\/\/wp-content\/uploads\/cp.losrosales.madrid\/2026\/03\/doc01900920260311103216_page-0001.jpg 1240w\" sizes=\"auto, (max-width: 724px) 100vw, 724px\" \/><\/figure>\n\n\n\n<figure class=\"wp-block-image size-large\"><img loading=\"lazy\" decoding=\"async\" width=\"724\" height=\"1024\" src=\"https:\/\/site.educa.madrid.org\/cp.losrosales.madrid\/\/wp-content\/uploads\/cp.losrosales.madrid\/2026\/03\/doc01900920260311103216_page-0002-724x1024.jpg\" alt=\"\" class=\"wp-image-7437\" srcset=\"https:\/\/site.educa.madrid.org\/cp.losrosales.madrid\/\/wp-content\/uploads\/cp.losrosales.madrid\/2026\/03\/doc01900920260311103216_page-0002-724x1024.jpg 724w, https:\/\/site.educa.madrid.org\/cp.losrosales.madrid\/\/wp-content\/uploads\/cp.losrosales.madrid\/2026\/03\/doc01900920260311103216_page-0002-212x300.jpg 212w, https:\/\/site.educa.madrid.org\/cp.losrosales.madrid\/\/wp-content\/uploads\/cp.losrosales.madrid\/2026\/03\/doc01900920260311103216_page-0002-768x1086.jpg 768w, https:\/\/site.educa.madrid.org\/cp.losrosales.madrid\/\/wp-content\/uploads\/cp.losrosales.madrid\/2026\/03\/doc01900920260311103216_page-0002-1086x1536.jpg 1086w, https:\/\/site.educa.madrid.org\/cp.losrosales.madrid\/\/wp-content\/uploads\/cp.losrosales.madrid\/2026\/03\/doc01900920260311103216_page-0002.jpg 1240w\" sizes=\"auto, (max-width: 724px) 100vw, 724px\" \/><\/figure>\n\n\n\n<h2 class=\"wp-block-heading has-white-color has-pale-cyan-blue-background-color has-text-color has-background has-large-font-size\">NORMATIVA<\/h2>\n\n\n\n<p>NORMATIVA:<a href=\"https:\/\/www.bocm.es\/boletin\/CM_Orden_BOCM\/2025\/12\/09\/BOCM-20251209-19.PDF\">https:\/\/www.bocm.es\/boletin\/CM_Orden_BOCM\/2025\/12\/09\/BOCM-20251209-19.PDF<\/a><\/p>\n\n\n\n<div data-wp-interactive=\"core\/file\" class=\"wp-block-file\"><object data-wp-bind--hidden=\"!state.hasPdfPreview\" hidden class=\"wp-block-file__embed\" data=\"https:\/\/site.educa.madrid.org\/cp.losrosales.madrid\/\/wp-content\/uploads\/cp.losrosales.madrid\/2026\/01\/BOCM-20251209-19.pdf\" type=\"application\/pdf\" style=\"width:100%;height:600px\" aria-label=\"Incrustado de BOCM-20251209-19.\"><\/object><a id=\"wp-block-file--media-28aff208-dca3-4ffe-961c-0d3bf63023d4\" href=\"https:\/\/site.educa.madrid.org\/cp.losrosales.madrid\/\/wp-content\/uploads\/cp.losrosales.madrid\/2026\/01\/BOCM-20251209-19.pdf\">BOCM-20251209-19<\/a><a href=\"https:\/\/site.educa.madrid.org\/cp.losrosales.madrid\/\/wp-content\/uploads\/cp.losrosales.madrid\/2026\/01\/BOCM-20251209-19.pdf\" class=\"wp-block-file__button wp-element-button\" download aria-describedby=\"wp-block-file--media-28aff208-dca3-4ffe-961c-0d3bf63023d4\">Descarga<\/a><\/div>\n\n\n\n<h2 class=\"wp-block-heading has-white-color has-pale-cyan-blue-background-color has-text-color has-background has-large-font-size\">PUNTO ADICIONAL<\/h2>\n\n\n\n<div data-wp-interactive=\"core\/file\" class=\"wp-block-file\"><object data-wp-bind--hidden=\"!state.hasPdfPreview\" hidden class=\"wp-block-file__embed\" data=\"https:\/\/site.educa.madrid.org\/cp.losrosales.madrid\/\/wp-content\/uploads\/cp.losrosales.madrid\/2026\/02\/punto-adicional-1.pdf\" type=\"application\/pdf\" style=\"width:100%;height:600px\" aria-label=\"Incrustado de punto adicional.\"><\/object><a id=\"wp-block-file--media-24b78aa3-ac87-49ad-b7d6-3a160e8eb77f\" href=\"https:\/\/site.educa.madrid.org\/cp.losrosales.madrid\/\/wp-content\/uploads\/cp.losrosales.madrid\/2026\/02\/punto-adicional-1.pdf\">punto adicional<\/a><a href=\"https:\/\/site.educa.madrid.org\/cp.losrosales.madrid\/\/wp-content\/uploads\/cp.losrosales.madrid\/2026\/02\/punto-adicional-1.pdf\" class=\"wp-block-file__button wp-element-button\" download aria-describedby=\"wp-block-file--media-24b78aa3-ac87-49ad-b7d6-3a160e8eb77f\">Descarga<\/a><\/div>\n\n\n\n<h5 class=\"wp-block-heading has-white-color has-pale-cyan-blue-background-color has-text-color has-background has-x-large-font-size\"> SECRETARIA VIRTUAL<\/h5>\n\n\n\n<p>GUIA SECRETAR\u00cdA VIRTUAL<\/p>\n\n\n\n<h2 class=\"wp-block-heading has-small-font-size\"><a href=\"https:\/\/site.educa.madrid.org\/cp.losrosales.madrid\/\/wp-content\/uploads\/cp.losrosales.madrid\/2024\/03\/Guia-Secretaria-Virtual-v3.0.pdf\">https:\/\/site.educa.madrid.org\/cp.losrosales.madrid\/\/wp-content\/uploads\/cp.losrosales.madrid\/2024\/03\/Guia-Secretaria-Virtual-v3.0.pdf<\/a><\/h2>\n\n\n\n<p><\/p>\n\n\n\n<div data-wp-interactive=\"core\/file\" class=\"wp-block-file\"><object data-wp-bind--hidden=\"!state.hasPdfPreview\" hidden class=\"wp-block-file__embed\" data=\"https:\/\/site.educa.madrid.org\/cp.losrosales.madrid\/\/wp-content\/uploads\/cp.losrosales.madrid\/2024\/03\/Secretaria-VIRTUAL-Admision.pdf\" type=\"application\/pdf\" style=\"width:100%;height:600px\" aria-label=\"Incrustado de Secretaria-VIRTUAL-Admision.\"><\/object><a id=\"wp-block-file--media-22beb577-4604-4cc0-a3dd-b749ec53717c\" href=\"https:\/\/site.educa.madrid.org\/cp.losrosales.madrid\/\/wp-content\/uploads\/cp.losrosales.madrid\/2024\/03\/Secretaria-VIRTUAL-Admision.pdf\">Secretaria-VIRTUAL-Admision<\/a><a href=\"https:\/\/site.educa.madrid.org\/cp.losrosales.madrid\/\/wp-content\/uploads\/cp.losrosales.madrid\/2024\/03\/Secretaria-VIRTUAL-Admision.pdf\" class=\"wp-block-file__button wp-element-button\" download aria-describedby=\"wp-block-file--media-22beb577-4604-4cc0-a3dd-b749ec53717c\">Descarga<\/a><\/div>\n\n\n\n<h5 class=\"wp-block-heading has-white-color has-pale-cyan-blue-background-color has-text-color has-background has-large-font-size\">VACANTES CURSO 2026-2027<\/h5>\n\n\n\n<p>VACANTES<\/p>\n\n\n\n<figure class=\"wp-block-image size-large\"><img loading=\"lazy\" decoding=\"async\" width=\"724\" height=\"1024\" src=\"https:\/\/site.educa.madrid.org\/cp.losrosales.madrid\/\/wp-content\/uploads\/cp.losrosales.madrid\/2026\/03\/doc01893120260309140619_page-0001-724x1024.jpg\" alt=\"\" class=\"wp-image-7427\" srcset=\"https:\/\/site.educa.madrid.org\/cp.losrosales.madrid\/\/wp-content\/uploads\/cp.losrosales.madrid\/2026\/03\/doc01893120260309140619_page-0001-724x1024.jpg 724w, https:\/\/site.educa.madrid.org\/cp.losrosales.madrid\/\/wp-content\/uploads\/cp.losrosales.madrid\/2026\/03\/doc01893120260309140619_page-0001-212x300.jpg 212w, https:\/\/site.educa.madrid.org\/cp.losrosales.madrid\/\/wp-content\/uploads\/cp.losrosales.madrid\/2026\/03\/doc01893120260309140619_page-0001-768x1086.jpg 768w, https:\/\/site.educa.madrid.org\/cp.losrosales.madrid\/\/wp-content\/uploads\/cp.losrosales.madrid\/2026\/03\/doc01893120260309140619_page-0001-1086x1536.jpg 1086w, https:\/\/site.educa.madrid.org\/cp.losrosales.madrid\/\/wp-content\/uploads\/cp.losrosales.madrid\/2026\/03\/doc01893120260309140619_page-0001.jpg 1240w\" sizes=\"auto, (max-width: 724px) 100vw, 724px\" \/><\/figure>\n\n\n\n<figure class=\"wp-block-image size-large\"><img loading=\"lazy\" decoding=\"async\" width=\"724\" height=\"1024\" src=\"https:\/\/site.educa.madrid.org\/cp.losrosales.madrid\/\/wp-content\/uploads\/cp.losrosales.madrid\/2026\/03\/doc01893120260309140619_page-0002-724x1024.jpg\" alt=\"\" class=\"wp-image-7428\" srcset=\"https:\/\/site.educa.madrid.org\/cp.losrosales.madrid\/\/wp-content\/uploads\/cp.losrosales.madrid\/2026\/03\/doc01893120260309140619_page-0002-724x1024.jpg 724w, https:\/\/site.educa.madrid.org\/cp.losrosales.madrid\/\/wp-content\/uploads\/cp.losrosales.madrid\/2026\/03\/doc01893120260309140619_page-0002-212x300.jpg 212w, https:\/\/site.educa.madrid.org\/cp.losrosales.madrid\/\/wp-content\/uploads\/cp.losrosales.madrid\/2026\/03\/doc01893120260309140619_page-0002-768x1086.jpg 768w, https:\/\/site.educa.madrid.org\/cp.losrosales.madrid\/\/wp-content\/uploads\/cp.losrosales.madrid\/2026\/03\/doc01893120260309140619_page-0002-1086x1536.jpg 1086w, https:\/\/site.educa.madrid.org\/cp.losrosales.madrid\/\/wp-content\/uploads\/cp.losrosales.madrid\/2026\/03\/doc01893120260309140619_page-0002.jpg 1240w\" sizes=\"auto, (max-width: 724px) 100vw, 724px\" \/><\/figure>\n\n\n\n<h5 class=\"wp-block-heading has-white-color has-pale-cyan-blue-background-color has-text-color has-background has-large-font-size\">RESULTADOS SORTEO P\u00daBLICO DESEMPATE PROCESO DE ADMISI\u00d3N 2025-2026<\/h5>\n\n\n\n<figure class=\"wp-block-image size-large\"><img loading=\"lazy\" decoding=\"async\" width=\"724\" height=\"1024\" src=\"https:\/\/site.educa.madrid.org\/cp.losrosales.madrid\/\/wp-content\/uploads\/cp.losrosales.madrid\/2026\/04\/RESULTADO-SORTEO-26-27_page-0001-724x1024.jpg\" alt=\"\" class=\"wp-image-7451\" srcset=\"https:\/\/site.educa.madrid.org\/cp.losrosales.madrid\/\/wp-content\/uploads\/cp.losrosales.madrid\/2026\/04\/RESULTADO-SORTEO-26-27_page-0001-724x1024.jpg 724w, https:\/\/site.educa.madrid.org\/cp.losrosales.madrid\/\/wp-content\/uploads\/cp.losrosales.madrid\/2026\/04\/RESULTADO-SORTEO-26-27_page-0001-212x300.jpg 212w, https:\/\/site.educa.madrid.org\/cp.losrosales.madrid\/\/wp-content\/uploads\/cp.losrosales.madrid\/2026\/04\/RESULTADO-SORTEO-26-27_page-0001-768x1086.jpg 768w, https:\/\/site.educa.madrid.org\/cp.losrosales.madrid\/\/wp-content\/uploads\/cp.losrosales.madrid\/2026\/04\/RESULTADO-SORTEO-26-27_page-0001-1086x1536.jpg 1086w, https:\/\/site.educa.madrid.org\/cp.losrosales.madrid\/\/wp-content\/uploads\/cp.losrosales.madrid\/2026\/04\/RESULTADO-SORTEO-26-27_page-0001.jpg 1240w\" sizes=\"auto, (max-width: 724px) 100vw, 724px\" \/><\/figure>\n\n\n\n<h5 class=\"wp-block-heading has-white-color has-pale-cyan-blue-background-color has-text-color has-background has-large-font-size\">ADSCRIPCIONES Y GRUPOS CEIP LOS ROSALES CURSO2025-26<\/h5>\n\n\n\n<div data-wp-interactive=\"core\/file\" class=\"wp-block-file\"><object data-wp-bind--hidden=\"!state.hasPdfPreview\" hidden class=\"wp-block-file__embed\" data=\"https:\/\/site.educa.madrid.org\/cp.losrosales.madrid\/\/wp-content\/uploads\/cp.losrosales.madrid\/2025\/02\/CEIP.ROSALESLOSADSCRIPCIONESYGRUPOS.pdf\" type=\"application\/pdf\" style=\"width:100%;height:600px\" aria-label=\"Incrustado de CEIP.ROSALESLOSADSCRIPCIONESYGRUPOS.\"><\/object><a id=\"wp-block-file--media-2ca1fd25-d089-4158-ac51-4f628effc84a\" href=\"https:\/\/site.educa.madrid.org\/cp.losrosales.madrid\/\/wp-content\/uploads\/cp.losrosales.madrid\/2025\/02\/CEIP.ROSALESLOSADSCRIPCIONESYGRUPOS.pdf\">CEIP.ROSALESLOSADSCRIPCIONESYGRUPOS<\/a><a href=\"https:\/\/site.educa.madrid.org\/cp.losrosales.madrid\/\/wp-content\/uploads\/cp.losrosales.madrid\/2025\/02\/CEIP.ROSALESLOSADSCRIPCIONESYGRUPOS.pdf\" class=\"wp-block-file__button wp-element-button\" download aria-describedby=\"wp-block-file--media-2ca1fd25-d089-4158-ac51-4f628effc84a\">Descarga<\/a><\/div>\n\n\n\n<h5 class=\"wp-block-heading has-white-color has-pale-cyan-blue-background-color has-text-color has-background has-large-font-size\">HORARIO<\/h5>\n\n\n\n<div data-wp-interactive=\"core\/file\" class=\"wp-block-file\"><object data-wp-bind--hidden=\"!state.hasPdfPreview\" hidden class=\"wp-block-file__embed\" data=\"https:\/\/site.educa.madrid.org\/cp.losrosales.madrid\/\/wp-content\/uploads\/cp.losrosales.madrid\/2026\/02\/horario-escolar.pdf\" type=\"application\/pdf\" style=\"width:100%;height:600px\" aria-label=\"Incrustado de horario escolar.\"><\/object><a id=\"wp-block-file--media-c317dff5-5828-42a2-b547-0236b6bf5cdc\" href=\"https:\/\/site.educa.madrid.org\/cp.losrosales.madrid\/\/wp-content\/uploads\/cp.losrosales.madrid\/2026\/02\/horario-escolar.pdf\">horario escolar<\/a><a href=\"https:\/\/site.educa.madrid.org\/cp.losrosales.madrid\/\/wp-content\/uploads\/cp.losrosales.madrid\/2026\/02\/horario-escolar.pdf\" class=\"wp-block-file__button wp-element-button\" download aria-describedby=\"wp-block-file--media-c317dff5-5828-42a2-b547-0236b6bf5cdc\">Descarga<\/a><\/div>\n\n\n\n<h5 class=\"wp-block-heading has-white-color has-pale-cyan-blue-background-color has-text-color has-background has-large-font-size\">INFORMACI\u00d3N FAMILIAS 6\u00ba<\/h5>\n\n\n\n<div data-wp-interactive=\"core\/file\" class=\"wp-block-file\"><object data-wp-bind--hidden=\"!state.hasPdfPreview\" hidden class=\"wp-block-file__embed\" data=\"https:\/\/site.educa.madrid.org\/cp.losrosales.madrid\/\/wp-content\/uploads\/cp.losrosales.madrid\/2026\/02\/PUNTO-DEL-CENTRO-PRIMERA-OPCION-1.pdf\" type=\"application\/pdf\" style=\"width:100%;height:600px\" aria-label=\"Incrustado de PUNTO DEL CENTRO PRIMERA OPCION (1).\"><\/object><a id=\"wp-block-file--media-d509c3e7-f240-4b56-b4c0-9b608a330668\" href=\"https:\/\/site.educa.madrid.org\/cp.losrosales.madrid\/\/wp-content\/uploads\/cp.losrosales.madrid\/2026\/02\/PUNTO-DEL-CENTRO-PRIMERA-OPCION-1.pdf\">PUNTO DEL CENTRO PRIMERA OPCION (1)<\/a><a href=\"https:\/\/site.educa.madrid.org\/cp.losrosales.madrid\/\/wp-content\/uploads\/cp.losrosales.madrid\/2026\/02\/PUNTO-DEL-CENTRO-PRIMERA-OPCION-1.pdf\" class=\"wp-block-file__button wp-element-button\" download aria-describedby=\"wp-block-file--media-d509c3e7-f240-4b56-b4c0-9b608a330668\">Descarga<\/a><\/div>\n\n\n\n<h5 class=\"wp-block-heading has-white-color has-pale-cyan-blue-background-color has-text-color has-background has-large-font-size\">IES-ADSCRIPCI\u00d3N<\/h5>\n\n\n\n<div data-wp-interactive=\"core\/file\" class=\"wp-block-file\"><object data-wp-bind--hidden=\"!state.hasPdfPreview\" hidden class=\"wp-block-file__embed\" data=\"https:\/\/site.educa.madrid.org\/cp.losrosales.madrid\/\/wp-content\/uploads\/cp.losrosales.madrid\/2026\/02\/ies-.pdf\" type=\"application\/pdf\" style=\"width:100%;height:600px\" aria-label=\"Incrustado de ies.\"><\/object><a id=\"wp-block-file--media-bce7e40e-a3a3-4bfc-bd9c-c6faf3a4a837\" href=\"https:\/\/site.educa.madrid.org\/cp.losrosales.madrid\/\/wp-content\/uploads\/cp.losrosales.madrid\/2026\/02\/ies-.pdf\">ies<\/a><a href=\"https:\/\/site.educa.madrid.org\/cp.losrosales.madrid\/\/wp-content\/uploads\/cp.losrosales.madrid\/2026\/02\/ies-.pdf\" class=\"wp-block-file__button wp-element-button\" download aria-describedby=\"wp-block-file--media-bce7e40e-a3a3-4bfc-bd9c-c6faf3a4a837\">Descarga<\/a><\/div>\n\n\n\n<h5 class=\"wp-block-heading has-white-color has-pale-cyan-blue-background-color has-text-color has-background has-large-font-size\">SERVICIO DE APOYO A LA ESCOLARIZACI\u00d3N-SAE<\/h5>\n\n\n\n<figure class=\"wp-block-image size-large is-resized\"><img loading=\"lazy\" decoding=\"async\" width=\"724\" height=\"1024\" src=\"https:\/\/site.educa.madrid.org\/cp.losrosales.madrid\/\/wp-content\/uploads\/cp.losrosales.madrid\/2026\/02\/doc01840020260220145414_page-0001-1-724x1024.jpg\" alt=\"\" class=\"wp-image-7409\" style=\"width:840px;height:auto\" srcset=\"https:\/\/site.educa.madrid.org\/cp.losrosales.madrid\/\/wp-content\/uploads\/cp.losrosales.madrid\/2026\/02\/doc01840020260220145414_page-0001-1-724x1024.jpg 724w, https:\/\/site.educa.madrid.org\/cp.losrosales.madrid\/\/wp-content\/uploads\/cp.losrosales.madrid\/2026\/02\/doc01840020260220145414_page-0001-1-212x300.jpg 212w, https:\/\/site.educa.madrid.org\/cp.losrosales.madrid\/\/wp-content\/uploads\/cp.losrosales.madrid\/2026\/02\/doc01840020260220145414_page-0001-1-768x1086.jpg 768w, https:\/\/site.educa.madrid.org\/cp.losrosales.madrid\/\/wp-content\/uploads\/cp.losrosales.madrid\/2026\/02\/doc01840020260220145414_page-0001-1-1086x1536.jpg 1086w, https:\/\/site.educa.madrid.org\/cp.losrosales.madrid\/\/wp-content\/uploads\/cp.losrosales.madrid\/2026\/02\/doc01840020260220145414_page-0001-1.jpg 1240w\" sizes=\"auto, (max-width: 724px) 100vw, 724px\" \/><figcaption class=\"wp-element-caption\">INFORMACION-SERVICIO-DE-APOYO-A-LA-ESCOLARIZACION-MADRID-CAPITAL-4_page-0001<\/figcaption><\/figure>\n\n\n\n<div class=\"wp-block-file\"><a id=\"wp-block-file--media-d8a8658d-df73-4b75-98bb-bb2ee489da5b\" href=\"https:\/\/site.educa.madrid.org\/cp.losrosales.madrid\/\/wp-content\/uploads\/cp.losrosales.madrid\/2024\/02\/circular-familias-6o-admision-ESO-24-25.doc\">circular-familias-6o-admision-ESO-24-25<\/a><a href=\"https:\/\/site.educa.madrid.org\/cp.losrosales.madrid\/\/wp-content\/uploads\/cp.losrosales.madrid\/2024\/02\/circular-familias-6o-admision-ESO-24-25.doc\" class=\"wp-block-file__button wp-element-button\" download aria-describedby=\"wp-block-file--media-d8a8658d-df73-4b75-98bb-bb2ee489da5b\">Descarga<\/a><\/div>\n\n\n\n<h5 class=\"wp-block-heading has-white-color has-pale-cyan-blue-background-color has-text-color has-background has-large-font-size\">GUIA- PATRIA-POTESTAD-COMPARTIDA<\/h5>\n\n\n\n<div class=\"wp-block-file\"><a id=\"wp-block-file--media-ac7aa44e-e8d1-40a8-9c44-5c5bf7a974df\" href=\"https:\/\/site.educa.madrid.org\/cp.losrosales.madrid\/\/wp-content\/uploads\/cp.losrosales.madrid\/2022\/04\/GUIA_PATRIA-POTESTAD-COMPARTIDA-_2018-1-1.pdf\">GUIA_PATRIA-POTESTAD-COMPARTIDA-_2018-1-1<\/a><a href=\"https:\/\/site.educa.madrid.org\/cp.losrosales.madrid\/\/wp-content\/uploads\/cp.losrosales.madrid\/2022\/04\/GUIA_PATRIA-POTESTAD-COMPARTIDA-_2018-1-1.pdf\" class=\"wp-block-file__button wp-element-button\" download aria-describedby=\"wp-block-file--media-ac7aa44e-e8d1-40a8-9c44-5c5bf7a974df\">Descarga<\/a><\/div>\n\n\n\n<div data-wp-interactive=\"core\/file\" class=\"wp-block-file\"><object data-wp-bind--hidden=\"!state.hasPdfPreview\" hidden class=\"wp-block-file__embed\" data=\"https:\/\/site.educa.madrid.org\/cp.losrosales.madrid\/\/wp-content\/uploads\/cp.losrosales.madrid\/2024\/03\/GUIA_PATRIA-POTESTAD-COMPARTIDA-_2018-1-1.pdf\" type=\"application\/pdf\" style=\"width:100%;height:600px\" aria-label=\"Incrustado de GUIA_PATRIA-POTESTAD-COMPARTIDA-_2018-1-1.\"><\/object><a id=\"wp-block-file--media-69248f01-afe0-4ec6-a7e2-9cc551bea43c\" href=\"https:\/\/site.educa.madrid.org\/cp.losrosales.madrid\/\/wp-content\/uploads\/cp.losrosales.madrid\/2024\/03\/GUIA_PATRIA-POTESTAD-COMPARTIDA-_2018-1-1.pdf\">GUIA_PATRIA-POTESTAD-COMPARTIDA-_2018-1-1<\/a><a href=\"https:\/\/site.educa.madrid.org\/cp.losrosales.madrid\/\/wp-content\/uploads\/cp.losrosales.madrid\/2024\/03\/GUIA_PATRIA-POTESTAD-COMPARTIDA-_2018-1-1.pdf\" class=\"wp-block-file__button wp-element-button\" download aria-describedby=\"wp-block-file--media-69248f01-afe0-4ec6-a7e2-9cc551bea43c\">Descarga<\/a><\/div>\n","protected":false},"excerpt":{"rendered":"<p>PROCESO DE ADMISI\u00d3N CURSO 2026-27 VIDEO PROCESO DE ADMISI\u00d3N INSTRUCCIONES PROCESO DE ADMISI\u00d3N NORMATIVA NORMATIVA:https:\/\/www.bocm.es\/boletin\/CM_Orden_BOCM\/2025\/12\/09\/BOCM-20251209-19.PDF PUNTO ADICIONAL SECRETARIA VIRTUAL GUIA SECRETAR\u00cdA VIRTUAL https:\/\/site.educa.madrid.org\/cp.losrosales.madrid\/\/wp-content\/uploads\/cp.losrosales.madrid\/2024\/03\/Guia-Secretaria-Virtual-v3.0.pdf VACANTES CURSO 2026-2027 VACANTES RESULTADOS SORTEO P\u00daBLICO &#8230;<\/p>\n","protected":false},"author":3,"featured_media":0,"parent":0,"menu_order":0,"comment_status":"closed","ping_status":"closed","template":"","meta":{"footnotes":""},"folder":[],"class_list":["post-1260","page","type-page","status-publish","hentry"],"rttpg_featured_image_url":null,"rttpg_author":{"display_name":"cp.losrosales.madrid","author_link":"https:\/\/site.educa.madrid.org\/cp.losrosales.madrid\/index.php\/author\/cuenta_cp-losrosales-madrid\/"},"rttpg_comment":0,"rttpg_category":false,"rttpg_excerpt":"PROCESO DE ADMISI\u00d3N CURSO 2026-27 VIDEO PROCESO DE ADMISI\u00d3N INSTRUCCIONES PROCESO DE ADMISI\u00d3N NORMATIVA NORMATIVA:https:\/\/www.bocm.es\/boletin\/CM_Orden_BOCM\/2025\/12\/09\/BOCM-20251209-19.PDF PUNTO ADICIONAL SECRETARIA VIRTUAL GUIA SECRETAR\u00cdA VIRTUAL https:\/\/site.educa.madrid.org\/cp.losrosales.madrid\/\/wp-content\/uploads\/cp.losrosales.madrid\/2024\/03\/Guia-Secretaria-Virtual-v3.0.pdf VACANTES CURSO 2026-2027 VACANTES RESULTADOS SORTEO P\u00daBLICO ...","post_mailing_queue_ids":[],"_links":{"self":[{"href":"https:\/\/site.educa.madrid.org\/cp.losrosales.madrid\/index.php\/wp-json\/wp\/v2\/pages\/1260","targetHints":{"allow":["GET"]}}],"collection":[{"href":"https:\/\/site.educa.madrid.org\/cp.losrosales.madrid\/index.php\/wp-json\/wp\/v2\/pages"}],"about":[{"href":"https:\/\/site.educa.madrid.org\/cp.losrosales.madrid\/index.php\/wp-json\/wp\/v2\/types\/page"}],"author":[{"embeddable":true,"href":"https:\/\/site.educa.madrid.org\/cp.losrosales.madrid\/index.php\/wp-json\/wp\/v2\/users\/3"}],"replies":[{"embeddable":true,"href":"https:\/\/site.educa.madrid.org\/cp.losrosales.madrid\/index.php\/wp-json\/wp\/v2\/comments?post=1260"}],"version-history":[{"count":50,"href":"https:\/\/site.educa.madrid.org\/cp.losrosales.madrid\/index.php\/wp-json\/wp\/v2\/pages\/1260\/revisions"}],"predecessor-version":[{"id":7452,"href":"https:\/\/site.educa.madrid.org\/cp.losrosales.madrid\/index.php\/wp-json\/wp\/v2\/pages\/1260\/revisions\/7452"}],"wp:attachment":[{"href":"https:\/\/site.educa.madrid.org\/cp.losrosales.madrid\/index.php\/wp-json\/wp\/v2\/media?parent=1260"}],"wp:term":[{"taxonomy":"folder","embeddable":true,"href":"https:\/\/site.educa.madrid.org\/cp.losrosales.madrid\/index.php\/wp-json\/wp\/v2\/folder?post=1260"}],"curies":[{"name":"wp","href":"https:\/\/api.w.org\/{rel}","templated":true}]}}