{"id":128,"date":"2019-09-29T08:58:51","date_gmt":"2019-09-29T08:58:51","guid":{"rendered":"https:\/\/site.educa.madrid.org\/cp.losrosales.madrid\/?page_id=128"},"modified":"2024-06-28T11:07:45","modified_gmt":"2024-06-28T09:07:45","slug":"secretaria","status":"publish","type":"page","link":"https:\/\/site.educa.madrid.org\/cp.losrosales.madrid\/index.php\/secretaria\/","title":{"rendered":"Secretar\u00eda"},"content":{"rendered":"\n<p>E-MAIL DE SECRETAR\u00cdA:  secretaria.cp.losrosales.madrid@educa.madrid.org<\/p>\n\n\n\n<p>Horario secretar\u00eda: Lunes-Viernes de 9:00 a 11:00 horas previa cita.<\/p>\n\n\n\n<p>Horario jefatura de estudios y direcci\u00f3n: Jueves de 14:00 a 15:00 previa cita.<\/p>\n\n\n\n<h4 class=\"wp-block-heading\">PROGRAMA ACCEDE<\/h4>\n\n\n\n<div data-wp-interactive=\"core\/file\" class=\"wp-block-file\"><object data-wp-bind--hidden=\"!state.hasPdfPreview\" hidden class=\"wp-block-file__embed\" data=\"https:\/\/site.educa.madrid.org\/cp.losrosales.madrid\/\/wp-content\/uploads\/cp.losrosales.madrid\/2024\/06\/Instrucciones-Programa-Accede-Curso-24_25.pdf\" type=\"application\/pdf\" style=\"width:100%;height:600px\" aria-label=\"Incrustado de Instrucciones-Programa-Accede-Curso-24_25.\"><\/object><a id=\"wp-block-file--media-14f44c0f-c8a6-4beb-9f62-b1f608ef702f\" href=\"https:\/\/site.educa.madrid.org\/cp.losrosales.madrid\/\/wp-content\/uploads\/cp.losrosales.madrid\/2024\/06\/Instrucciones-Programa-Accede-Curso-24_25.pdf\">Instrucciones-Programa-Accede-Curso-24_25<\/a><a href=\"https:\/\/site.educa.madrid.org\/cp.losrosales.madrid\/\/wp-content\/uploads\/cp.losrosales.madrid\/2024\/06\/Instrucciones-Programa-Accede-Curso-24_25.pdf\" class=\"wp-block-file__button wp-element-button\" download aria-describedby=\"wp-block-file--media-14f44c0f-c8a6-4beb-9f62-b1f608ef702f\">Descarga<\/a><\/div>\n\n\n\n<h2 class=\"wp-block-heading\"><\/h2>\n\n\n\n<h2 class=\"wp-block-heading\">Documentos varios<\/h2>\n\n\n\n<p>Los alumnos que quieran cambiar de \u00e1reas: Religi\u00f3n Cat\u00f3lica\/Valores enviar\u00e1n el documento abajo publicado al email de secretaria al inicio de curso, antes del primer d\u00eda de clase.<\/p>\n\n\n\n<div class=\"wp-block-file\"><a id=\"wp-block-file--media-7a0952e0-0bc1-447c-b6d4-ee59ade01e96\" href=\"https:\/\/site.educa.madrid.org\/cp.losrosales.madrid\/\/wp-content\/uploads\/cp.losrosales.madrid\/2022\/09\/SOLICITUD-CAMBIO-VALORES-RELIGON-CATOLICA.pdf\">SOLICITUD-CAMBIO-VALORES-RELIGON-CATOLICA<\/a><a href=\"https:\/\/site.educa.madrid.org\/cp.losrosales.madrid\/\/wp-content\/uploads\/cp.losrosales.madrid\/2022\/09\/SOLICITUD-CAMBIO-VALORES-RELIGON-CATOLICA.pdf\" class=\"wp-block-file__button wp-element-button\" download aria-describedby=\"wp-block-file--media-7a0952e0-0bc1-447c-b6d4-ee59ade01e96\">Descarga<\/a><\/div>\n\n\n\n<p><\/p>\n\n\n\n<p>Los alumnos que hayan solicitado el traslado a otro centro deben cumplimentar el documento que se encuentra a continuaci\u00f3n y enviarlo al email de secretar\u00eda. <\/p>\n\n\n\n<div class=\"wp-block-file\"><a id=\"wp-block-file--media-cdab377e-9ca9-4297-86a2-3f2aa8caf5d6\" href=\"https:\/\/site.educa.madrid.org\/cp.losrosales.madrid\/\/wp-content\/uploads\/cp.losrosales.madrid\/2023\/06\/Solicitud-de-certificacion-para-el-traslado-a-otro-centro.pdf\">Solicitud-de-certificacion-para-el-traslado-a-otro-centro<\/a><a href=\"https:\/\/site.educa.madrid.org\/cp.losrosales.madrid\/\/wp-content\/uploads\/cp.losrosales.madrid\/2023\/06\/Solicitud-de-certificacion-para-el-traslado-a-otro-centro.pdf\" class=\"wp-block-file__button wp-element-button\" download aria-describedby=\"wp-block-file--media-cdab377e-9ca9-4297-86a2-3f2aa8caf5d6\">Descarga<\/a><\/div>\n\n\n\n<p><\/p>\n","protected":false},"excerpt":{"rendered":"<p>E-MAIL DE SECRETAR\u00cdA: secretaria.cp.losrosales.madrid@educa.madrid.org Horario secretar\u00eda: Lunes-Viernes de 9:00 a 11:00 horas previa cita. Horario jefatura de estudios y direcci\u00f3n: Jueves de 14:00 a 15:00 previa cita. PROGRAMA ACCEDE Documentos &#8230;<\/p>\n","protected":false},"author":3,"featured_media":0,"parent":0,"menu_order":0,"comment_status":"closed","ping_status":"closed","template":"","meta":{"footnotes":""},"folder":[],"class_list":["post-128","page","type-page","status-publish","hentry"],"rttpg_featured_image_url":null,"rttpg_author":{"display_name":"cp.losrosales.madrid","author_link":"https:\/\/site.educa.madrid.org\/cp.losrosales.madrid\/index.php\/author\/cuenta_cp-losrosales-madrid\/"},"rttpg_comment":0,"rttpg_category":false,"rttpg_excerpt":"E-MAIL DE SECRETAR\u00cdA: secretaria.cp.losrosales.madrid@educa.madrid.org Horario secretar\u00eda: Lunes-Viernes de 9:00 a 11:00 horas previa cita. Horario jefatura de estudios y direcci\u00f3n: Jueves de 14:00 a 15:00 previa cita. PROGRAMA ACCEDE Documentos ...","post_mailing_queue_ids":[],"_links":{"self":[{"href":"https:\/\/site.educa.madrid.org\/cp.losrosales.madrid\/index.php\/wp-json\/wp\/v2\/pages\/128","targetHints":{"allow":["GET"]}}],"collection":[{"href":"https:\/\/site.educa.madrid.org\/cp.losrosales.madrid\/index.php\/wp-json\/wp\/v2\/pages"}],"about":[{"href":"https:\/\/site.educa.madrid.org\/cp.losrosales.madrid\/index.php\/wp-json\/wp\/v2\/types\/page"}],"author":[{"embeddable":true,"href":"https:\/\/site.educa.madrid.org\/cp.losrosales.madrid\/index.php\/wp-json\/wp\/v2\/users\/3"}],"replies":[{"embeddable":true,"href":"https:\/\/site.educa.madrid.org\/cp.losrosales.madrid\/index.php\/wp-json\/wp\/v2\/comments?post=128"}],"version-history":[{"count":47,"href":"https:\/\/site.educa.madrid.org\/cp.losrosales.madrid\/index.php\/wp-json\/wp\/v2\/pages\/128\/revisions"}],"predecessor-version":[{"id":6447,"href":"https:\/\/site.educa.madrid.org\/cp.losrosales.madrid\/index.php\/wp-json\/wp\/v2\/pages\/128\/revisions\/6447"}],"wp:attachment":[{"href":"https:\/\/site.educa.madrid.org\/cp.losrosales.madrid\/index.php\/wp-json\/wp\/v2\/media?parent=128"}],"wp:term":[{"taxonomy":"folder","embeddable":true,"href":"https:\/\/site.educa.madrid.org\/cp.losrosales.madrid\/index.php\/wp-json\/wp\/v2\/folder?post=128"}],"curies":[{"name":"wp","href":"https:\/\/api.w.org\/{rel}","templated":true}]}}