{"id":3372,"date":"2022-01-19T13:36:17","date_gmt":"2022-01-19T12:36:17","guid":{"rendered":"https:\/\/site.educa.madrid.org\/cp.losrosales.madrid\/?page_id=3372"},"modified":"2022-11-08T10:43:03","modified_gmt":"2022-11-08T09:43:03","slug":"consejo-escolar","status":"publish","type":"page","link":"https:\/\/site.educa.madrid.org\/cp.losrosales.madrid\/index.php\/consejo-escolar\/","title":{"rendered":"CONSEJO ESCOLAR"},"content":{"rendered":"\n<div class=\"wp-block-image\"><figure class=\"aligncenter size-large\"><img loading=\"lazy\" decoding=\"async\" width=\"200\" height=\"232\" src=\"https:\/\/site.educa.madrid.org\/cp.losrosales.madrid\/\/wp-content\/uploads\/cp.losrosales.madrid\/2022\/01\/CONSEJO-ESCOLAR.jpg\" alt=\"\" class=\"wp-image-3379\"\/><\/figure><\/div>\n\n\n\n<p>Es el \u00f3rgano representativo de los diferentes sectores de la comunidad educativa. Su estructura y funcionamiento se inspira en una concepci\u00f3n participativa en la vida escolar tanto en su organizaci\u00f3n como en su funcionamiento atendiendo a los principios democr\u00e1ticos de convivencia.<\/p>\n\n\n\n<p>Su composici\u00f3n, elecci\u00f3n de componentes, nombramiento y competencias, est\u00e1n regulados por el Real Decreto 82\/1.996, de 26 de Enero, por el que se aprueba el Reglamento Org\u00e1nico de las Escuelas de E. Infantil y de los Colegios de E. Primaria (B.O.E. de 20 de febrero).<\/p>\n\n\n\n<p>La composici\u00f3n de nuestro Consejo Escolar es la siguiente:<\/p>\n\n\n\n<p>Los miembros del Equipo Directivo<\/p>\n\n\n\n<p><strong>5 Maestros\/as<\/strong><\/p>\n\n\n\n<p><strong>5 Padres\/madres\/tutores legales (uno nombrado por la<\/strong> <strong>AMPA<\/strong>)<\/p>\n\n\n\n<p><strong>1 representante de Administraci\u00f3n y Servicios<\/strong><\/p>\n\n\n\n<p><strong>1 Representante del Ayuntamiento de Villaverde<\/strong><\/p>\n\n\n\n<h2 class=\"wp-block-heading\">RENOVACI\u00d3N CONSEJO ESCOLAR CURSO 22-23<\/h2>\n\n\n\n<p>Calendario renovaci\u00f3n de los miembros de consejo escolar.<\/p>\n\n\n\n<div class=\"wp-block-file\"><a id=\"wp-block-file--media-dfb5d11a-f3c7-46be-aff0-677791cbc5dc\" href=\"https:\/\/site.educa.madrid.org\/cp.losrosales.madrid\/\/wp-content\/uploads\/cp.losrosales.madrid\/2022\/11\/CIRCULAR-INFORMATIVA-padres-2022-23-2.pdf\">CIRCULAR-INFORMATIVA-padres-2022-23-2<\/a><a href=\"https:\/\/site.educa.madrid.org\/cp.losrosales.madrid\/\/wp-content\/uploads\/cp.losrosales.madrid\/2022\/11\/CIRCULAR-INFORMATIVA-padres-2022-23-2.pdf\" class=\"wp-block-file__button\" download aria-describedby=\"wp-block-file--media-dfb5d11a-f3c7-46be-aff0-677791cbc5dc\">Descarga<\/a><\/div>\n\n\n\n<div class=\"wp-block-file\"><a id=\"wp-block-file--media-95d3c9b2-e473-4ea3-8fe5-926253f3ed3e\" href=\"https:\/\/site.educa.madrid.org\/cp.losrosales.madrid\/\/wp-content\/uploads\/cp.losrosales.madrid\/2022\/10\/DOCUMENTO-CANDIDATURA.pdf\">DOCUMENTO-CANDIDATURA<\/a><a href=\"https:\/\/site.educa.madrid.org\/cp.losrosales.madrid\/\/wp-content\/uploads\/cp.losrosales.madrid\/2022\/10\/DOCUMENTO-CANDIDATURA.pdf\" class=\"wp-block-file__button\" download aria-describedby=\"wp-block-file--media-95d3c9b2-e473-4ea3-8fe5-926253f3ed3e\">Descarga<\/a><\/div>\n","protected":false},"excerpt":{"rendered":"<p>Es el \u00f3rgano representativo de los diferentes sectores de la comunidad educativa. Su estructura y funcionamiento se inspira en una concepci\u00f3n participativa en la vida escolar tanto en su organizaci\u00f3n &#8230;<\/p>\n","protected":false},"author":3,"featured_media":0,"parent":0,"menu_order":0,"comment_status":"closed","ping_status":"closed","template":"","meta":{"footnotes":""},"folder":[],"class_list":["post-3372","page","type-page","status-publish","hentry"],"rttpg_featured_image_url":null,"rttpg_author":{"display_name":"cp.losrosales.madrid","author_link":"https:\/\/site.educa.madrid.org\/cp.losrosales.madrid\/index.php\/author\/cuenta_cp-losrosales-madrid\/"},"rttpg_comment":0,"rttpg_category":false,"rttpg_excerpt":"Es el \u00f3rgano representativo de los diferentes sectores de la comunidad educativa. Su estructura y funcionamiento se inspira en una concepci\u00f3n participativa en la vida escolar tanto en su organizaci\u00f3n ...","post_mailing_queue_ids":[],"_links":{"self":[{"href":"https:\/\/site.educa.madrid.org\/cp.losrosales.madrid\/index.php\/wp-json\/wp\/v2\/pages\/3372","targetHints":{"allow":["GET"]}}],"collection":[{"href":"https:\/\/site.educa.madrid.org\/cp.losrosales.madrid\/index.php\/wp-json\/wp\/v2\/pages"}],"about":[{"href":"https:\/\/site.educa.madrid.org\/cp.losrosales.madrid\/index.php\/wp-json\/wp\/v2\/types\/page"}],"author":[{"embeddable":true,"href":"https:\/\/site.educa.madrid.org\/cp.losrosales.madrid\/index.php\/wp-json\/wp\/v2\/users\/3"}],"replies":[{"embeddable":true,"href":"https:\/\/site.educa.madrid.org\/cp.losrosales.madrid\/index.php\/wp-json\/wp\/v2\/comments?post=3372"}],"version-history":[{"count":10,"href":"https:\/\/site.educa.madrid.org\/cp.losrosales.madrid\/index.php\/wp-json\/wp\/v2\/pages\/3372\/revisions"}],"predecessor-version":[{"id":4517,"href":"https:\/\/site.educa.madrid.org\/cp.losrosales.madrid\/index.php\/wp-json\/wp\/v2\/pages\/3372\/revisions\/4517"}],"wp:attachment":[{"href":"https:\/\/site.educa.madrid.org\/cp.losrosales.madrid\/index.php\/wp-json\/wp\/v2\/media?parent=3372"}],"wp:term":[{"taxonomy":"folder","embeddable":true,"href":"https:\/\/site.educa.madrid.org\/cp.losrosales.madrid\/index.php\/wp-json\/wp\/v2\/folder?post=3372"}],"curies":[{"name":"wp","href":"https:\/\/api.w.org\/{rel}","templated":true}]}}