{"id":4482,"date":"2025-09-30T09:51:40","date_gmt":"2025-09-30T07:51:40","guid":{"rendered":"https:\/\/site.educa.madrid.org\/cp.luisvives.parla\/?page_id=4482"},"modified":"2026-09-04T09:21:28","modified_gmt":"2026-09-04T07:21:28","slug":"extraescolares-2","status":"publish","type":"page","link":"https:\/\/site.educa.madrid.org\/cp.luisvives.parla\/index.php\/extraescolares-2\/","title":{"rendered":"EXTRAESCOLARES"},"content":{"rendered":"\n<p class=\"has-large-font-size\"><strong><mark style=\"background-color:rgba(0, 0, 0, 0)\" class=\"has-inline-color has-luminous-vivid-orange-color\">EXTRAESCOLARES<\/mark><\/strong><\/p>\n\n\n\n<p>Desde el AFA del CEIP Luis Vives se organiza y coordina la oferta de actividades extraescolares. Los socios del AFA disfrutan de un descuento de 3 \u20ac en las siguientes actividades: patinaje, gimnasia r\u00edtmica, mini chef, refuerzo de ingl\u00e9s, f\u00fatbol y voleibol. <\/p>\n\n\n\n<p>En el documento adjunto podr\u00e1n consultar la informaci\u00f3n detallada sobre cada actividad, incluyendo horarios y datos de contacto.<\/p>\n\n\n\n<figure class=\"wp-block-image alignwide size-large\"><a href=\"https:\/\/ampadigital.es\/web-luis-vives-parla\" target=\"_blank\" rel=\" noreferrer noopener\"><img loading=\"lazy\" decoding=\"async\" width=\"1024\" height=\"446\" src=\"https:\/\/site.educa.madrid.org\/cp.luisvives.parla\/\/wp-content\/uploads\/cp.luisvives.parla\/2026\/09\/Captura-de-pantalla-2026-09-04-092014-1024x446.png\" alt=\"\" class=\"wp-image-5135\" srcset=\"https:\/\/site.educa.madrid.org\/cp.luisvives.parla\/\/wp-content\/uploads\/cp.luisvives.parla\/2026\/09\/Captura-de-pantalla-2026-09-04-092014-1024x446.png 1024w, https:\/\/site.educa.madrid.org\/cp.luisvives.parla\/\/wp-content\/uploads\/cp.luisvives.parla\/2026\/09\/Captura-de-pantalla-2026-09-04-092014-300x131.png 300w, https:\/\/site.educa.madrid.org\/cp.luisvives.parla\/\/wp-content\/uploads\/cp.luisvives.parla\/2026\/09\/Captura-de-pantalla-2026-09-04-092014-768x334.png 768w, https:\/\/site.educa.madrid.org\/cp.luisvives.parla\/\/wp-content\/uploads\/cp.luisvives.parla\/2026\/09\/Captura-de-pantalla-2026-09-04-092014-1536x669.png 1536w, https:\/\/site.educa.madrid.org\/cp.luisvives.parla\/\/wp-content\/uploads\/cp.luisvives.parla\/2026\/09\/Captura-de-pantalla-2026-09-04-092014.png 1902w\" sizes=\"auto, (max-width: 1024px) 100vw, 1024px\" \/><\/a><\/figure>\n\n\n\n<p><\/p>\n","protected":false},"excerpt":{"rendered":"<p>EXTRAESCOLARES Desde el AFA del CEIP Luis Vives se organiza y coordina la oferta de actividades extraescolares. Los socios del AFA disfrutan de un descuento de 3 \u20ac en las &#8230;<\/p>\n","protected":false},"author":2,"featured_media":0,"parent":0,"menu_order":0,"comment_status":"closed","ping_status":"closed","template":"template-fullwidth.php","meta":{"footnotes":""},"folder":[],"class_list":["post-4482","page","type-page","status-publish","hentry"],"rttpg_featured_image_url":null,"rttpg_author":{"display_name":"tic.cp.luisvives.parla","author_link":"https:\/\/site.educa.madrid.org\/cp.luisvives.parla\/index.php\/author\/cuenta_tic-cp-luisvives-parla\/"},"rttpg_comment":0,"rttpg_category":false,"rttpg_excerpt":"EXTRAESCOLARES Desde el AFA del CEIP Luis Vives se organiza y coordina la oferta de actividades extraescolares. Los socios del AFA disfrutan de un descuento de 3 \u20ac en las ...","post_mailing_queue_ids":[],"_links":{"self":[{"href":"https:\/\/site.educa.madrid.org\/cp.luisvives.parla\/index.php\/wp-json\/wp\/v2\/pages\/4482","targetHints":{"allow":["GET"]}}],"collection":[{"href":"https:\/\/site.educa.madrid.org\/cp.luisvives.parla\/index.php\/wp-json\/wp\/v2\/pages"}],"about":[{"href":"https:\/\/site.educa.madrid.org\/cp.luisvives.parla\/index.php\/wp-json\/wp\/v2\/types\/page"}],"author":[{"embeddable":true,"href":"https:\/\/site.educa.madrid.org\/cp.luisvives.parla\/index.php\/wp-json\/wp\/v2\/users\/2"}],"replies":[{"embeddable":true,"href":"https:\/\/site.educa.madrid.org\/cp.luisvives.parla\/index.php\/wp-json\/wp\/v2\/comments?post=4482"}],"version-history":[{"count":8,"href":"https:\/\/site.educa.madrid.org\/cp.luisvives.parla\/index.php\/wp-json\/wp\/v2\/pages\/4482\/revisions"}],"predecessor-version":[{"id":5136,"href":"https:\/\/site.educa.madrid.org\/cp.luisvives.parla\/index.php\/wp-json\/wp\/v2\/pages\/4482\/revisions\/5136"}],"wp:attachment":[{"href":"https:\/\/site.educa.madrid.org\/cp.luisvives.parla\/index.php\/wp-json\/wp\/v2\/media?parent=4482"}],"wp:term":[{"taxonomy":"folder","embeddable":true,"href":"https:\/\/site.educa.madrid.org\/cp.luisvives.parla\/index.php\/wp-json\/wp\/v2\/folder?post=4482"}],"curies":[{"name":"wp","href":"https:\/\/api.w.org\/{rel}","templated":true}]}}

<p class="has-large-font-size"><strong><mark style="background-color:rgba(0, 0, 0, 0)" class="has-inline-color has-luminous-vivid-orange-color">EXTRAESCOLARES</mark></strong></p>



<p>Desde el AFA del CEIP Luis Vives se organiza y coordina la oferta de actividades extraescolares. Los socios del AFA disfrutan de un descuento de 3 € en las siguientes actividades: patinaje, gimnasia rítmica, mini chef, refuerzo de inglés, fútbol y voleibol. </p>



<p>En el documento adjunto podrán consultar la información detallada sobre cada actividad, incluyendo horarios y datos de contacto.</p>



<figure class="wp-block-image alignwide size-large"><a href="https://ampadigital.es/web-luis-vives-parla" target="_blank" rel=" noreferrer noopener"><img loading="lazy" decoding="async" width="1024" height="446" src="https://site.educa.madrid.org/cp.luisvives.parla//wp-content/uploads/cp.luisvives.parla/2026/09/Captura-de-pantalla-2026-09-04-092014-1024x446.png" alt="" class="wp-image-5135" srcset="https://site.educa.madrid.org/cp.luisvives.parla//wp-content/uploads/cp.luisvives.parla/2026/09/Captura-de-pantalla-2026-09-04-092014-1024x446.png 1024w, https://site.educa.madrid.org/cp.luisvives.parla//wp-content/uploads/cp.luisvives.parla/2026/09/Captura-de-pantalla-2026-09-04-092014-300x131.png 300w, https://site.educa.madrid.org/cp.luisvives.parla//wp-content/uploads/cp.luisvives.parla/2026/09/Captura-de-pantalla-2026-09-04-092014-768x334.png 768w, https://site.educa.madrid.org/cp.luisvives.parla//wp-content/uploads/cp.luisvives.parla/2026/09/Captura-de-pantalla-2026-09-04-092014-1536x669.png 1536w, https://site.educa.madrid.org/cp.luisvives.parla//wp-content/uploads/cp.luisvives.parla/2026/09/Captura-de-pantalla-2026-09-04-092014.png 1902w" sizes="auto, (max-width: 1024px) 100vw, 1024px" /></a></figure>



<p></p>
