{"id":1687,"date":"2023-10-02T11:10:45","date_gmt":"2023-10-02T09:10:45","guid":{"rendered":"https:\/\/site.educa.madrid.org\/cp.manuelvazquezmontalban.leganes\/?page_id=1687"},"modified":"2025-03-25T12:37:27","modified_gmt":"2025-03-25T11:37:27","slug":"digicraft","status":"publish","type":"page","link":"https:\/\/site.educa.madrid.org\/cp.manuelvazquezmontalban.leganes\/index.php\/digicraft\/","title":{"rendered":"Digicraft"},"content":{"rendered":"\n<figure class=\"wp-block-gallery aligncenter has-nested-images columns-default is-cropped wp-block-gallery-1 is-layout-flex wp-block-gallery-is-layout-flex\">\n<figure class=\"wp-block-image size-large\"><img loading=\"lazy\" decoding=\"async\" width=\"1024\" height=\"1024\" data-id=\"2811\" src=\"https:\/\/site.educa.madrid.org\/cp.manuelvazquezmontalban.leganes\/\/wp-content\/uploads\/cp.manuelvazquezmontalban.leganes\/2025\/03\/7-1024x1024.jpg\" alt=\"\" class=\"wp-image-2811\" srcset=\"https:\/\/site.educa.madrid.org\/cp.manuelvazquezmontalban.leganes\/\/wp-content\/uploads\/cp.manuelvazquezmontalban.leganes\/2025\/03\/7-1024x1024.jpg 1024w, https:\/\/site.educa.madrid.org\/cp.manuelvazquezmontalban.leganes\/\/wp-content\/uploads\/cp.manuelvazquezmontalban.leganes\/2025\/03\/7-300x300.jpg 300w, https:\/\/site.educa.madrid.org\/cp.manuelvazquezmontalban.leganes\/\/wp-content\/uploads\/cp.manuelvazquezmontalban.leganes\/2025\/03\/7-150x150.jpg 150w, https:\/\/site.educa.madrid.org\/cp.manuelvazquezmontalban.leganes\/\/wp-content\/uploads\/cp.manuelvazquezmontalban.leganes\/2025\/03\/7-768x768.jpg 768w, https:\/\/site.educa.madrid.org\/cp.manuelvazquezmontalban.leganes\/\/wp-content\/uploads\/cp.manuelvazquezmontalban.leganes\/2025\/03\/7-500x500.jpg 500w, https:\/\/site.educa.madrid.org\/cp.manuelvazquezmontalban.leganes\/\/wp-content\/uploads\/cp.manuelvazquezmontalban.leganes\/2025\/03\/7-400x400.jpg 400w, https:\/\/site.educa.madrid.org\/cp.manuelvazquezmontalban.leganes\/\/wp-content\/uploads\/cp.manuelvazquezmontalban.leganes\/2025\/03\/7-100x100.jpg 100w, https:\/\/site.educa.madrid.org\/cp.manuelvazquezmontalban.leganes\/\/wp-content\/uploads\/cp.manuelvazquezmontalban.leganes\/2025\/03\/7.jpg 1181w\" sizes=\"auto, (max-width: 1024px) 100vw, 1024px\" \/><\/figure>\n<\/figure>\n\n\n\n<blockquote class=\"wp-block-quote is-layout-flow wp-block-quote-is-layout-flow\">\n<p>Cu\u00e9ntamelo y lo olvidar\u00e9. Ens\u00e9\u00f1amelo y quiz\u00e1s lo recordar\u00e9. Hazme part\u00edcipe y lo aprender\u00e9.<\/p>\n<cite>Benjamin Franklin.<\/cite><\/blockquote>\n\n\n\n<h1 class=\"wp-block-heading has-text-align-center p1\"><strong>Descubriendo el futuro con DigiCraft<\/strong><\/h1>\n\n\n\n<p class=\"p3\">En nuestro centro escolar apostamos por la innovaci\u00f3n educativa y el desarrollo de competencias digitales desde edades tempranas. Por eso, <strong>desde hace tres a\u00f1os<\/strong>, participamos en el programa DigiCraft, una iniciativa de la Fundaci\u00f3n Vodafone que acerca la tecnolog\u00eda, la programaci\u00f3n y la rob\u00f3tica al aula de una forma creativa y divertida.<\/p>\n\n\n\n<h2 class=\"wp-block-heading has-text-align-center p4\"><strong>\u00bfEn qu\u00e9 consiste DigiCraft?<\/strong><\/h2>\n\n\n\n<p class=\"p3\">DigiCraft es un programa educativo dise\u00f1ado para que el alumnado desarrolle habilidades digitales esenciales a trav\u00e9s de un enfoque pr\u00e1ctico y basado en el juego. Lo hacemos desde un \u00e1rea tan inspiradora como la educaci\u00f3n art\u00edstica, donde la tecnolog\u00eda se convierte en una herramienta para crear, imaginar y dar forma a nuevas ideas.<\/p>\n\n\n\n<p class=\"p3\">Mediante talleres din\u00e1micos y materiales innovadores, los ni\u00f1os y ni\u00f1as aprenden a:<\/p>\n\n\n\n<p class=\"p3\">\u2705 Programar y dise\u00f1ar con herramientas digitales.<\/p>\n\n\n\n<p class=\"p3\">\u2705 Construir y manejar robots de manera intuitiva.<\/p>\n\n\n\n<p class=\"p3\">\u2705 Resolver problemas y trabajar en equipo.<\/p>\n\n\n\n<p class=\"p3\">\u2705 Fomentar la creatividad aplicando la tecnolog\u00eda al arte.<\/p>\n\n\n\n<h2 class=\"wp-block-heading p4\">M\u00e1s que tecnolog\u00eda: una experiencia transformadora<\/h2>\n\n\n\n<p class=\"p3\">DigiCraft no solo prepara a nuestro alumnado para el mundo digital, sino que tambi\u00e9n refuerza competencias clave como el pensamiento cr\u00edtico, la comunicaci\u00f3n y la colaboraci\u00f3n. Adem\u00e1s, la metodolog\u00eda utilizada est\u00e1 dise\u00f1ada para motivar y emocionar, haciendo que el aprendizaje se convierta en una aventura.<\/p>\n\n\n\n<p class=\"p3\">Gracias a este proyecto, nuestros estudiantes no solo consumen tecnolog\u00eda, \u00a1sino que la crean! Porque el futuro se dise\u00f1a desde hoy, y en nuestro centro estamos preparados para ello.<\/p>\n\n\n\n<p class=\"p3\"><\/p>\n\n\n\n<figure class=\"wp-block-embed is-type-video is-provider-youtube wp-block-embed-youtube wp-embed-aspect-16-9 wp-has-aspect-ratio\"><div class=\"wp-block-embed__wrapper\">\n<iframe loading=\"lazy\" title=\"DigiCraft: Primer A\u00f1o\" width=\"640\" height=\"360\" src=\"https:\/\/www.youtube.com\/embed\/c05S2b3ggTA?feature=oembed\" frameborder=\"0\" allow=\"accelerometer; autoplay; clipboard-write; encrypted-media; gyroscope; picture-in-picture; web-share\" referrerpolicy=\"strict-origin-when-cross-origin\" allowfullscreen><\/iframe>\n<\/div><\/figure>\n\n\n\n<div class=\"wp-block-media-text alignwide is-stacked-on-mobile\"><figure class=\"wp-block-media-text__media\"><img loading=\"lazy\" decoding=\"async\" width=\"1024\" height=\"480\" src=\"https:\/\/site.educa.madrid.org\/cp.manuelvazquezmontalban.leganes\/\/wp-content\/uploads\/cp.manuelvazquezmontalban.leganes\/2023\/10\/image-1024x480.png\" alt=\"\" class=\"wp-image-1694 size-full\" srcset=\"https:\/\/site.educa.madrid.org\/cp.manuelvazquezmontalban.leganes\/\/wp-content\/uploads\/cp.manuelvazquezmontalban.leganes\/2023\/10\/image-1024x480.png 1024w, https:\/\/site.educa.madrid.org\/cp.manuelvazquezmontalban.leganes\/\/wp-content\/uploads\/cp.manuelvazquezmontalban.leganes\/2023\/10\/image-300x141.png 300w, https:\/\/site.educa.madrid.org\/cp.manuelvazquezmontalban.leganes\/\/wp-content\/uploads\/cp.manuelvazquezmontalban.leganes\/2023\/10\/image-768x360.png 768w, https:\/\/site.educa.madrid.org\/cp.manuelvazquezmontalban.leganes\/\/wp-content\/uploads\/cp.manuelvazquezmontalban.leganes\/2023\/10\/image-1536x720.png 1536w, https:\/\/site.educa.madrid.org\/cp.manuelvazquezmontalban.leganes\/\/wp-content\/uploads\/cp.manuelvazquezmontalban.leganes\/2023\/10\/image-2048x960.png 2048w\" sizes=\"auto, (max-width: 1024px) 100vw, 1024px\" \/><\/figure><div class=\"wp-block-media-text__content\">\n<p>Las familias tambi\u00e9n pod\u00e9is participar con actividades desde casa.<\/p>\n\n\n\n<p>Os ponemos un enlace donde las pod\u00e9is encontrar.<\/p>\n\n\n\n<div class=\"wp-block-buttons is-layout-flex wp-block-buttons-is-layout-flex\">\n<div class=\"wp-block-button\"><a class=\"wp-block-button__link wp-element-button\" href=\"https:\/\/digicraft.fundacionvodafone.es\/familias\/actividades\" target=\"_blank\" rel=\"noreferrer noopener\">Actividades familias<\/a><\/div>\n<\/div>\n<\/div><\/div>\n","protected":false},"excerpt":{"rendered":"<p>Cu\u00e9ntamelo y lo olvidar\u00e9. Ens\u00e9\u00f1amelo y quiz\u00e1s lo recordar\u00e9. Hazme part\u00edcipe y lo aprender\u00e9. Benjamin Franklin. Descubriendo el futuro con DigiCraft En nuestro centro escolar apostamos por la innovaci\u00f3n educativa y el desarrollo de competencias digitales desde edades tempranas. Por eso, desde hace tres a\u00f1os, participamos en el programa DigiCraft, una iniciativa de la Fundaci\u00f3n [&hellip;]<\/p>\n","protected":false},"author":1,"featured_media":0,"parent":0,"menu_order":0,"comment_status":"closed","ping_status":"closed","template":"","meta":{"footnotes":""},"folder":[],"class_list":["post-1687","page","type-page","status-publish","hentry"],"rttpg_featured_image_url":null,"rttpg_author":{"display_name":"jirafa20","author_link":"https:\/\/site.educa.madrid.org\/cp.manuelvazquezmontalban.leganes\/index.php\/author\/educa\/"},"rttpg_comment":0,"rttpg_category":false,"rttpg_excerpt":"Cu\u00e9ntamelo y lo olvidar\u00e9. Ens\u00e9\u00f1amelo y quiz\u00e1s lo recordar\u00e9. Hazme part\u00edcipe y lo aprender\u00e9. Benjamin Franklin. Descubriendo el futuro con DigiCraft En nuestro centro escolar apostamos por la innovaci\u00f3n educativa y el desarrollo de competencias digitales desde edades tempranas. Por eso, desde hace tres a\u00f1os, participamos en el programa DigiCraft, una iniciativa de la Fundaci\u00f3n&hellip;","post_mailing_queue_ids":[],"_links":{"self":[{"href":"https:\/\/site.educa.madrid.org\/cp.manuelvazquezmontalban.leganes\/index.php\/wp-json\/wp\/v2\/pages\/1687","targetHints":{"allow":["GET"]}}],"collection":[{"href":"https:\/\/site.educa.madrid.org\/cp.manuelvazquezmontalban.leganes\/index.php\/wp-json\/wp\/v2\/pages"}],"about":[{"href":"https:\/\/site.educa.madrid.org\/cp.manuelvazquezmontalban.leganes\/index.php\/wp-json\/wp\/v2\/types\/page"}],"author":[{"embeddable":true,"href":"https:\/\/site.educa.madrid.org\/cp.manuelvazquezmontalban.leganes\/index.php\/wp-json\/wp\/v2\/users\/1"}],"replies":[{"embeddable":true,"href":"https:\/\/site.educa.madrid.org\/cp.manuelvazquezmontalban.leganes\/index.php\/wp-json\/wp\/v2\/comments?post=1687"}],"version-history":[{"count":14,"href":"https:\/\/site.educa.madrid.org\/cp.manuelvazquezmontalban.leganes\/index.php\/wp-json\/wp\/v2\/pages\/1687\/revisions"}],"predecessor-version":[{"id":2833,"href":"https:\/\/site.educa.madrid.org\/cp.manuelvazquezmontalban.leganes\/index.php\/wp-json\/wp\/v2\/pages\/1687\/revisions\/2833"}],"wp:attachment":[{"href":"https:\/\/site.educa.madrid.org\/cp.manuelvazquezmontalban.leganes\/index.php\/wp-json\/wp\/v2\/media?parent=1687"}],"wp:term":[{"taxonomy":"folder","embeddable":true,"href":"https:\/\/site.educa.madrid.org\/cp.manuelvazquezmontalban.leganes\/index.php\/wp-json\/wp\/v2\/folder?post=1687"}],"curies":[{"name":"wp","href":"https:\/\/api.w.org\/{rel}","templated":true}]}}