{"id":284,"date":"2025-06-24T11:49:16","date_gmt":"2025-06-24T09:49:16","guid":{"rendered":"https:\/\/site.educa.madrid.org\/cp.manuelvazquezmontalban.leganes\/?page_id=284"},"modified":"2026-04-17T11:36:05","modified_gmt":"2026-04-17T09:36:05","slug":"comedor","status":"publish","type":"page","link":"https:\/\/site.educa.madrid.org\/cp.manuelvazquezmontalban.leganes\/index.php\/servicios\/comedor\/","title":{"rendered":"Comedor"},"content":{"rendered":"\n<h1 class=\"wp-block-heading has-text-align-center\"><\/h1>\n\n\n\n<p style=\"font-size:clamp(14px, 0.875rem + ((1vw - 3.2px) * 0.682), 20px);font-style:normal;font-weight:400;letter-spacing:1.5px\">El comedor es un servicio complementario que pretende satisfacer una demanda social, la formaci\u00f3n de buenos h\u00e1bitos alimenticios y un adecuado comportamiento.<\/p>\n\n\n\n<div class=\"wp-block-media-text is-stacked-on-mobile is-image-fill-element\" style=\"grid-template-columns:55% auto\"><figure class=\"wp-block-media-text__media\"><img loading=\"lazy\" decoding=\"async\" width=\"300\" height=\"225\" src=\"https:\/\/site.educa.madrid.org\/cp.manuelvazquezmontalban.leganes\/\/wp-content\/uploads\/cp.manuelvazquezmontalban.leganes\/2022\/06\/Comedor-300x225.jpg\" alt=\"\" class=\"wp-image-645 size-medium\" style=\"object-position:50% 50%\" srcset=\"https:\/\/site.educa.madrid.org\/cp.manuelvazquezmontalban.leganes\/\/wp-content\/uploads\/cp.manuelvazquezmontalban.leganes\/2022\/06\/Comedor-300x225.jpg 300w, https:\/\/site.educa.madrid.org\/cp.manuelvazquezmontalban.leganes\/\/wp-content\/uploads\/cp.manuelvazquezmontalban.leganes\/2022\/06\/Comedor-1024x768.jpg 1024w, https:\/\/site.educa.madrid.org\/cp.manuelvazquezmontalban.leganes\/\/wp-content\/uploads\/cp.manuelvazquezmontalban.leganes\/2022\/06\/Comedor-768x576.jpg 768w, https:\/\/site.educa.madrid.org\/cp.manuelvazquezmontalban.leganes\/\/wp-content\/uploads\/cp.manuelvazquezmontalban.leganes\/2022\/06\/Comedor-1536x1152.jpg 1536w, https:\/\/site.educa.madrid.org\/cp.manuelvazquezmontalban.leganes\/\/wp-content\/uploads\/cp.manuelvazquezmontalban.leganes\/2022\/06\/Comedor.jpg 1600w\" sizes=\"auto, (max-width: 300px) 100vw, 300px\" \/><\/figure><div class=\"wp-block-media-text__content\">\n<blockquote class=\"wp-block-quote is-layout-flow wp-block-quote-is-layout-flow\">\n<p style=\"font-size:10px\">Nuestro comedor se caracteriza por un amplio servicio a m\u00e1s de 300 alumnos con cocina propia.<\/p>\n\n\n\n<p style=\"font-size:10px\">Diferentes men\u00fas para nuestro alumnado.<\/p>\n\n\n\n<p style=\"font-size:10px\">Gran aceptaci\u00f3n por la calidad del servicio entre las familias.<\/p>\n<\/blockquote>\n<\/div><\/div>\n\n\n\n<p style=\"font-size:clamp(14px, 0.875rem + ((1vw - 3.2px) * 0.682), 20px);font-style:normal;font-weight:400;letter-spacing:1.5px\"><a href=\"https:\/\/comaibel.com\/\" target=\"_blank\" rel=\"noreferrer noopener\">COMAIBEL<\/a>&nbsp;es actualmente la empresa contratada para desarrollar este servicio, que abarca la hora de comida y el tiempo de patio. El equipo lo forman: un cocinero, dos ayudantes de cocina, 22 monitoras y una coordinadora de las mismas.<\/p>\n\n\n\n<p style=\"font-size:clamp(14px, 0.875rem + ((1vw - 3.2px) * 0.682), 20px);font-style:normal;font-weight:400;letter-spacing:1.5px\">El servicio se dar\u00e1 desde el primer hasta el \u00faltimo d\u00eda lectivo.<\/p>\n\n\n\n<div style=\"height:70px\" aria-hidden=\"true\" class=\"wp-block-spacer\"><\/div>\n\n\n\n<div class=\"wp-block-buttons alignwide has-custom-font-size has-medium-font-size is-content-justification-center is-layout-flex wp-container-core-buttons-is-layout-a89b3969 wp-block-buttons-is-layout-flex\" style=\"font-style:normal;font-weight:400;line-height:1.5;text-transform:uppercase\">\n<div class=\"wp-block-button has-custom-width wp-block-button__width-75 is-style-fill\"><a class=\"wp-block-button__link has-white-color has-vivid-cyan-blue-background-color has-text-color has-background has-link-color has-medium-font-size has-custom-font-size wp-element-button\" style=\"border-radius:0px;padding-top:var(--wp--preset--spacing--40);padding-right:var(--wp--preset--spacing--20);padding-bottom:var(--wp--preset--spacing--40);padding-left:var(--wp--preset--spacing--20)\"><strong>PRECIOS<\/strong><\/a><\/div>\n<\/div>\n\n\n\n<div style=\"height:70px\" aria-hidden=\"true\" class=\"wp-block-spacer\"><\/div>\n\n\n\n<p style=\"font-size:clamp(14px, 0.875rem + ((1vw - 3.2px) * 0.682), 20px);font-style:normal;font-weight:400;letter-spacing:1.5px;line-height:1.5\">El precio por comida, para el curso 2025\/26, es de&nbsp;5,50\u20ac \/ d\u00eda.( ORDEN 1977\/2023, de 5 de junio, del Vicepresidente, Consejero de Educaci\u00f3n y Universidades, por la que se establece el precio del men\u00fa escolar en los centros docentes p\u00fablicos no universitarios de la Comunidad de Madrid.<\/p>\n\n\n\n<p style=\"font-size:clamp(14px, 0.875rem + ((1vw - 3.2px) * 0.682), 20px);font-style:normal;font-weight:400;letter-spacing:1.5px;line-height:1.5\">&nbsp;<strong>Para darse de alta es necesario rellenar y entregar la solicitud en Secretar\u00eda<\/strong> o envi\u00e1ndola por correo electr\u00f3nico a secretaria.cp.manuelvazquezmontalban.leganes@educa.madrid.org<\/p>\n\n\n\n<p style=\"font-size:clamp(14px, 0.875rem + ((1vw - 3.2px) * 0.682), 20px);font-style:normal;font-weight:400;letter-spacing:1.5px;line-height:1.5\">Para <strong>alumnos que NO sean fijos<\/strong>, el servicio de comedor se podr\u00e1 utilizar, de manera eventual, mediante la adquisici\u00f3n de cupones. El <strong>precio del cup\u00f3n es&nbsp;de 6,20 \u20ac<\/strong> establecido por la Junta de Directores de CEIP de Legan\u00e9s. Deben adquirirse en secretar\u00eda previo ingreso del importe en la cuenta del colegio. Una vez efectuado el ingreso, deber\u00e1n enviar el justificante a Secretar\u00eda y pasar por la misma donde se les entregar\u00e1n dichos cupones. <\/p>\n\n\n\n<p class=\"has-text-align-center\"><strong>secretaria.cp.manuelvazquezmontalban.leganes@educa.madrid.org<\/strong><\/p>\n\n\n\n<p style=\"font-size:clamp(14px, 0.875rem + ((1vw - 3.2px) * 0.682), 20px);font-style:normal;font-weight:400;letter-spacing:1.5px;line-height:1.5\">Su funcionamiento est\u00e1 regulado por la Consejer\u00eda de Educaci\u00f3n de la Comunidad de Madrid y las directrices elaboradas por el Consejo Escolar del Centro, \u00f3rgano competente para la programaci\u00f3n y desarrollo del servicio. A tal efecto, se ha creado una Comisi\u00f3n del Comedor compuesta de padres, profesores y &nbsp;equipo directivo, que supervisa el funcionamiento correcto del servicio.<\/p>\n\n\n\n<p style=\"font-size:clamp(14px, 0.875rem + ((1vw - 3.2px) * 0.682), 20px);font-style:normal;font-weight:400;letter-spacing:1.5px;line-height:1.5\">Se garantizar\u00e1 la prestaci\u00f3n del servicio de comedor, teniendo los siguientes horarios en funci\u00f3n de la jornada escolar del curso.<\/p>\n\n\n\n<div style=\"height:70px\" aria-hidden=\"true\" class=\"wp-block-spacer\"><\/div>\n\n\n\n<div class=\"wp-block-buttons alignwide has-custom-font-size has-medium-font-size is-content-justification-center is-layout-flex wp-container-core-buttons-is-layout-a89b3969 wp-block-buttons-is-layout-flex\">\n<div class=\"wp-block-button has-custom-width wp-block-button__width-75\"><a class=\"wp-block-button__link has-white-color has-vivid-cyan-blue-background-color has-text-color has-background has-link-color has-medium-font-size has-custom-font-size wp-element-button\" style=\"border-radius:0px;padding-top:var(--wp--preset--spacing--40);padding-right:var(--wp--preset--spacing--20);padding-bottom:var(--wp--preset--spacing--40);padding-left:var(--wp--preset--spacing--20)\"><strong>HORARIO<\/strong><\/a><\/div>\n<\/div>\n\n\n\n<div style=\"height:70px\" aria-hidden=\"true\" class=\"wp-block-spacer\"><\/div>\n\n\n\n<p style=\"font-size:clamp(14px, 0.875rem + ((1vw - 3.2px) * 0.682), 20px);font-style:normal;font-weight:400;letter-spacing:1.5px\">El horario de comedor es:<\/p>\n\n\n\n<p style=\"font-size:clamp(14px, 0.875rem + ((1vw - 3.2px) * 0.682), 20px);font-style:normal;font-weight:400;letter-spacing:1.5px\">\u2013 Septiembre y junio: de 13:00 a 15:00.<\/p>\n\n\n\n<p style=\"font-size:clamp(14px, 0.875rem + ((1vw - 3.2px) * 0.682), 20px);font-style:normal;font-weight:400;letter-spacing:1.5px\">\u2013 De octubre a mayo: de 12:30 a 14:30.<\/p>\n\n\n\n<p style=\"font-size:clamp(14px, 0.875rem + ((1vw - 3.2px) * 0.682), 20px);font-style:normal;font-weight:400;letter-spacing:1.5px\">&nbsp;Hay dos turnos de comedor:<\/p>\n\n\n\n<p style=\"font-size:clamp(14px, 0.875rem + ((1vw - 3.2px) * 0.682), 20px);font-style:normal;font-weight:400;letter-spacing:1.5px\">1er turno: Educaci\u00f3n Infantil, 1\u00ba ,2\u00ba, 3\u00bay 4\u00ba de E. Primaria. Comen a las 13:00 en septiembre y junio; y a las 12:30 de octubre a mayo.<\/p>\n\n\n\n<p style=\"font-size:clamp(14px, 0.875rem + ((1vw - 3.2px) * 0.682), 20px);font-style:normal;font-weight:400;letter-spacing:1.5px\">2\u00ba turno: &nbsp;5\u00ba y 6\u00ba de E. Primaria. Comen a las 14:00&nbsp; en septiembre y junio; y a las 13:30 de octubre a mayo.<\/p>\n\n\n\n<p style=\"font-size:clamp(14px, 0.875rem + ((1vw - 3.2px) * 0.682), 20px);font-style:normal;font-weight:400;letter-spacing:1.5px\">*Horario de salida de comedor en septiembre y junio:&nbsp;habr\u00e1 dos horarios de salida, no pudiendo recoger al alumnado en horarios intermedios.<\/p>\n\n\n\n<p style=\"font-size:clamp(14px, 0.875rem + ((1vw - 3.2px) * 0.682), 20px);font-style:normal;font-weight:400;letter-spacing:1.5px\">\u2013 1er&nbsp;turno: 14:10&nbsp;\/ 14:50<\/p>\n\n\n\n<p style=\"font-size:clamp(14px, 0.875rem + ((1vw - 3.2px) * 0.682), 20px);font-style:normal;font-weight:400;letter-spacing:1.5px\">\u2013 2\u00ba turno: 14:50<\/p>\n\n\n\n<div style=\"height:70px\" aria-hidden=\"true\" class=\"wp-block-spacer\"><\/div>\n\n\n\n<h1 class=\"wp-block-heading\">Archivos<a rel=\"noreferrer noopener\" href=\"https:\/\/www.educa2.madrid.org\/web\/educamadrid\/principal\/files\/f887740a-8c47-41b7-b81b-62430b2bb80c\/SOLICITUD%20COMEDOR%20RELLENABLE.pdf?t=1593083771124\" target=\"_blank\"><\/a><\/h1>\n\n\n\n<div style=\"height:70px\" aria-hidden=\"true\" class=\"wp-block-spacer\"><\/div>\n\n\n\n<p class=\"has-black-color has-text-color has-link-color has-medium-font-size wp-elements-7d2b2cd9a513637ac1ce0e401f16a582\">Las solicitudes de comedor deber\u00e1n enviarse al correo destinado a tal efecto, <\/p>\n\n\n\n<p class=\"has-text-align-center has-black-color has-text-color has-link-color has-large-font-size wp-elements-f4ef13cc0af1e843413e5bf449e959d0\" style=\"font-style:normal;font-weight:200\"><a href=\"mailto:secretaria.cp.manuelvazquezmontalban.leganes@educa.madrid.org\"><strong>secretaria.cp.manuelvazquezmontalban.leganes@educa.madrid.org<\/strong><\/a> <\/p>\n\n\n\n<p class=\"has-black-color has-text-color has-link-color has-medium-font-size wp-elements-00cb536a640d9b96776b8b06154473e4\">Si su visor no permite rellenarlo online descargue la solicitud, rell\u00e9nela, guarde cambios y env\u00ede el correo adjuntando el documento.<\/p>\n\n\n\n<div style=\"height:70px\" aria-hidden=\"true\" class=\"wp-block-spacer\"><\/div>\n\n\n\n<p class=\"has-black-color has-vivid-green-cyan-background-color has-text-color has-background has-medium-font-size\"> <mark style=\"background-color:rgba(0, 0, 0, 0)\" class=\"has-inline-color has-black-color\">Para visualizar el men\u00fa del comedor la contrase\u00f1a es:<\/mark>  <strong><mark style=\"background-color:rgba(0, 0, 0, 0)\" class=\"has-inline-color has-black-color\">montalban07<\/mark><\/strong><\/p>\n\n\n\n<p class=\"has-text-align-center has-black-color has-luminous-vivid-amber-background-color has-text-color has-background has-medium-font-size\"><strong><a href=\"https:\/\/site.educa.madrid.org\/cp.manuelvazquezmontalban.leganes\/\/wp-content\/uploads\/cp.manuelvazquezmontalban.leganes\/2025\/06\/5-Servicio-comedor-escolar-y-desayuno-informacion-2025-2026-1.pdf\" data-type=\"attachment\" data-id=\"2963\" target=\"_blank\" rel=\"noreferrer noopener\">INFORMACI\u00d3N GENERAL<\/a><\/strong><\/p>\n\n\n\n<p class=\"has-text-align-center has-black-color has-cyan-bluish-gray-background-color has-text-color has-background has-medium-font-size\"><strong><a href=\"https:\/\/mimenudelcole.com\/\" target=\"_blank\" rel=\"noreferrer noopener\">MEN\u00da<\/a><\/strong><\/p>\n\n\n\n<p class=\"has-text-align-center has-black-color has-pale-cyan-blue-background-color has-text-color has-background has-medium-font-size\"><a rel=\"noreferrer noopener\" href=\"https:\/\/site.educa.madrid.org\/cp.manuelvazquezmontalban.leganes\/\/wp-content\/uploads\/cp.manuelvazquezmontalban.leganes\/2022\/06\/SOLICITUD-COMEDOR-RELLENABLE.pdf\" target=\"_blank\"><strong>SOLICITUD COMEDOR<\/strong><\/a><\/p>\n\n\n\n<p class=\"has-text-align-center has-black-color has-cyan-bluish-gray-background-color has-text-color has-background has-medium-font-size\"><a rel=\"noreferrer noopener\" href=\"https:\/\/site.educa.madrid.org\/cp.manuelvazquezmontalban.leganes\/\/wp-content\/uploads\/cp.manuelvazquezmontalban.leganes\/2023\/07\/Instrucciones_MiMenuDelCole.pdf\" target=\"_blank\"><strong>\u00bfQu\u00e9 es mi men\u00fa del cole?<\/strong><\/a><\/p>\n\n\n\n<figure class=\"wp-block-image\"><img loading=\"lazy\" decoding=\"async\" width=\"1556\" height=\"2000\" src=\"https:\/\/site.educa.madrid.org\/cp.manuelvazquezmontalban.leganes\/\/wp-content\/uploads\/cp.manuelvazquezmontalban.leganes\/2026\/04\/Infografia-Real-Decreto.jpg\" alt=\"\" class=\"wp-image-3165\" srcset=\"https:\/\/site.educa.madrid.org\/cp.manuelvazquezmontalban.leganes\/\/wp-content\/uploads\/cp.manuelvazquezmontalban.leganes\/2026\/04\/Infografia-Real-Decreto.jpg 1556w, https:\/\/site.educa.madrid.org\/cp.manuelvazquezmontalban.leganes\/\/wp-content\/uploads\/cp.manuelvazquezmontalban.leganes\/2026\/04\/Infografia-Real-Decreto-233x300.jpg 233w, https:\/\/site.educa.madrid.org\/cp.manuelvazquezmontalban.leganes\/\/wp-content\/uploads\/cp.manuelvazquezmontalban.leganes\/2026\/04\/Infografia-Real-Decreto-797x1024.jpg 797w, https:\/\/site.educa.madrid.org\/cp.manuelvazquezmontalban.leganes\/\/wp-content\/uploads\/cp.manuelvazquezmontalban.leganes\/2026\/04\/Infografia-Real-Decreto-768x987.jpg 768w, https:\/\/site.educa.madrid.org\/cp.manuelvazquezmontalban.leganes\/\/wp-content\/uploads\/cp.manuelvazquezmontalban.leganes\/2026\/04\/Infografia-Real-Decreto-1195x1536.jpg 1195w\" sizes=\"auto, (max-width: 1556px) 100vw, 1556px\" \/><figcaption class=\"wp-element-caption\">Infograf\u00eda Real Decreto<\/figcaption><\/figure>\n\n\n\n<p><\/p>\n","protected":false},"excerpt":{"rendered":"<p>El comedor es un servicio complementario que pretende satisfacer una demanda social, la formaci\u00f3n de buenos h\u00e1bitos alimenticios y un adecuado comportamiento. COMAIBEL&nbsp;es actualmente la empresa contratada para desarrollar este servicio, que abarca la hora de comida y el tiempo de patio. El equipo lo forman: un cocinero, dos ayudantes de cocina, 22 monitoras y [&hellip;]<\/p>\n","protected":false},"author":2,"featured_media":1345,"parent":124,"menu_order":0,"comment_status":"closed","ping_status":"closed","template":"","meta":{"footnotes":""},"folder":[],"class_list":["post-284","page","type-page","status-publish","has-post-thumbnail","hentry"],"rttpg_featured_image_url":{"full":["https:\/\/site.educa.madrid.org\/cp.manuelvazquezmontalban.leganes\/\/wp-content\/uploads\/cp.manuelvazquezmontalban.leganes\/2023\/05\/comedor-escolar-3.jpg",600,464,false],"landscape":["https:\/\/site.educa.madrid.org\/cp.manuelvazquezmontalban.leganes\/\/wp-content\/uploads\/cp.manuelvazquezmontalban.leganes\/2023\/05\/comedor-escolar-3.jpg",600,464,false],"portraits":["https:\/\/site.educa.madrid.org\/cp.manuelvazquezmontalban.leganes\/\/wp-content\/uploads\/cp.manuelvazquezmontalban.leganes\/2023\/05\/comedor-escolar-3.jpg",600,464,false],"thumbnail":["https:\/\/site.educa.madrid.org\/cp.manuelvazquezmontalban.leganes\/\/wp-content\/uploads\/cp.manuelvazquezmontalban.leganes\/2023\/05\/comedor-escolar-3-150x150.jpg",150,150,true],"medium":["https:\/\/site.educa.madrid.org\/cp.manuelvazquezmontalban.leganes\/\/wp-content\/uploads\/cp.manuelvazquezmontalban.leganes\/2023\/05\/comedor-escolar-3-300x232.jpg",300,232,true],"large":["https:\/\/site.educa.madrid.org\/cp.manuelvazquezmontalban.leganes\/\/wp-content\/uploads\/cp.manuelvazquezmontalban.leganes\/2023\/05\/comedor-escolar-3.jpg",600,464,false],"thumblist":["https:\/\/site.educa.madrid.org\/cp.manuelvazquezmontalban.leganes\/\/wp-content\/uploads\/cp.manuelvazquezmontalban.leganes\/2023\/05\/comedor-escolar-3-300x300.jpg",300,300,true],"thumbrelated":["https:\/\/site.educa.madrid.org\/cp.manuelvazquezmontalban.leganes\/\/wp-content\/uploads\/cp.manuelvazquezmontalban.leganes\/2023\/05\/comedor-escolar-3.jpg",500,387,false],"meccarouselthumb":["https:\/\/site.educa.madrid.org\/cp.manuelvazquezmontalban.leganes\/\/wp-content\/uploads\/cp.manuelvazquezmontalban.leganes\/2023\/05\/comedor-escolar-3-474x324.jpg",474,324,true],"gridsquare":["https:\/\/site.educa.madrid.org\/cp.manuelvazquezmontalban.leganes\/\/wp-content\/uploads\/cp.manuelvazquezmontalban.leganes\/2023\/05\/comedor-escolar-3-391x260.jpg",391,260,true],"tileview":["https:\/\/site.educa.madrid.org\/cp.manuelvazquezmontalban.leganes\/\/wp-content\/uploads\/cp.manuelvazquezmontalban.leganes\/2023\/05\/comedor-escolar-3-300x400.jpg",300,400,true],"1536x1536":["https:\/\/site.educa.madrid.org\/cp.manuelvazquezmontalban.leganes\/\/wp-content\/uploads\/cp.manuelvazquezmontalban.leganes\/2023\/05\/comedor-escolar-3.jpg",600,464,false],"2048x2048":["https:\/\/site.educa.madrid.org\/cp.manuelvazquezmontalban.leganes\/\/wp-content\/uploads\/cp.manuelvazquezmontalban.leganes\/2023\/05\/comedor-escolar-3.jpg",600,464,false],"total-portfolio-thumb":["https:\/\/site.educa.madrid.org\/cp.manuelvazquezmontalban.leganes\/\/wp-content\/uploads\/cp.manuelvazquezmontalban.leganes\/2023\/05\/comedor-escolar-3.jpg",400,309,false],"total-team-thumb":["https:\/\/site.educa.madrid.org\/cp.manuelvazquezmontalban.leganes\/\/wp-content\/uploads\/cp.manuelvazquezmontalban.leganes\/2023\/05\/comedor-escolar-3.jpg",350,271,false],"total-blog-thumb":["https:\/\/site.educa.madrid.org\/cp.manuelvazquezmontalban.leganes\/\/wp-content\/uploads\/cp.manuelvazquezmontalban.leganes\/2023\/05\/comedor-escolar-3.jpg",362,280,false],"total-thumb":["https:\/\/site.educa.madrid.org\/cp.manuelvazquezmontalban.leganes\/\/wp-content\/uploads\/cp.manuelvazquezmontalban.leganes\/2023\/05\/comedor-escolar-3.jpg",100,77,false],"total-blog-header":["https:\/\/site.educa.madrid.org\/cp.manuelvazquezmontalban.leganes\/\/wp-content\/uploads\/cp.manuelvazquezmontalban.leganes\/2023\/05\/comedor-escolar-3.jpg",466,360,false],"sow-carousel-default":["https:\/\/site.educa.madrid.org\/cp.manuelvazquezmontalban.leganes\/\/wp-content\/uploads\/cp.manuelvazquezmontalban.leganes\/2023\/05\/comedor-escolar-3-272x182.jpg",272,182,true],"sow-post-carousel-overlay-theme":["https:\/\/site.educa.madrid.org\/cp.manuelvazquezmontalban.leganes\/\/wp-content\/uploads\/cp.manuelvazquezmontalban.leganes\/2023\/05\/comedor-escolar-3.jpg",360,278,false],"sow-post-carousel-cards-theme":["https:\/\/site.educa.madrid.org\/cp.manuelvazquezmontalban.leganes\/\/wp-content\/uploads\/cp.manuelvazquezmontalban.leganes\/2023\/05\/comedor-escolar-3.jpg",310,240,false],"rt_custom":["https:\/\/site.educa.madrid.org\/cp.manuelvazquezmontalban.leganes\/\/wp-content\/uploads\/cp.manuelvazquezmontalban.leganes\/2023\/05\/comedor-escolar-3.jpg",600,464,false]},"rttpg_author":{"display_name":"tic.cp.manuelvazquezmontalban.leganes","author_link":"https:\/\/site.educa.madrid.org\/cp.manuelvazquezmontalban.leganes\/index.php\/author\/cuenta_tic-cp-manuelvazquezmontalban-leganes\/"},"rttpg_comment":0,"rttpg_category":false,"rttpg_excerpt":"El comedor es un servicio complementario que pretende satisfacer una demanda social, la formaci\u00f3n de buenos h\u00e1bitos alimenticios y un adecuado comportamiento. COMAIBEL&nbsp;es actualmente la empresa contratada para desarrollar este servicio, que abarca la hora de comida y el tiempo de patio. El equipo lo forman: un cocinero, dos ayudantes de cocina, 22 monitoras y&hellip;","post_mailing_queue_ids":[],"_links":{"self":[{"href":"https:\/\/site.educa.madrid.org\/cp.manuelvazquezmontalban.leganes\/index.php\/wp-json\/wp\/v2\/pages\/284","targetHints":{"allow":["GET"]}}],"collection":[{"href":"https:\/\/site.educa.madrid.org\/cp.manuelvazquezmontalban.leganes\/index.php\/wp-json\/wp\/v2\/pages"}],"about":[{"href":"https:\/\/site.educa.madrid.org\/cp.manuelvazquezmontalban.leganes\/index.php\/wp-json\/wp\/v2\/types\/page"}],"author":[{"embeddable":true,"href":"https:\/\/site.educa.madrid.org\/cp.manuelvazquezmontalban.leganes\/index.php\/wp-json\/wp\/v2\/users\/2"}],"replies":[{"embeddable":true,"href":"https:\/\/site.educa.madrid.org\/cp.manuelvazquezmontalban.leganes\/index.php\/wp-json\/wp\/v2\/comments?post=284"}],"version-history":[{"count":50,"href":"https:\/\/site.educa.madrid.org\/cp.manuelvazquezmontalban.leganes\/index.php\/wp-json\/wp\/v2\/pages\/284\/revisions"}],"predecessor-version":[{"id":3168,"href":"https:\/\/site.educa.madrid.org\/cp.manuelvazquezmontalban.leganes\/index.php\/wp-json\/wp\/v2\/pages\/284\/revisions\/3168"}],"up":[{"embeddable":true,"href":"https:\/\/site.educa.madrid.org\/cp.manuelvazquezmontalban.leganes\/index.php\/wp-json\/wp\/v2\/pages\/124"}],"wp:featuredmedia":[{"embeddable":true,"href":"https:\/\/site.educa.madrid.org\/cp.manuelvazquezmontalban.leganes\/index.php\/wp-json\/wp\/v2\/media\/1345"}],"wp:attachment":[{"href":"https:\/\/site.educa.madrid.org\/cp.manuelvazquezmontalban.leganes\/index.php\/wp-json\/wp\/v2\/media?parent=284"}],"wp:term":[{"taxonomy":"folder","embeddable":true,"href":"https:\/\/site.educa.madrid.org\/cp.manuelvazquezmontalban.leganes\/index.php\/wp-json\/wp\/v2\/folder?post=284"}],"curies":[{"name":"wp","href":"https:\/\/api.w.org\/{rel}","templated":true}]}}