{"id":1523,"date":"2020-05-25T11:25:48","date_gmt":"2020-05-25T11:25:48","guid":{"rendered":"https:\/\/site.educa.madrid.org\/cp.mariadevillota.madrid\/?page_id=1523"},"modified":"2024-01-24T18:28:08","modified_gmt":"2024-01-24T17:28:08","slug":"eoep","status":"publish","type":"page","link":"https:\/\/site.educa.madrid.org\/cp.mariadevillota.madrid\/index.php\/eoep\/","title":{"rendered":"EOEP"},"content":{"rendered":"\n<hr class=\"wp-block-separator has-css-opacity is-style-wide\"\/>\n\n\n<div class=\"wp-block-image\">\n<figure class=\"alignleft size-large is-resized\"><img loading=\"lazy\" decoding=\"async\" src=\"https:\/\/site.educa.madrid.org\/cp.mariadevillota.madrid\/\/wp-content\/uploads\/cp.mariadevillota.madrid\/2021\/01\/equipo-de-orientaci\u00f3n.png\" alt=\"\" class=\"wp-image-2671\" width=\"135\" height=\"135\" srcset=\"https:\/\/site.educa.madrid.org\/cp.mariadevillota.madrid\/\/wp-content\/uploads\/cp.mariadevillota.madrid\/2021\/01\/equipo-de-orientaci\u00f3n.png 500w, https:\/\/site.educa.madrid.org\/cp.mariadevillota.madrid\/\/wp-content\/uploads\/cp.mariadevillota.madrid\/2021\/01\/equipo-de-orientaci\u00f3n-300x300.png 300w, https:\/\/site.educa.madrid.org\/cp.mariadevillota.madrid\/\/wp-content\/uploads\/cp.mariadevillota.madrid\/2021\/01\/equipo-de-orientaci\u00f3n-150x150.png 150w\" sizes=\"auto, (max-width: 135px) 100vw, 135px\" \/><\/figure>\n<\/div>\n\n\n<p class=\"has-text-align-center has-text-color has-background has-medium-font-size\" style=\"color:#070707;background-color:#f5b180\"><strong>BLOG EOEP<\/strong><\/p>\n\n\n\n<p class=\"has-very-light-gray-background-color has-background\"><strong><a rel=\"noreferrer noopener\" href=\"https:\/\/www.educa2.madrid.org\/web\/eoep-moratalaz-villa-de-vallecas\/recursos-para-profesionales\" target=\"_blank\"><span class=\"has-inline-color has-vivid-cyan-blue-color\">https:\/\/www.educa2.madrid.org\/web\/eoep-moratalaz-villa-de-vallecas\/recursos-para-profesionales<\/span><\/a><\/strong><\/p>\n\n\n\n<hr class=\"wp-block-separator has-css-opacity\"\/>\n\n\n\n<p class=\"has-text-align-center has-text-color has-background\" style=\"color:#0c0c0c;background-color:#f5a974\"><strong>RECURSOS PARA TRABAJAR LA RESILIENCIA Y LAS HABILIDADES SOCIOEMOCIONALES<\/strong><\/p>\n\n\n\n<p class=\"has-very-light-gray-background-color has-text-color has-background\" style=\"color:#02080a\">El Equipo de Orientaci\u00f3n Educativa y Psicopedag\u00f3gica quiere compartir unos materiales para desarrollar la resiliencia en los ni\u00f1os, claves para trabajar la inteligencia emocional y habilidades sociales que consideramos muy \u00fatiles.<\/p>\n\n\n\n<p class=\"has-very-light-gray-background-color has-background\"><a rel=\"noreferrer noopener\" href=\"https:\/\/site.educa.madrid.org\/cp.mariadevillota.madrid\/\/wp-content\/uploads\/cp.mariadevillota.madrid\/2020\/04\/00-PRESENTACI%C3%93N.pdf\" target=\"_blank\"><span class=\"has-inline-color has-vivid-cyan-blue-color\"><strong>00-PRESENTACI\u00d3N<\/strong>Descarga<\/span><\/a><\/p>\n\n\n\n<p class=\"has-very-light-gray-background-color has-background\"><strong><a rel=\"noreferrer noopener\" href=\"https:\/\/site.educa.madrid.org\/cp.mariadevillota.madrid\/\/wp-content\/uploads\/cp.mariadevillota.madrid\/2020\/04\/01-ESTRUCTURACI%C3%93N.pdf\" target=\"_blank\"><span class=\"has-inline-color has-vivid-cyan-blue-color\">01-ESTRUCTURACI\u00d3ND<\/span><\/a><\/strong><a href=\"https:\/\/site.educa.madrid.org\/cp.mariadevillota.madrid\/\/wp-content\/uploads\/cp.mariadevillota.madrid\/2020\/04\/01-ESTRUCTURACI%C3%93N.pdf\">escarga<\/a><\/p>\n\n\n\n<p class=\"has-very-light-gray-background-color has-background\"><strong><span class=\"has-inline-color has-vivid-cyan-blue-color\"><a rel=\"noreferrer noopener\" href=\"https:\/\/site.educa.madrid.org\/cp.mariadevillota.madrid\/\/wp-content\/uploads\/cp.mariadevillota.madrid\/2020\/04\/02-PARTICIPACI%C3%93N-ACTIVA.pdf\" target=\"_blank\">02-PARTICIPACI\u00d3N-ACTIVA<\/a><\/span><\/strong><a href=\"https:\/\/site.educa.madrid.org\/cp.mariadevillota.madrid\/\/wp-content\/uploads\/cp.mariadevillota.madrid\/2020\/04\/02-PARTICIPACI%C3%93N-ACTIVA.pdf\"><span class=\"has-inline-color has-vivid-cyan-blue-color\">Descarga<\/span><\/a><\/p>\n\n\n\n<p class=\"has-very-light-gray-background-color has-background\"><strong><span class=\"has-inline-color has-vivid-cyan-blue-color\"><a rel=\"noreferrer noopener\" href=\"https:\/\/site.educa.madrid.org\/cp.mariadevillota.madrid\/\/wp-content\/uploads\/cp.mariadevillota.madrid\/2020\/04\/AFRONTAR-CON-ACTITUD-POSITIVA.pdf\" target=\"_blank\">AFRONTAR-CON-ACTITUD-POSITIVA<\/a><\/span><\/strong><a href=\"https:\/\/site.educa.madrid.org\/cp.mariadevillota.madrid\/\/wp-content\/uploads\/cp.mariadevillota.madrid\/2020\/04\/AFRONTAR-CON-ACTITUD-POSITIVA.pdf\"><span class=\"has-inline-color has-vivid-cyan-blue-color\">Descarga<\/span><\/a><\/p>\n\n\n\n<p class=\"has-very-light-gray-background-color has-background\"><strong><span class=\"has-inline-color has-vivid-cyan-blue-color\"><a rel=\"noreferrer noopener\" href=\"https:\/\/site.educa.madrid.org\/cp.mariadevillota.madrid\/\/wp-content\/uploads\/cp.mariadevillota.madrid\/2020\/04\/IEpadres.pdf\" target=\"_blank\">IEpadres<\/a><\/span><\/strong><a href=\"https:\/\/site.educa.madrid.org\/cp.mariadevillota.madrid\/\/wp-content\/uploads\/cp.mariadevillota.madrid\/2020\/04\/IEpadres.pdf\"><span class=\"has-inline-color has-vivid-cyan-blue-color\">Descarga<\/span><\/a><\/p>\n\n\n\n<p class=\"has-very-light-gray-background-color has-background\"><strong><span class=\"has-inline-color has-vivid-cyan-blue-color\"><a rel=\"noreferrer noopener\" href=\"https:\/\/site.educa.madrid.org\/cp.mariadevillota.madrid\/\/wp-content\/uploads\/cp.mariadevillota.madrid\/2020\/04\/EJERCICIOS-F.-EJECUTIVAS.pdf\" target=\"_blank\">EJERCICIOS-F.-EJECUTIVAS<\/a><\/span><\/strong><a href=\"https:\/\/site.educa.madrid.org\/cp.mariadevillota.madrid\/\/wp-content\/uploads\/cp.mariadevillota.madrid\/2020\/04\/EJERCICIOS-F.-EJECUTIVAS.pdf\"><span class=\"has-inline-color has-vivid-cyan-blue-color\">Descarga<\/span><\/a><\/p>\n\n\n\n<p class=\"has-very-light-gray-background-color has-background\"><a rel=\"noreferrer noopener\" href=\"https:\/\/site.educa.madrid.org\/cp.mariadevillota.madrid\/\/wp-content\/uploads\/cp.mariadevillota.madrid\/2020\/04\/EJERCICIOS-MEMORIA-VISUAL.pdf\" target=\"_blank\"><span class=\"has-inline-color has-vivid-cyan-blue-color\"><strong>EJERCICIOS-MEMORIA-VISUAL<\/strong><\/span><\/a><a href=\"https:\/\/site.educa.madrid.org\/cp.mariadevillota.madrid\/\/wp-content\/uploads\/cp.mariadevillota.madrid\/2020\/04\/EJERCICIOS-MEMORIA-VISUAL.pdf\"><span class=\"has-inline-color has-vivid-cyan-blue-color\">Descarga<\/span><\/a><\/p>\n\n\n\n<hr class=\"wp-block-separator has-css-opacity\"\/>\n\n\n\n<hr class=\"wp-block-separator has-css-opacity\"\/>\n\n\n\n<p><\/p>\n","protected":false},"excerpt":{"rendered":"<p>BLOG EOEP https:\/\/www.educa2.madrid.org\/web\/eoep-moratalaz-villa-de-vallecas\/recursos-para-profesionales RECURSOS PARA TRABAJAR LA RESILIENCIA Y LAS HABILIDADES SOCIOEMOCIONALES El Equipo de Orientaci\u00f3n Educativa y Psicopedag\u00f3gica quiere compartir unos materiales para desarrollar la resiliencia en los ni\u00f1os, claves para trabajar la inteligencia emocional y habilidades sociales que consideramos muy \u00fatiles. 00-PRESENTACI\u00d3NDescarga 01-ESTRUCTURACI\u00d3NDescarga 02-PARTICIPACI\u00d3N-ACTIVADescarga AFRONTAR-CON-ACTITUD-POSITIVADescarga IEpadresDescarga EJERCICIOS-F.-EJECUTIVASDescarga EJERCICIOS-MEMORIA-VISUALDescarga<\/p>\n","protected":false},"author":3,"featured_media":0,"parent":0,"menu_order":0,"comment_status":"closed","ping_status":"closed","template":"","meta":{"footnotes":""},"folder":[],"class_list":["post-1523","page","type-page","status-publish","hentry"],"rttpg_featured_image_url":null,"rttpg_author":{"display_name":"cp.mariadevillota.madrid","author_link":"https:\/\/site.educa.madrid.org\/cp.mariadevillota.madrid\/index.php\/author\/cuenta_cp-mariadevillota-madrid\/"},"rttpg_comment":0,"rttpg_category":false,"rttpg_excerpt":"BLOG EOEP https:\/\/www.educa2.madrid.org\/web\/eoep-moratalaz-villa-de-vallecas\/recursos-para-profesionales RECURSOS PARA TRABAJAR LA RESILIENCIA Y LAS HABILIDADES SOCIOEMOCIONALES El Equipo de Orientaci\u00f3n Educativa y Psicopedag\u00f3gica quiere compartir unos materiales para desarrollar la resiliencia en los ni\u00f1os, claves para trabajar la inteligencia emocional y habilidades sociales que consideramos muy \u00fatiles. 00-PRESENTACI\u00d3NDescarga 01-ESTRUCTURACI\u00d3NDescarga 02-PARTICIPACI\u00d3N-ACTIVADescarga AFRONTAR-CON-ACTITUD-POSITIVADescarga IEpadresDescarga EJERCICIOS-F.-EJECUTIVASDescarga EJERCICIOS-MEMORIA-VISUALDescarga","post_mailing_queue_ids":[],"_links":{"self":[{"href":"https:\/\/site.educa.madrid.org\/cp.mariadevillota.madrid\/index.php\/wp-json\/wp\/v2\/pages\/1523","targetHints":{"allow":["GET"]}}],"collection":[{"href":"https:\/\/site.educa.madrid.org\/cp.mariadevillota.madrid\/index.php\/wp-json\/wp\/v2\/pages"}],"about":[{"href":"https:\/\/site.educa.madrid.org\/cp.mariadevillota.madrid\/index.php\/wp-json\/wp\/v2\/types\/page"}],"author":[{"embeddable":true,"href":"https:\/\/site.educa.madrid.org\/cp.mariadevillota.madrid\/index.php\/wp-json\/wp\/v2\/users\/3"}],"replies":[{"embeddable":true,"href":"https:\/\/site.educa.madrid.org\/cp.mariadevillota.madrid\/index.php\/wp-json\/wp\/v2\/comments?post=1523"}],"version-history":[{"count":24,"href":"https:\/\/site.educa.madrid.org\/cp.mariadevillota.madrid\/index.php\/wp-json\/wp\/v2\/pages\/1523\/revisions"}],"predecessor-version":[{"id":10545,"href":"https:\/\/site.educa.madrid.org\/cp.mariadevillota.madrid\/index.php\/wp-json\/wp\/v2\/pages\/1523\/revisions\/10545"}],"wp:attachment":[{"href":"https:\/\/site.educa.madrid.org\/cp.mariadevillota.madrid\/index.php\/wp-json\/wp\/v2\/media?parent=1523"}],"wp:term":[{"taxonomy":"folder","embeddable":true,"href":"https:\/\/site.educa.madrid.org\/cp.mariadevillota.madrid\/index.php\/wp-json\/wp\/v2\/folder?post=1523"}],"curies":[{"name":"wp","href":"https:\/\/api.w.org\/{rel}","templated":true}]}}