{"id":166,"date":"2019-11-13T17:12:20","date_gmt":"2019-11-13T17:12:20","guid":{"rendered":"https:\/\/site.educa.madrid.org\/cp.mariadevillota.madrid\/?page_id=166"},"modified":"2021-01-03T18:40:36","modified_gmt":"2021-01-03T18:40:36","slug":"quienes-somos-2","status":"publish","type":"page","link":"https:\/\/site.educa.madrid.org\/cp.mariadevillota.madrid\/index.php\/quienes-somos-2\/","title":{"rendered":"\u00bfQUI\u00c9NES SOMOS?"},"content":{"rendered":"\n<figure class=\"wp-block-image size-large is-resized\"><img loading=\"lazy\" decoding=\"async\" src=\"https:\/\/site.educa.madrid.org\/cp.mariadevillota.madrid\/\/wp-content\/uploads\/cp.mariadevillota.madrid\/2021\/01\/comunidad-educativa.png\" alt=\"\" class=\"wp-image-2661\" width=\"184\" height=\"184\" srcset=\"https:\/\/site.educa.madrid.org\/cp.mariadevillota.madrid\/\/wp-content\/uploads\/cp.mariadevillota.madrid\/2021\/01\/comunidad-educativa.png 500w, https:\/\/site.educa.madrid.org\/cp.mariadevillota.madrid\/\/wp-content\/uploads\/cp.mariadevillota.madrid\/2021\/01\/comunidad-educativa-300x300.png 300w, https:\/\/site.educa.madrid.org\/cp.mariadevillota.madrid\/\/wp-content\/uploads\/cp.mariadevillota.madrid\/2021\/01\/comunidad-educativa-150x150.png 150w\" sizes=\"auto, (max-width: 184px) 100vw, 184px\" \/><\/figure>\n\n\n\n<hr class=\"wp-block-separator is-style-wide\"\/>\n\n\n\n<p style=\"color:#0b0b0b\" class=\"has-text-color has-background has-very-light-gray-background-color\">\n\nEl <strong>CEIP. MAR\u00cdA DE VILLOTA<\/strong> es un centro <strong>biling\u00fce<\/strong> desde infantil que combina educaci\u00f3n y un especial sentido de pertenencia a la comunidad.\n\n<\/p>\n\n\n\n<p style=\"color:#070707\" class=\"has-text-color has-background has-very-light-gray-background-color\">Donde, adem\u00e1s de aulas para <strong>educaci\u00f3n infantil <\/strong>y<strong> primaria <\/strong>encontramos comedor, biblioteca de aula, gimnasio y mucho m\u00e1s.          <\/p>\n\n\n\n<p style=\"color:#080808\" class=\"has-text-color has-background has-very-light-gray-background-color\">Espacios en los que no solo se genera la <strong>interacci\u00f3n<\/strong> entre los <strong>alumnos<\/strong>, sino tambi\u00e9n entre estos y el <strong>profesorado<\/strong> y el resto de miembros de la <strong>comunidad educativa<\/strong>, convirtiendo este colegio en un constante hervidero de actividad y dinamismo.                             <\/p>\n\n\n\n<p style=\"color:#050505\" class=\"has-text-color has-background has-very-light-gray-background-color\">Es un entorno pensado para que los alumnos vivan <strong>experiencias<\/strong> de aprendizaje en las que se potencie la <strong>comunicaci\u00f3n<\/strong> y el <strong>trabajo en grupo<\/strong>, dejando fluir la <strong>creatividad<\/strong>.                                                <\/p>\n\n\n\n<p style=\"color:#080808\" class=\"has-text-color has-background has-very-light-gray-background-color\">Nuestra principal misi\u00f3n es guiar al alumno a trav\u00e9s de su propio proceso de aprendizaje, haci\u00e9ndole sentir parte importante del mismo.<\/p>\n\n\n\n<p style=\"color:#080808\" class=\"has-text-color has-background has-very-light-gray-background-color\">El <strong>curr\u00edculo<\/strong> se<strong> personaliza<\/strong> a la medida de las necesidades de cada estudiante y se valoran las habilidades personales y pr\u00e1cticas. Somos un <strong>centro preferente<\/strong> de escolarizaci\u00f3n de <strong>alumnos TEA<\/strong>, apostando por la <strong>inclusi\u00f3n <\/strong>y la<strong> diversidad<\/strong>.<\/p>\n\n\n\n<p style=\"background-color:#b5e3ff;color:#0e0e0e\" class=\"has-text-color has-background has-text-align-center\">NO OLVIDEN VISITAR NUESTRO&nbsp;<strong><a href=\"https:\/\/site.educa.madrid.org\/cp.mariadevillota.madrid\/index.php\/blogs\/\">BLOG<\/a><\/strong>&nbsp;PARA CONOCER M\u00c1S ACERCA DE NUESTRO CENTRO.<\/p>\n\n\n\n<ul class=\"wp-block-list\"><li><strong><a href=\"https:\/\/site.educa.madrid.org\/cp.mariadevillota.madrid\/index.php\/blogs\/\">BLOG DE CENTRO<\/a><\/strong><\/li><li><strong><a href=\"https:\/\/site.educa.madrid.org\/cp.mariadevillota.madrid\/index.php\/blog-de-infantil\/\">BLOG DE INFANTIL<\/a><\/strong><\/li><li><strong><a href=\"https:\/\/site.educa.madrid.org\/cp.mariadevillota.madrid\/index.php\/blog-de-primaria\/\">BLOG DE PRIMARIA<\/a><\/strong><\/li><\/ul>\n\n\n\n<hr class=\"wp-block-separator\"\/>\n\n\n\n<p style=\"color:#000000;font-size:31px\" class=\"has-text-color\"><strong> WHO ARE WE? <\/strong><\/p>\n\n\n\n<p><strong>CEIP Mar\u00eda de Villota<\/strong> is a kindergarten through sixth grade <strong>bilingual school<\/strong> that offers an education steeped in a deep sense of community. \n\n<\/p>\n\n\n\n<p>Along with classrooms for our <strong>preschool<\/strong> and <strong>primary<\/strong> students, our center boasts a cafeteria, library classroom, a gymnasium and much more. <\/p>\n\n\n\n<p>These spaces not only encourage<strong> interactions<\/strong> among<strong> pupils<\/strong> but among our <strong>faculty<\/strong> and other members of our <strong>school community<\/strong>, turning this school into a dynamic hub of activity. <\/p>\n\n\n\n<p>Our environment is carefully designed to foster learning through <strong>experience<\/strong> that stimulates <strong>communication<\/strong> and <strong>groupwork<\/strong> and allows <strong>creativity<\/strong> to flourish. <\/p>\n\n\n\n<p>Our main mission is to guide students through their own learning process. The <strong>curriculum <\/strong>is <strong>personalized<\/strong> according to the personal and practical needs and abilities of each individual student. <\/p>\n\n\n\n<p>Our school is a <strong>preferential<\/strong> placement for students with <strong>Autism Spectrum Disorder <\/strong>as we promote diversity and inclusion in our classrooms. <\/p>\n","protected":false},"excerpt":{"rendered":"<p>El CEIP. MAR\u00cdA DE VILLOTA es un centro biling\u00fce desde infantil que combina educaci\u00f3n y un especial sentido de pertenencia a la comunidad. Donde, adem\u00e1s de aulas para educaci\u00f3n infantil y primaria encontramos comedor, biblioteca de aula, gimnasio y mucho m\u00e1s. Espacios en los que no solo se genera la interacci\u00f3n entre los alumnos, sino<\/p><\/div>\n<div class=\"blog-btn\"><a href=\"https:\/\/site.educa.madrid.org\/cp.mariadevillota.madrid\/index.php\/quienes-somos-2\/\" class=\"home-blog-btn\">Leer m\u00e1s<\/a><\/p>\n","protected":false},"author":3,"featured_media":0,"parent":0,"menu_order":0,"comment_status":"closed","ping_status":"closed","template":"","meta":{"footnotes":""},"folder":[],"class_list":["post-166","page","type-page","status-publish","hentry"],"rttpg_featured_image_url":null,"rttpg_author":{"display_name":"cp.mariadevillota.madrid","author_link":"https:\/\/site.educa.madrid.org\/cp.mariadevillota.madrid\/index.php\/author\/cuenta_cp-mariadevillota-madrid\/"},"rttpg_comment":0,"rttpg_category":false,"rttpg_excerpt":"El CEIP. MAR\u00cdA DE VILLOTA es un centro biling\u00fce desde infantil que combina educaci\u00f3n y un especial sentido de pertenencia a la comunidad. Donde, adem\u00e1s de aulas para educaci\u00f3n infantil y primaria encontramos comedor, biblioteca de aula, gimnasio y mucho m\u00e1s. Espacios en los que no solo se genera la interacci\u00f3n entre los alumnos, sinoLeer&hellip;","post_mailing_queue_ids":[],"_links":{"self":[{"href":"https:\/\/site.educa.madrid.org\/cp.mariadevillota.madrid\/index.php\/wp-json\/wp\/v2\/pages\/166","targetHints":{"allow":["GET"]}}],"collection":[{"href":"https:\/\/site.educa.madrid.org\/cp.mariadevillota.madrid\/index.php\/wp-json\/wp\/v2\/pages"}],"about":[{"href":"https:\/\/site.educa.madrid.org\/cp.mariadevillota.madrid\/index.php\/wp-json\/wp\/v2\/types\/page"}],"author":[{"embeddable":true,"href":"https:\/\/site.educa.madrid.org\/cp.mariadevillota.madrid\/index.php\/wp-json\/wp\/v2\/users\/3"}],"replies":[{"embeddable":true,"href":"https:\/\/site.educa.madrid.org\/cp.mariadevillota.madrid\/index.php\/wp-json\/wp\/v2\/comments?post=166"}],"version-history":[{"count":17,"href":"https:\/\/site.educa.madrid.org\/cp.mariadevillota.madrid\/index.php\/wp-json\/wp\/v2\/pages\/166\/revisions"}],"predecessor-version":[{"id":2663,"href":"https:\/\/site.educa.madrid.org\/cp.mariadevillota.madrid\/index.php\/wp-json\/wp\/v2\/pages\/166\/revisions\/2663"}],"wp:attachment":[{"href":"https:\/\/site.educa.madrid.org\/cp.mariadevillota.madrid\/index.php\/wp-json\/wp\/v2\/media?parent=166"}],"wp:term":[{"taxonomy":"folder","embeddable":true,"href":"https:\/\/site.educa.madrid.org\/cp.mariadevillota.madrid\/index.php\/wp-json\/wp\/v2\/folder?post=166"}],"curies":[{"name":"wp","href":"https:\/\/api.w.org\/{rel}","templated":true}]}}