{"id":194,"date":"2019-11-13T17:41:05","date_gmt":"2019-11-13T17:41:05","guid":{"rendered":"https:\/\/site.educa.madrid.org\/cp.mariadevillota.madrid\/?page_id=194"},"modified":"2024-09-04T11:10:15","modified_gmt":"2024-09-04T09:10:15","slug":"horario-2","status":"publish","type":"page","link":"https:\/\/site.educa.madrid.org\/cp.mariadevillota.madrid\/index.php\/horario-2\/","title":{"rendered":"Horario"},"content":{"rendered":"<div class=\"wp-block-image\">\n<figure class=\"alignright is-resized\"><img decoding=\"async\" src=\"https:\/\/site.educa.madrid.org\/cp.mariadevillota.madrid\/\/wp-content\/uploads\/cp.mariadevillota.madrid\/2019\/11\/reloj-e1574077963564.png\" alt=\"\" style=\"width:118px;height:118px\"\/><\/figure>\n<\/div>\n\n\n<hr class=\"wp-block-separator has-css-opacity is-style-wide\"\/>\n\n\n\n<p class=\"has-text-align-center has-vivid-red-color has-pale-cyan-blue-background-color has-text-color has-background has-medium-font-size\"><strong>HORARIO <\/strong>SEPTIEMBRE Y JUNIO<strong> (horario reducido)<\/strong><\/p>\n\n\n\n<p class=\"has-black-color has-cyan-bluish-gray-background-color has-text-color has-background has-link-color wp-elements-46c6b814a2a8f591de931ee42831fd39\">A la entrada se abrir\u00e1n las puertas a las 08:55h. para que las familias pasen y se sit\u00faen detr\u00e1s de las columnas, donde esperar\u00e1n con el alumnado hasta que el maestro\/a comience la fila del curso correspondiente.                                                                                                                                                   <\/p>\n\n\n\n<p class=\"has-black-color has-cyan-bluish-gray-background-color has-text-color has-background has-link-color wp-elements-be48de8c136cb17af22d720d726481a6\">A la salida se abrir\u00e1n las puertas a las 12:55h. para que las familias pasen y se sit\u00faen detr\u00e1s de las columnas, donde esperar\u00e1n a que el maestro\/a le haga entrega del alumno\/a.<\/p>\n\n\n\n<p class=\"has-black-color has-cyan-bluish-gray-background-color has-text-color has-background has-link-color wp-elements-1c8e038cd921b4bfd0272d34b219676f\">Las familias siempre entrar\u00e1n y saldr\u00e1n por detr\u00e1s de las columnas para dejar el paso libre para el alumnado.<\/p>\n\n\n<div class=\"wp-block-image\">\n<figure class=\"alignright is-resized\"><img decoding=\"async\" src=\"https:\/\/site.educa.madrid.org\/cp.mariadevillota.madrid\/\/wp-content\/uploads\/cp.mariadevillota.madrid\/2019\/11\/reloj-e1574077963564.png\" alt=\"\" style=\"width:118px;height:118px\"\/><\/figure>\n<\/div>\n\n\n<p class=\"has-text-align-center has-black-color has-pale-cyan-blue-background-color has-text-color has-background has-medium-font-size\"><strong>HORARIO DE<\/strong> <strong>OCTUBRE A MAYO <\/strong><\/p>\n\n\n\n<p class=\"has-very-light-gray-background-color has-text-color has-background\" style=\"color:#ad1212\"><strong><u>LAS ENTRADAS Y SALIDAS QUEDAN DE LA SIGUIENTE FORMA.<\/u><\/strong><\/p>\n\n\n\n<p class=\"has-black-color has-cyan-bluish-gray-background-color has-text-color has-background\">A la entrada se abrir\u00e1n las puertas a las 08:55h. para que las familias pasen y se sit\u00faen detr\u00e1s de las columnas, donde esperar\u00e1n con el alumnado hasta que el maestro\/a comience la fila del curso correspondiente.<\/p>\n\n\n\n<p class=\"has-black-color has-cyan-bluish-gray-background-color has-text-color has-background\">A la salida se abrir\u00e1n las puertas a las 13:55h. para que las familias pasen y se sit\u00faen detr\u00e1s de las columnas, donde esperar\u00e1n a que el maestro\/a le haga entrega del alumno\/a.<\/p>\n\n\n\n<p class=\"has-black-color has-cyan-bluish-gray-background-color has-text-color has-background\">Las familias siempre entrar\u00e1n y saldr\u00e1n por detr\u00e1s de las columnas para dejar el paso libre para el alumnado.<\/p>\n\n\n\n<p class=\"has-text-align-center has-text-color has-background\" style=\"color:#010608;background-color:#fedd82\"><strong>EDUCACI\u00d3N INFANTIL<\/strong>. <strong>Acceso por la puerta principal.<\/strong><\/p>\n\n\n\n<figure class=\"wp-block-table\"><table class=\"has-background\" style=\"background-color:#e7f5fe\"><tbody><tr><td><\/td><td class=\"has-text-align-center\" data-align=\"center\"><strong><span style=\"color:#01070a\" class=\"has-inline-color\">ENTRADAS<\/span><\/strong><\/td><td class=\"has-text-align-center\" data-align=\"center\"><strong><span style=\"color:#010608\" class=\"has-inline-color\">SALIDAS<\/span><\/strong><\/td><\/tr><tr><td><strong><span style=\"color:#000507\" class=\"has-inline-color\">5 A\u00d1OS<\/span><\/strong><\/td><td class=\"has-text-align-center\" data-align=\"center\"><strong><span style=\"color:#010709\" class=\"has-inline-color\">9.00<\/span><\/strong><\/td><td class=\"has-text-align-center\" data-align=\"center\"><strong><mark style=\"background-color:rgba(0, 0, 0, 0);color:#000406\" class=\"has-inline-color\">14.00<\/mark><\/strong><\/td><\/tr><tr><td><strong><span style=\"color:#000305\" class=\"has-inline-color\">4 A\u00d1OS<\/span><\/strong><\/td><td class=\"has-text-align-center\" data-align=\"center\"><strong><mark style=\"background-color:rgba(0, 0, 0, 0);color:#000507\" class=\"has-inline-color\">9.00<\/mark><\/strong><\/td><td class=\"has-text-align-center\" data-align=\"center\"><strong><mark style=\"background-color:rgba(0, 0, 0, 0);color:#000305\" class=\"has-inline-color\">14.00<\/mark><\/strong><\/td><\/tr><tr><td><strong><span style=\"color:#010609\" class=\"has-inline-color\">3 A\u00d1OS<\/span><\/strong><\/td><td class=\"has-text-align-center\" data-align=\"center\"><strong><mark style=\"background-color:rgba(0, 0, 0, 0);color:#01080b\" class=\"has-inline-color\">9.00<\/mark><\/strong><\/td><td class=\"has-text-align-center\" data-align=\"center\"><strong><mark style=\"background-color:rgba(0, 0, 0, 0);color:#000507\" class=\"has-inline-color\">14.00<\/mark><\/strong><\/td><\/tr><\/tbody><\/table><\/figure>\n\n\n\n<hr class=\"wp-block-separator has-css-opacity\"\/>\n\n\n\n<p class=\"has-text-align-center has-text-color has-background\" style=\"color:#010608;background-color:#fedd82\"><strong>EDUCACI\u00d3N PRIMARIA<\/strong>. <strong>Acceso por la puerta principal<\/strong>.<\/p>\n\n\n\n<figure class=\"wp-block-table\"><table class=\"has-background\" style=\"background-color:#e7f5fe\"><tbody><tr><td><\/td><td class=\"has-text-align-center\" data-align=\"center\"><strong><span style=\"color:#01070a\" class=\"has-inline-color\">ENTRADAS<\/span><\/strong><\/td><td class=\"has-text-align-center\" data-align=\"center\"><strong><span style=\"color:#01090d\" class=\"has-inline-color\">SALIDAS<\/span><\/strong><\/td><\/tr><tr><td><strong>6\u00ba y<\/strong> <strong><span style=\"color:#000608\" class=\"has-inline-color\">5\u00ba E.P.<\/span><\/strong><\/td><td class=\"has-text-align-center\" data-align=\"center\"><strong><span style=\"color:#01080c\" class=\"has-inline-color\">9.00<\/span><\/strong><\/td><td class=\"has-text-align-center\" data-align=\"center\"><strong><mark style=\"background-color:rgba(0, 0, 0, 0);color:#01070a\" class=\"has-inline-color\">14.00<\/mark><\/strong><\/td><\/tr><tr><td><strong><span style=\"color:#010709\" class=\"has-inline-color\">4\u00ba y 3\u00ba E.P.<\/span><\/strong><\/td><td class=\"has-text-align-center\" data-align=\"center\"><strong><mark style=\"background-color:rgba(0, 0, 0, 0);color:#010709\" class=\"has-inline-color\">9.00<\/mark><\/strong><\/td><td class=\"has-text-align-center\" data-align=\"center\"><strong><mark style=\"background-color:rgba(0, 0, 0, 0);color:#010709\" class=\"has-inline-color\">14.00<\/mark><\/strong><\/td><\/tr><tr><td><strong><span style=\"color:#000608\" class=\"has-inline-color\">1\u00ba y 2\u00ba E.P.<\/span><\/strong><\/td><td class=\"has-text-align-center\" data-align=\"center\"><strong><mark style=\"background-color:rgba(0, 0, 0, 0);color:#01070a\" class=\"has-inline-color\">9.00<\/mark><\/strong><\/td><td class=\"has-text-align-center\" data-align=\"center\"><strong><mark style=\"background-color:rgba(0, 0, 0, 0);color:#000608\" class=\"has-inline-color\">14.00<\/mark><\/strong><\/td><\/tr><\/tbody><\/table><\/figure>\n\n\n\n<p class=\"has-text-align-center has-vivid-red-color has-text-color has-background\" style=\"background-color:#c7e1f1\"><strong>PARA EL RESTO DE SERVICIOS DEL CENTRO CONSULTAR EN LA PESTA\u00d1A DEL MEN\u00da CORRESPONDIENTE<\/strong><\/p>\n\n\n\n<hr class=\"wp-block-separator has-css-opacity\"\/>\n","protected":false},"excerpt":{"rendered":"<p>HORARIO SEPTIEMBRE Y JUNIO (horario reducido) A la entrada se abrir\u00e1n las puertas a las 08:55h. para que las familias pasen y se sit\u00faen detr\u00e1s de las columnas, donde esperar\u00e1n con el alumnado hasta que el maestro\/a comience la fila del curso correspondiente. A la salida se abrir\u00e1n las puertas a las 12:55h. para que<\/p><\/div>\n<div class=\"blog-btn\"><a href=\"https:\/\/site.educa.madrid.org\/cp.mariadevillota.madrid\/index.php\/horario-2\/\" class=\"home-blog-btn\">Leer m\u00e1s<\/a><\/p>\n","protected":false},"author":3,"featured_media":414,"parent":0,"menu_order":0,"comment_status":"closed","ping_status":"closed","template":"","meta":{"footnotes":""},"folder":[],"class_list":["post-194","page","type-page","status-publish","has-post-thumbnail","hentry"],"rttpg_featured_image_url":{"full":["https:\/\/site.educa.madrid.org\/cp.mariadevillota.madrid\/\/wp-content\/uploads\/cp.mariadevillota.madrid\/2019\/11\/reloj-e1574077963564.png",150,150,false],"landscape":["https:\/\/site.educa.madrid.org\/cp.mariadevillota.madrid\/\/wp-content\/uploads\/cp.mariadevillota.madrid\/2019\/11\/reloj-e1574077963564.png",150,150,false],"portraits":["https:\/\/site.educa.madrid.org\/cp.mariadevillota.madrid\/\/wp-content\/uploads\/cp.mariadevillota.madrid\/2019\/11\/reloj-e1574077963564.png",150,150,false],"thumbnail":["https:\/\/site.educa.madrid.org\/cp.mariadevillota.madrid\/\/wp-content\/uploads\/cp.mariadevillota.madrid\/2019\/11\/reloj-150x150.png",150,150,true],"medium":["https:\/\/site.educa.madrid.org\/cp.mariadevillota.madrid\/\/wp-content\/uploads\/cp.mariadevillota.madrid\/2019\/11\/reloj-300x300.png",300,300,true],"large":["https:\/\/site.educa.madrid.org\/cp.mariadevillota.madrid\/\/wp-content\/uploads\/cp.mariadevillota.madrid\/2019\/11\/reloj-e1574077963564.png",150,150,false],"thumblist":["https:\/\/site.educa.madrid.org\/cp.mariadevillota.madrid\/\/wp-content\/uploads\/cp.mariadevillota.madrid\/2019\/11\/reloj-e1574077963564.png",150,150,false],"thumbrelated":["https:\/\/site.educa.madrid.org\/cp.mariadevillota.madrid\/\/wp-content\/uploads\/cp.mariadevillota.madrid\/2019\/11\/reloj-e1574077963564.png",150,150,false],"meccarouselthumb":["https:\/\/site.educa.madrid.org\/cp.mariadevillota.madrid\/\/wp-content\/uploads\/cp.mariadevillota.madrid\/2019\/11\/reloj-e1574077963564.png",150,150,false],"gridsquare":["https:\/\/site.educa.madrid.org\/cp.mariadevillota.madrid\/\/wp-content\/uploads\/cp.mariadevillota.madrid\/2019\/11\/reloj-e1574077963564.png",150,150,false],"tileview":["https:\/\/site.educa.madrid.org\/cp.mariadevillota.madrid\/\/wp-content\/uploads\/cp.mariadevillota.madrid\/2019\/11\/reloj-e1574077963564.png",150,150,false],"1536x1536":["https:\/\/site.educa.madrid.org\/cp.mariadevillota.madrid\/\/wp-content\/uploads\/cp.mariadevillota.madrid\/2019\/11\/reloj-e1574077963564.png",150,150,false],"2048x2048":["https:\/\/site.educa.madrid.org\/cp.mariadevillota.madrid\/\/wp-content\/uploads\/cp.mariadevillota.madrid\/2019\/11\/reloj-e1574077963564.png",150,150,false],"sow-carousel-default":["https:\/\/site.educa.madrid.org\/cp.mariadevillota.madrid\/\/wp-content\/uploads\/cp.mariadevillota.madrid\/2019\/11\/reloj-e1574077963564.png",150,150,false],"sow-post-carousel-overlay-theme":["https:\/\/site.educa.madrid.org\/cp.mariadevillota.madrid\/\/wp-content\/uploads\/cp.mariadevillota.madrid\/2019\/11\/reloj-e1574077963564.png",150,150,false],"sow-post-carousel-cards-theme":["https:\/\/site.educa.madrid.org\/cp.mariadevillota.madrid\/\/wp-content\/uploads\/cp.mariadevillota.madrid\/2019\/11\/reloj-e1574077963564.png",150,150,false],"rt_custom":["https:\/\/site.educa.madrid.org\/cp.mariadevillota.madrid\/\/wp-content\/uploads\/cp.mariadevillota.madrid\/2019\/11\/reloj-e1574077963564.png",150,150,false]},"rttpg_author":{"display_name":"cp.mariadevillota.madrid","author_link":"https:\/\/site.educa.madrid.org\/cp.mariadevillota.madrid\/index.php\/author\/cuenta_cp-mariadevillota-madrid\/"},"rttpg_comment":0,"rttpg_category":false,"rttpg_excerpt":"HORARIO SEPTIEMBRE Y JUNIO (horario reducido) A la entrada se abrir\u00e1n las puertas a las 08:55h. para que las familias pasen y se sit\u00faen detr\u00e1s de las columnas, donde esperar\u00e1n con el alumnado hasta que el maestro\/a comience la fila del curso correspondiente. A la salida se abrir\u00e1n las puertas a las 12:55h. para queLeer&hellip;","post_mailing_queue_ids":[],"_links":{"self":[{"href":"https:\/\/site.educa.madrid.org\/cp.mariadevillota.madrid\/index.php\/wp-json\/wp\/v2\/pages\/194","targetHints":{"allow":["GET"]}}],"collection":[{"href":"https:\/\/site.educa.madrid.org\/cp.mariadevillota.madrid\/index.php\/wp-json\/wp\/v2\/pages"}],"about":[{"href":"https:\/\/site.educa.madrid.org\/cp.mariadevillota.madrid\/index.php\/wp-json\/wp\/v2\/types\/page"}],"author":[{"embeddable":true,"href":"https:\/\/site.educa.madrid.org\/cp.mariadevillota.madrid\/index.php\/wp-json\/wp\/v2\/users\/3"}],"replies":[{"embeddable":true,"href":"https:\/\/site.educa.madrid.org\/cp.mariadevillota.madrid\/index.php\/wp-json\/wp\/v2\/comments?post=194"}],"version-history":[{"count":38,"href":"https:\/\/site.educa.madrid.org\/cp.mariadevillota.madrid\/index.php\/wp-json\/wp\/v2\/pages\/194\/revisions"}],"predecessor-version":[{"id":13314,"href":"https:\/\/site.educa.madrid.org\/cp.mariadevillota.madrid\/index.php\/wp-json\/wp\/v2\/pages\/194\/revisions\/13314"}],"wp:featuredmedia":[{"embeddable":true,"href":"https:\/\/site.educa.madrid.org\/cp.mariadevillota.madrid\/index.php\/wp-json\/wp\/v2\/media\/414"}],"wp:attachment":[{"href":"https:\/\/site.educa.madrid.org\/cp.mariadevillota.madrid\/index.php\/wp-json\/wp\/v2\/media?parent=194"}],"wp:term":[{"taxonomy":"folder","embeddable":true,"href":"https:\/\/site.educa.madrid.org\/cp.mariadevillota.madrid\/index.php\/wp-json\/wp\/v2\/folder?post=194"}],"curies":[{"name":"wp","href":"https:\/\/api.w.org\/{rel}","templated":true}]}}