{"id":868,"date":"2020-03-04T13:56:09","date_gmt":"2020-03-04T13:56:09","guid":{"rendered":"https:\/\/site.educa.madrid.org\/cp.mariadevillota.madrid\/?page_id=868"},"modified":"2026-03-16T18:49:59","modified_gmt":"2026-03-16T17:49:59","slug":"dia-a-dia","status":"publish","type":"page","link":"https:\/\/site.educa.madrid.org\/cp.mariadevillota.madrid\/index.php\/dia-a-dia\/","title":{"rendered":"AULA DE APOYO EXTENSO Y  ESPECIALIZADO"},"content":{"rendered":"\n<p class=\"has-text-align-center has-black-color has-text-color has-link-color wp-elements-ac644804b7804b6c2ab60ab9764216df\"><strong>CENTRO ORDINARIO DE ATENCI\u00d3N PREFERENTE PARA ALUMNADO CON NECESIDADES EDUCATIVAS ESPECIALES DERIVADAS DEL TRASTORNO DEL ESPECTRO AUTISTA<\/strong><\/p>\n\n\n\n<p class=\"has-black-color has-text-color has-link-color wp-elements-854b9eca300a3e3ae0b20d1ce706b842\">Los centros ordinarios de atenci\u00f3n preferente para alumnado con necesidades educativas especiales derivadas del Trastorno del Espectro Autista (TEA) desarrollan una experiencia educativa especializada dentro del entorno ordinario. Su objetivo es favorecer el desarrollo personal, social y acad\u00e9mico del alumnado mediante una red de apoyos educativos extensos y especializados que faciliten el acceso al curr\u00edculo y la adquisici\u00f3n de aprendizajes funcionales.<\/p>\n\n\n\n<p class=\"has-black-color has-text-color has-link-color wp-elements-885dad26336543cfc29f3030555f72b2\">En estos centros, el alumnado est\u00e1 matriculado en un aula ordinaria y participa en la vida del grupo de referencia en aquellas actividades en las que puede integrarse tanto a nivel social como acad\u00e9mico. Para apoyar su aprendizaje, se dispone de un aula espec\u00edfica de apoyo donde el alumnado recibe atenci\u00f3n especializada durante parte de la jornada escolar. La distribuci\u00f3n del tiempo entre el aula ordinaria y el aula de apoyo se adapta a las necesidades de cada alumno, con el objetivo de aumentar progresivamente su participaci\u00f3n en el grupo de referencia.<\/p>\n\n\n\n<p class=\"has-black-color has-text-color has-link-color wp-elements-d8110637e96c2254fab93eca2f34272f\">La intervenci\u00f3n educativa parte del curr\u00edculo ordinario de la etapa correspondiente e incluye las adaptaciones necesarias, as\u00ed como una programaci\u00f3n espec\u00edfica orientada al desarrollo de la autonom\u00eda personal, las habilidades comunicativas y sociales y los aprendizajes escolares. Para ello, el centro cuenta con profesionales especializados, como maestros de Pedagog\u00eda Terap\u00e9utica y\/o Audici\u00f3n y Lenguaje y un T\u00e9cnico Especialista o Integrador Social, que trabajan de forma coordinada con el tutor y el resto del profesorado, utilizando metodolog\u00edas estructuradas, apoyos visuales y sistemas alternativos de comunicaci\u00f3n.<\/p>\n\n\n\n<div class=\"wp-block-columns is-layout-flex wp-container-core-columns-is-layout-9d6595d7 wp-block-columns-is-layout-flex\">\n<div class=\"wp-block-column is-vertically-aligned-top is-layout-flow wp-block-column-is-layout-flow\" style=\"flex-basis:33.33%\">\n<figure class=\"wp-block-image size-large is-resized is-style-default\"><img loading=\"lazy\" decoding=\"async\" width=\"720\" height=\"364\" src=\"https:\/\/site.educa.madrid.org\/cp.mariadevillota.madrid\/\/wp-content\/uploads\/cp.mariadevillota.madrid\/2021\/11\/rainbow2-2.jpg\" alt=\"\" class=\"wp-image-4294\" style=\"width:257px;height:129px\" srcset=\"https:\/\/site.educa.madrid.org\/cp.mariadevillota.madrid\/\/wp-content\/uploads\/cp.mariadevillota.madrid\/2021\/11\/rainbow2-2.jpg 720w, https:\/\/site.educa.madrid.org\/cp.mariadevillota.madrid\/\/wp-content\/uploads\/cp.mariadevillota.madrid\/2021\/11\/rainbow2-2-300x152.jpg 300w\" sizes=\"auto, (max-width: 720px) 100vw, 720px\" \/><\/figure>\n<\/div>\n\n\n\n<div class=\"wp-block-column is-vertically-aligned-bottom is-layout-flow wp-block-column-is-layout-flow\"><\/div>\n\n\n\n<div class=\"wp-block-column is-vertically-aligned-center is-layout-flow wp-block-column-is-layout-flow\" style=\"flex-basis:66.66%\">\n<p class=\"has-text-align-left has-vivid-purple-color has-text-color\" style=\"font-size:37px\"><strong>AULA ARCO\u00cdRIS<\/strong><\/p>\n<\/div>\n<\/div>\n\n\n\n<p class=\"has-very-light-gray-background-color has-text-color has-background\" style=\"color:#010709\">\u00a1Hola Familias! Os vamos a contar un poco de lo que hacemos un d\u00eda cualquiera en el AULA ARCO\u00cdRIS del Colegio Mar\u00eda de Villota.<\/p>\n\n\n\n<p class=\"has-black-color has-text-color\">Hello Families! We are going to tell you a little about what we do everyday in the RAINBOW CLASSROOM at Maria de Villota.&nbsp;<\/p>\n\n\n\n<p class=\"has-black-color has-text-color has-background\" style=\"background-color:#efefef\">Todas las ma\u00f1anas nos dirigimos al aula arco\u00edris. En el <strong>RINC\u00d3N DE LA ASAMBLEA<\/strong> contamos lo que hemos hecho en el fin de semana o por las tardes despu\u00e9s de salir del cole, an\u00e9cdotas, historias o cualquier cosa que nos apetezca compartir. <\/p>\n\n\n\n<p class=\"has-black-color has-text-color\">Every morning we go to the rainbow classroom. In the ASSEMBLY CORNER, we talk about what we have done on the weekend or in the afternoons after school or stories about whatever we want to share.&nbsp;<\/p>\n\n\n\n<p class=\"has-black-color has-text-color has-background\" style=\"background-color:#efefef\">Hablamos del tiempo y como este va cambiando, como nos sentimos ese d\u00eda y el men\u00fa que nos toca comer, que en ocasiones nos gusta mucho y otras no tanto\u2026<\/p>\n\n\n\n<p class=\"has-black-color has-text-color\">We talk about the weather and how it is changing, how we feel that day, what we will eat for lunch in the canteen which sometimes we like a lot and others not so much&#8230;&nbsp;<\/p>\n\n\n\n<figure class=\"wp-block-gallery has-nested-images columns-default is-cropped wp-block-gallery-1 is-layout-flex wp-block-gallery-is-layout-flex\">\n<figure class=\"wp-block-image size-large\"><img loading=\"lazy\" decoding=\"async\" width=\"287\" height=\"381\" data-id=\"4310\" src=\"https:\/\/site.educa.madrid.org\/cp.mariadevillota.madrid\/\/wp-content\/uploads\/cp.mariadevillota.madrid\/2021\/11\/RA_TEA-5-1.png\" alt=\"\" class=\"wp-image-4310\" srcset=\"https:\/\/site.educa.madrid.org\/cp.mariadevillota.madrid\/\/wp-content\/uploads\/cp.mariadevillota.madrid\/2021\/11\/RA_TEA-5-1.png 287w, https:\/\/site.educa.madrid.org\/cp.mariadevillota.madrid\/\/wp-content\/uploads\/cp.mariadevillota.madrid\/2021\/11\/RA_TEA-5-1-226x300.png 226w\" sizes=\"auto, (max-width: 287px) 100vw, 287px\" \/><\/figure>\n<\/figure>\n\n\n\n<p class=\"has-black-color has-text-color has-background\" style=\"background-color:#efefef\">Despu\u00e9s elaboramos una <strong>AGENDA <\/strong>en la cual organizamos cada una de las actividades que vamos a realizar no solo en el aula arco\u00edris sino en el resto de clases.&nbsp; Con una flecha vamos indicando lo que nos toca y nos dirigimos hacia all\u00ed\u2026<\/p>\n\n\n\n<p class=\"has-black-color has-text-color\">Then we make an AGENDA in which we organize each of the activities that we are going to do not only in the rainbow classroom but also in the rest of the classes. With an arrow, we indicate what we have to do and we go there&#8230;&nbsp;<\/p>\n\n\n\n<figure class=\"wp-block-gallery has-nested-images columns-default is-cropped wp-block-gallery-2 is-layout-flex wp-block-gallery-is-layout-flex\">\n<figure class=\"wp-block-image size-large\"><img loading=\"lazy\" decoding=\"async\" width=\"313\" height=\"418\" data-id=\"4307\" src=\"https:\/\/site.educa.madrid.org\/cp.mariadevillota.madrid\/\/wp-content\/uploads\/cp.mariadevillota.madrid\/2021\/11\/RA_TEA-6.png\" alt=\"\" class=\"wp-image-4307\" srcset=\"https:\/\/site.educa.madrid.org\/cp.mariadevillota.madrid\/\/wp-content\/uploads\/cp.mariadevillota.madrid\/2021\/11\/RA_TEA-6.png 313w, https:\/\/site.educa.madrid.org\/cp.mariadevillota.madrid\/\/wp-content\/uploads\/cp.mariadevillota.madrid\/2021\/11\/RA_TEA-6-225x300.png 225w, https:\/\/site.educa.madrid.org\/cp.mariadevillota.madrid\/\/wp-content\/uploads\/cp.mariadevillota.madrid\/2021\/11\/RA_TEA-6-300x400.png 300w\" sizes=\"auto, (max-width: 313px) 100vw, 313px\" \/><\/figure>\n<\/figure>\n\n\n\n<figure class=\"wp-block-gallery has-nested-images columns-default is-cropped wp-block-gallery-3 is-layout-flex wp-block-gallery-is-layout-flex\">\n<figure class=\"wp-block-image size-large\"><img loading=\"lazy\" decoding=\"async\" width=\"255\" height=\"341\" data-id=\"4311\" src=\"https:\/\/site.educa.madrid.org\/cp.mariadevillota.madrid\/\/wp-content\/uploads\/cp.mariadevillota.madrid\/2021\/11\/RA_TEA-2-1.png\" alt=\"\" class=\"wp-image-4311\" srcset=\"https:\/\/site.educa.madrid.org\/cp.mariadevillota.madrid\/\/wp-content\/uploads\/cp.mariadevillota.madrid\/2021\/11\/RA_TEA-2-1.png 255w, https:\/\/site.educa.madrid.org\/cp.mariadevillota.madrid\/\/wp-content\/uploads\/cp.mariadevillota.madrid\/2021\/11\/RA_TEA-2-1-224x300.png 224w\" sizes=\"auto, (max-width: 255px) 100vw, 255px\" \/><\/figure>\n\n\n\n<figure class=\"wp-block-image size-large\"><img loading=\"lazy\" decoding=\"async\" width=\"310\" height=\"415\" data-id=\"4312\" src=\"https:\/\/site.educa.madrid.org\/cp.mariadevillota.madrid\/\/wp-content\/uploads\/cp.mariadevillota.madrid\/2021\/11\/RA_TEA-7-1.png\" alt=\"\" class=\"wp-image-4312\" srcset=\"https:\/\/site.educa.madrid.org\/cp.mariadevillota.madrid\/\/wp-content\/uploads\/cp.mariadevillota.madrid\/2021\/11\/RA_TEA-7-1.png 310w, https:\/\/site.educa.madrid.org\/cp.mariadevillota.madrid\/\/wp-content\/uploads\/cp.mariadevillota.madrid\/2021\/11\/RA_TEA-7-1-224x300.png 224w\" sizes=\"auto, (max-width: 310px) 100vw, 310px\" \/><\/figure>\n<\/figure>\n\n\n\n<p class=\"has-black-color has-very-light-gray-background-color has-text-color has-background\">En el <strong>RINC\u00d3N DEL TRABAJO EN GRUPO <\/strong>hacemos diferentes actividades, todos al mismo tiempo, como jugar a la ruleta, , al bingo, al comecocos parlanch\u00edn, contar historias con unos dados especiales , clasificar vocabulario, ordenar frases y \u00a1muchas cosas m\u00e1s!<\/p>\n\n\n\n<p class=\"has-black-color has-text-color\">In the GROUP WORK CORNER, we do different activities all at the same time such as playing roulette, bingo, chattering kite, telling stories with special dice, classifying vocabulary, ordering phrases and more!<\/p>\n\n\n\n<figure class=\"wp-block-gallery has-nested-images columns-default is-cropped wp-block-gallery-4 is-layout-flex wp-block-gallery-is-layout-flex\">\n<figure class=\"wp-block-image size-large\"><img loading=\"lazy\" decoding=\"async\" width=\"332\" height=\"441\" data-id=\"4271\" src=\"https:\/\/site.educa.madrid.org\/cp.mariadevillota.madrid\/\/wp-content\/uploads\/cp.mariadevillota.madrid\/2021\/11\/RTG_TEA-1.png\" alt=\"\" class=\"wp-image-4271\" srcset=\"https:\/\/site.educa.madrid.org\/cp.mariadevillota.madrid\/\/wp-content\/uploads\/cp.mariadevillota.madrid\/2021\/11\/RTG_TEA-1.png 332w, https:\/\/site.educa.madrid.org\/cp.mariadevillota.madrid\/\/wp-content\/uploads\/cp.mariadevillota.madrid\/2021\/11\/RTG_TEA-1-226x300.png 226w\" sizes=\"auto, (max-width: 332px) 100vw, 332px\" \/><\/figure>\n\n\n\n<figure class=\"wp-block-image size-large\"><img loading=\"lazy\" decoding=\"async\" width=\"318\" height=\"425\" data-id=\"4272\" src=\"https:\/\/site.educa.madrid.org\/cp.mariadevillota.madrid\/\/wp-content\/uploads\/cp.mariadevillota.madrid\/2021\/11\/RTG_TEA-2.png\" alt=\"\" class=\"wp-image-4272\" srcset=\"https:\/\/site.educa.madrid.org\/cp.mariadevillota.madrid\/\/wp-content\/uploads\/cp.mariadevillota.madrid\/2021\/11\/RTG_TEA-2.png 318w, https:\/\/site.educa.madrid.org\/cp.mariadevillota.madrid\/\/wp-content\/uploads\/cp.mariadevillota.madrid\/2021\/11\/RTG_TEA-2-224x300.png 224w, https:\/\/site.educa.madrid.org\/cp.mariadevillota.madrid\/\/wp-content\/uploads\/cp.mariadevillota.madrid\/2021\/11\/RTG_TEA-2-300x400.png 300w\" sizes=\"auto, (max-width: 318px) 100vw, 318px\" \/><\/figure>\n\n\n\n<figure class=\"wp-block-image size-large\"><img loading=\"lazy\" decoding=\"async\" width=\"324\" height=\"432\" data-id=\"4273\" src=\"https:\/\/site.educa.madrid.org\/cp.mariadevillota.madrid\/\/wp-content\/uploads\/cp.mariadevillota.madrid\/2021\/11\/RTG_TEA-3.png\" alt=\"\" class=\"wp-image-4273\" srcset=\"https:\/\/site.educa.madrid.org\/cp.mariadevillota.madrid\/\/wp-content\/uploads\/cp.mariadevillota.madrid\/2021\/11\/RTG_TEA-3.png 324w, https:\/\/site.educa.madrid.org\/cp.mariadevillota.madrid\/\/wp-content\/uploads\/cp.mariadevillota.madrid\/2021\/11\/RTG_TEA-3-225x300.png 225w, https:\/\/site.educa.madrid.org\/cp.mariadevillota.madrid\/\/wp-content\/uploads\/cp.mariadevillota.madrid\/2021\/11\/RTG_TEA-3-300x400.png 300w\" sizes=\"auto, (max-width: 324px) 100vw, 324px\" \/><\/figure>\n\n\n\n<figure class=\"wp-block-image size-large\"><img loading=\"lazy\" decoding=\"async\" width=\"272\" height=\"364\" data-id=\"4274\" src=\"https:\/\/site.educa.madrid.org\/cp.mariadevillota.madrid\/\/wp-content\/uploads\/cp.mariadevillota.madrid\/2021\/11\/RTG_TEA-4.png\" alt=\"\" class=\"wp-image-4274\" srcset=\"https:\/\/site.educa.madrid.org\/cp.mariadevillota.madrid\/\/wp-content\/uploads\/cp.mariadevillota.madrid\/2021\/11\/RTG_TEA-4.png 272w, https:\/\/site.educa.madrid.org\/cp.mariadevillota.madrid\/\/wp-content\/uploads\/cp.mariadevillota.madrid\/2021\/11\/RTG_TEA-4-224x300.png 224w\" sizes=\"auto, (max-width: 272px) 100vw, 272px\" \/><\/figure>\n\n\n\n<figure class=\"wp-block-image size-large\"><img loading=\"lazy\" decoding=\"async\" width=\"332\" height=\"249\" data-id=\"4275\" src=\"https:\/\/site.educa.madrid.org\/cp.mariadevillota.madrid\/\/wp-content\/uploads\/cp.mariadevillota.madrid\/2021\/11\/RTG_TEA-5.png\" alt=\"\" class=\"wp-image-4275\" srcset=\"https:\/\/site.educa.madrid.org\/cp.mariadevillota.madrid\/\/wp-content\/uploads\/cp.mariadevillota.madrid\/2021\/11\/RTG_TEA-5.png 332w, https:\/\/site.educa.madrid.org\/cp.mariadevillota.madrid\/\/wp-content\/uploads\/cp.mariadevillota.madrid\/2021\/11\/RTG_TEA-5-300x225.png 300w\" sizes=\"auto, (max-width: 332px) 100vw, 332px\" \/><\/figure>\n\n\n\n<figure class=\"wp-block-image size-large\"><img loading=\"lazy\" decoding=\"async\" width=\"363\" height=\"272\" data-id=\"4276\" src=\"https:\/\/site.educa.madrid.org\/cp.mariadevillota.madrid\/\/wp-content\/uploads\/cp.mariadevillota.madrid\/2021\/11\/RTG_TEA-6.png\" alt=\"\" class=\"wp-image-4276\" srcset=\"https:\/\/site.educa.madrid.org\/cp.mariadevillota.madrid\/\/wp-content\/uploads\/cp.mariadevillota.madrid\/2021\/11\/RTG_TEA-6.png 363w, https:\/\/site.educa.madrid.org\/cp.mariadevillota.madrid\/\/wp-content\/uploads\/cp.mariadevillota.madrid\/2021\/11\/RTG_TEA-6-300x225.png 300w\" sizes=\"auto, (max-width: 363px) 100vw, 363px\" \/><\/figure>\n<\/figure>\n\n\n\n<p class=\"has-black-color has-very-light-gray-background-color has-text-color has-background\">Tambi\u00e9n hay un <strong>RINC\u00d3N DEL TRABAJO INDIVIDUAL<\/strong>.<\/p>\n\n\n\n<p class=\"has-black-color has-text-color\">There is also an INDIVIDUAL WORK CORNER.&nbsp;<\/p>\n\n\n\n<figure class=\"wp-block-gallery has-nested-images columns-default is-cropped wp-block-gallery-5 is-layout-flex wp-block-gallery-is-layout-flex\">\n<figure class=\"wp-block-image size-large\"><img loading=\"lazy\" decoding=\"async\" width=\"296\" height=\"395\" data-id=\"4277\" src=\"https:\/\/site.educa.madrid.org\/cp.mariadevillota.madrid\/\/wp-content\/uploads\/cp.mariadevillota.madrid\/2021\/11\/RTI_TEA-1.png\" alt=\"\" class=\"wp-image-4277\" srcset=\"https:\/\/site.educa.madrid.org\/cp.mariadevillota.madrid\/\/wp-content\/uploads\/cp.mariadevillota.madrid\/2021\/11\/RTI_TEA-1.png 296w, https:\/\/site.educa.madrid.org\/cp.mariadevillota.madrid\/\/wp-content\/uploads\/cp.mariadevillota.madrid\/2021\/11\/RTI_TEA-1-225x300.png 225w\" sizes=\"auto, (max-width: 296px) 100vw, 296px\" \/><\/figure>\n\n\n\n<figure class=\"wp-block-image size-large\"><img loading=\"lazy\" decoding=\"async\" width=\"289\" height=\"386\" data-id=\"4278\" src=\"https:\/\/site.educa.madrid.org\/cp.mariadevillota.madrid\/\/wp-content\/uploads\/cp.mariadevillota.madrid\/2021\/11\/RTI_TEA-2.png\" alt=\"\" class=\"wp-image-4278\" srcset=\"https:\/\/site.educa.madrid.org\/cp.mariadevillota.madrid\/\/wp-content\/uploads\/cp.mariadevillota.madrid\/2021\/11\/RTI_TEA-2.png 289w, https:\/\/site.educa.madrid.org\/cp.mariadevillota.madrid\/\/wp-content\/uploads\/cp.mariadevillota.madrid\/2021\/11\/RTI_TEA-2-225x300.png 225w\" sizes=\"auto, (max-width: 289px) 100vw, 289px\" \/><\/figure>\n\n\n\n<figure class=\"wp-block-image size-large\"><img loading=\"lazy\" decoding=\"async\" width=\"272\" height=\"363\" data-id=\"4280\" src=\"https:\/\/site.educa.madrid.org\/cp.mariadevillota.madrid\/\/wp-content\/uploads\/cp.mariadevillota.madrid\/2021\/11\/RTI_TEA-4.png\" alt=\"\" class=\"wp-image-4280\" srcset=\"https:\/\/site.educa.madrid.org\/cp.mariadevillota.madrid\/\/wp-content\/uploads\/cp.mariadevillota.madrid\/2021\/11\/RTI_TEA-4.png 272w, https:\/\/site.educa.madrid.org\/cp.mariadevillota.madrid\/\/wp-content\/uploads\/cp.mariadevillota.madrid\/2021\/11\/RTI_TEA-4-225x300.png 225w\" sizes=\"auto, (max-width: 272px) 100vw, 272px\" \/><\/figure>\n<\/figure>\n\n\n\n<p class=\"has-black-color has-text-color has-background\" style=\"background-color:#efefef\">El <strong>RINC\u00d3N DE LA CALMA<\/strong> es uno de nuestros rincones favoritos ya que hacemos y aprendemos diferentes ejercicios que nos ayudan a relajarnos cuando nos ponemos nerviosos as\u00ed como otras actividades que nos gustan un mont\u00f3n como masajes a los compa\u00f1eros, lectura de cuentos, encontrar objetos en nuestro caj\u00f3n de arena, etc.<\/p>\n\n\n\n<p class=\"has-black-color has-text-color\">THE CALM CORNER is one of our favorite corners because we do and learn different exercises that help us relax when we feel nervous as well as other activities that we like a lot like massages from our classmates, reading stories, finding objects in our sandbox, etc.&nbsp;<\/p>\n\n\n\n<figure class=\"wp-block-gallery has-nested-images columns-default is-cropped wp-block-gallery-6 is-layout-flex wp-block-gallery-is-layout-flex\">\n<figure class=\"wp-block-image size-large\"><img loading=\"lazy\" decoding=\"async\" width=\"340\" height=\"445\" data-id=\"4284\" src=\"https:\/\/site.educa.madrid.org\/cp.mariadevillota.madrid\/\/wp-content\/uploads\/cp.mariadevillota.madrid\/2021\/11\/RC_TEA-1.png\" alt=\"\" class=\"wp-image-4284\" srcset=\"https:\/\/site.educa.madrid.org\/cp.mariadevillota.madrid\/\/wp-content\/uploads\/cp.mariadevillota.madrid\/2021\/11\/RC_TEA-1.png 340w, https:\/\/site.educa.madrid.org\/cp.mariadevillota.madrid\/\/wp-content\/uploads\/cp.mariadevillota.madrid\/2021\/11\/RC_TEA-1-229x300.png 229w\" sizes=\"auto, (max-width: 340px) 100vw, 340px\" \/><\/figure>\n\n\n\n<figure class=\"wp-block-image size-large\"><img loading=\"lazy\" decoding=\"async\" width=\"480\" height=\"389\" data-id=\"4285\" src=\"https:\/\/site.educa.madrid.org\/cp.mariadevillota.madrid\/\/wp-content\/uploads\/cp.mariadevillota.madrid\/2021\/11\/RC_TEA-2.png\" alt=\"\" class=\"wp-image-4285\" srcset=\"https:\/\/site.educa.madrid.org\/cp.mariadevillota.madrid\/\/wp-content\/uploads\/cp.mariadevillota.madrid\/2021\/11\/RC_TEA-2.png 480w, https:\/\/site.educa.madrid.org\/cp.mariadevillota.madrid\/\/wp-content\/uploads\/cp.mariadevillota.madrid\/2021\/11\/RC_TEA-2-300x243.png 300w\" sizes=\"auto, (max-width: 480px) 100vw, 480px\" \/><\/figure>\n\n\n\n<figure class=\"wp-block-image size-large\"><img loading=\"lazy\" decoding=\"async\" width=\"418\" height=\"417\" data-id=\"4286\" src=\"https:\/\/site.educa.madrid.org\/cp.mariadevillota.madrid\/\/wp-content\/uploads\/cp.mariadevillota.madrid\/2021\/11\/RC_TEA-3.png\" alt=\"\" class=\"wp-image-4286\" srcset=\"https:\/\/site.educa.madrid.org\/cp.mariadevillota.madrid\/\/wp-content\/uploads\/cp.mariadevillota.madrid\/2021\/11\/RC_TEA-3.png 418w, https:\/\/site.educa.madrid.org\/cp.mariadevillota.madrid\/\/wp-content\/uploads\/cp.mariadevillota.madrid\/2021\/11\/RC_TEA-3-300x300.png 300w, https:\/\/site.educa.madrid.org\/cp.mariadevillota.madrid\/\/wp-content\/uploads\/cp.mariadevillota.madrid\/2021\/11\/RC_TEA-3-150x150.png 150w\" sizes=\"auto, (max-width: 418px) 100vw, 418px\" \/><\/figure>\n\n\n\n<figure class=\"wp-block-image size-large\"><img loading=\"lazy\" decoding=\"async\" width=\"327\" height=\"410\" data-id=\"4287\" src=\"https:\/\/site.educa.madrid.org\/cp.mariadevillota.madrid\/\/wp-content\/uploads\/cp.mariadevillota.madrid\/2021\/11\/RC_TEA-4.png\" alt=\"\" class=\"wp-image-4287\" srcset=\"https:\/\/site.educa.madrid.org\/cp.mariadevillota.madrid\/\/wp-content\/uploads\/cp.mariadevillota.madrid\/2021\/11\/RC_TEA-4.png 327w, https:\/\/site.educa.madrid.org\/cp.mariadevillota.madrid\/\/wp-content\/uploads\/cp.mariadevillota.madrid\/2021\/11\/RC_TEA-4-239x300.png 239w\" sizes=\"auto, (max-width: 327px) 100vw, 327px\" \/><\/figure>\n\n\n\n<figure class=\"wp-block-image size-large\"><img loading=\"lazy\" decoding=\"async\" width=\"465\" height=\"559\" data-id=\"4288\" src=\"https:\/\/site.educa.madrid.org\/cp.mariadevillota.madrid\/\/wp-content\/uploads\/cp.mariadevillota.madrid\/2021\/11\/RC_TEA-5.png\" alt=\"\" class=\"wp-image-4288\" srcset=\"https:\/\/site.educa.madrid.org\/cp.mariadevillota.madrid\/\/wp-content\/uploads\/cp.mariadevillota.madrid\/2021\/11\/RC_TEA-5.png 465w, https:\/\/site.educa.madrid.org\/cp.mariadevillota.madrid\/\/wp-content\/uploads\/cp.mariadevillota.madrid\/2021\/11\/RC_TEA-5-250x300.png 250w\" sizes=\"auto, (max-width: 465px) 100vw, 465px\" \/><\/figure>\n\n\n\n<figure class=\"wp-block-image size-large\"><img loading=\"lazy\" decoding=\"async\" width=\"369\" height=\"527\" data-id=\"4290\" src=\"https:\/\/site.educa.madrid.org\/cp.mariadevillota.madrid\/\/wp-content\/uploads\/cp.mariadevillota.madrid\/2021\/11\/RC_TEA-7.png\" alt=\"\" class=\"wp-image-4290\" srcset=\"https:\/\/site.educa.madrid.org\/cp.mariadevillota.madrid\/\/wp-content\/uploads\/cp.mariadevillota.madrid\/2021\/11\/RC_TEA-7.png 369w, https:\/\/site.educa.madrid.org\/cp.mariadevillota.madrid\/\/wp-content\/uploads\/cp.mariadevillota.madrid\/2021\/11\/RC_TEA-7-210x300.png 210w\" sizes=\"auto, (max-width: 369px) 100vw, 369px\" \/><\/figure>\n<\/figure>\n\n\n\n<p class=\"has-very-light-gray-background-color has-text-color has-background\" style=\"color:#000507\">Los viernes despu\u00e9s del recreo hacemos un <strong>TALLER DE JUEGOS<\/strong> con todos los chicos del aula donde proponemos diferentes juegos y en ocasiones vienen amigos y amigas de otras clases a jugar con nosotros.<\/p>\n\n\n\n<p class=\"has-black-color has-text-color\">On Friday&#8217;s after recess we do a GAME WORKSHOP with all the students in the classroom where we propose different games and sometimes friends from other classes come to play with us.&nbsp;<\/p>\n\n\n\n<figure class=\"wp-block-gallery has-nested-images columns-default is-cropped wp-block-gallery-7 is-layout-flex wp-block-gallery-is-layout-flex\">\n<figure class=\"wp-block-image size-large\"><img loading=\"lazy\" decoding=\"async\" width=\"421\" height=\"405\" data-id=\"4281\" src=\"https:\/\/site.educa.madrid.org\/cp.mariadevillota.madrid\/\/wp-content\/uploads\/cp.mariadevillota.madrid\/2021\/11\/TJ_TEA-1.png\" alt=\"\" class=\"wp-image-4281\" srcset=\"https:\/\/site.educa.madrid.org\/cp.mariadevillota.madrid\/\/wp-content\/uploads\/cp.mariadevillota.madrid\/2021\/11\/TJ_TEA-1.png 421w, https:\/\/site.educa.madrid.org\/cp.mariadevillota.madrid\/\/wp-content\/uploads\/cp.mariadevillota.madrid\/2021\/11\/TJ_TEA-1-300x289.png 300w\" sizes=\"auto, (max-width: 421px) 100vw, 421px\" \/><\/figure>\n\n\n\n<figure class=\"wp-block-image size-large\"><img loading=\"lazy\" decoding=\"async\" width=\"562\" height=\"435\" data-id=\"4283\" src=\"https:\/\/site.educa.madrid.org\/cp.mariadevillota.madrid\/\/wp-content\/uploads\/cp.mariadevillota.madrid\/2021\/11\/TJ_TEA-3.png\" alt=\"\" class=\"wp-image-4283\" srcset=\"https:\/\/site.educa.madrid.org\/cp.mariadevillota.madrid\/\/wp-content\/uploads\/cp.mariadevillota.madrid\/2021\/11\/TJ_TEA-3.png 562w, https:\/\/site.educa.madrid.org\/cp.mariadevillota.madrid\/\/wp-content\/uploads\/cp.mariadevillota.madrid\/2021\/11\/TJ_TEA-3-300x232.png 300w\" sizes=\"auto, (max-width: 562px) 100vw, 562px\" \/><\/figure>\n<\/figure>\n\n\n\n<p class=\"has-very-light-gray-background-color has-text-color has-background\" style=\"color:#01080b\">As\u00ed es como aprendemos divirti\u00e9ndonos. <strong>\u00a1Hasta pronto!<\/strong><\/p>\n\n\n\n<p class=\"has-black-color has-text-color\">This is how we learn by having fun. <strong>See you soon!<\/strong>&nbsp;<\/p>\n","protected":false},"excerpt":{"rendered":"<p>CENTRO ORDINARIO DE ATENCI\u00d3N PREFERENTE PARA ALUMNADO CON NECESIDADES EDUCATIVAS ESPECIALES DERIVADAS DEL TRASTORNO DEL ESPECTRO AUTISTA Los centros ordinarios de atenci\u00f3n preferente para alumnado con necesidades educativas especiales derivadas del Trastorno del Espectro Autista (TEA) desarrollan una experiencia educativa especializada dentro del entorno ordinario. Su objetivo es favorecer el desarrollo personal, social y acad\u00e9mico<\/p><\/div>\n<div class=\"blog-btn\"><a href=\"https:\/\/site.educa.madrid.org\/cp.mariadevillota.madrid\/index.php\/dia-a-dia\/\" class=\"home-blog-btn\">Leer m\u00e1s<\/a><\/p>\n","protected":false},"author":3,"featured_media":0,"parent":0,"menu_order":0,"comment_status":"closed","ping_status":"closed","template":"","meta":{"footnotes":""},"folder":[],"class_list":["post-868","page","type-page","status-publish","hentry"],"rttpg_featured_image_url":null,"rttpg_author":{"display_name":"cp.mariadevillota.madrid","author_link":"https:\/\/site.educa.madrid.org\/cp.mariadevillota.madrid\/index.php\/author\/cuenta_cp-mariadevillota-madrid\/"},"rttpg_comment":0,"rttpg_category":false,"rttpg_excerpt":"CENTRO ORDINARIO DE ATENCI\u00d3N PREFERENTE PARA ALUMNADO CON NECESIDADES EDUCATIVAS ESPECIALES DERIVADAS DEL TRASTORNO DEL ESPECTRO AUTISTA Los centros ordinarios de atenci\u00f3n preferente para alumnado con necesidades educativas especiales derivadas del Trastorno del Espectro Autista (TEA) desarrollan una experiencia educativa especializada dentro del entorno ordinario. Su objetivo es favorecer el desarrollo personal, social y acad\u00e9micoLeer&hellip;","post_mailing_queue_ids":[],"_links":{"self":[{"href":"https:\/\/site.educa.madrid.org\/cp.mariadevillota.madrid\/index.php\/wp-json\/wp\/v2\/pages\/868","targetHints":{"allow":["GET"]}}],"collection":[{"href":"https:\/\/site.educa.madrid.org\/cp.mariadevillota.madrid\/index.php\/wp-json\/wp\/v2\/pages"}],"about":[{"href":"https:\/\/site.educa.madrid.org\/cp.mariadevillota.madrid\/index.php\/wp-json\/wp\/v2\/types\/page"}],"author":[{"embeddable":true,"href":"https:\/\/site.educa.madrid.org\/cp.mariadevillota.madrid\/index.php\/wp-json\/wp\/v2\/users\/3"}],"replies":[{"embeddable":true,"href":"https:\/\/site.educa.madrid.org\/cp.mariadevillota.madrid\/index.php\/wp-json\/wp\/v2\/comments?post=868"}],"version-history":[{"count":42,"href":"https:\/\/site.educa.madrid.org\/cp.mariadevillota.madrid\/index.php\/wp-json\/wp\/v2\/pages\/868\/revisions"}],"predecessor-version":[{"id":18689,"href":"https:\/\/site.educa.madrid.org\/cp.mariadevillota.madrid\/index.php\/wp-json\/wp\/v2\/pages\/868\/revisions\/18689"}],"wp:attachment":[{"href":"https:\/\/site.educa.madrid.org\/cp.mariadevillota.madrid\/index.php\/wp-json\/wp\/v2\/media?parent=868"}],"wp:term":[{"taxonomy":"folder","embeddable":true,"href":"https:\/\/site.educa.madrid.org\/cp.mariadevillota.madrid\/index.php\/wp-json\/wp\/v2\/folder?post=868"}],"curies":[{"name":"wp","href":"https:\/\/api.w.org\/{rel}","templated":true}]}}