{"id":8790,"date":"2023-11-02T14:00:18","date_gmt":"2023-11-02T13:00:18","guid":{"rendered":"https:\/\/site.educa.madrid.org\/cp.mariadevillota.madrid\/?page_id=8790"},"modified":"2026-03-24T16:43:13","modified_gmt":"2026-03-24T15:43:13","slug":"religion","status":"publish","type":"page","link":"https:\/\/site.educa.madrid.org\/cp.mariadevillota.madrid\/index.php\/religion\/","title":{"rendered":"RELIGI\u00d3N"},"content":{"rendered":"\n<p class=\"has-text-align-center has-white-color has-vivid-purple-background-color has-text-color has-background has-link-color wp-elements-f2e902eaa7dd5f8a6a6c4249f36ff3d5\"><strong>P\u00c9SAJ<\/strong><\/p>\n\n\n\n<p class=\"has-pale-cyan-blue-background-color has-background\">Hemos trabajado el origen y sentido de la Semana Santa. Conocemos la fiesta jud\u00eda del P\u00e9saj, escenificando la narrativa de la cena, sus c\u00e1nticos y los gestos que Jes\u00fas realiz\u00f3 con sus disc\u00edpulos. Para acabar hemos analizado la obra de Leonardo da Vinci de la \u00ab\u00daltima cena\u00bb identificando los personajes y las emociones que desprend\u00edan a trav\u00e9s de sus rostros y gestos. De esta forma vivencial comprendemos los textos b\u00edblicos que se expresan y se unen en la tradici\u00f3n cristiana y en el arte.<\/p>\n\n\n\n<p class=\"has-cyan-bluish-gray-background-color has-background\">We worked the origin and sense of the Easter Week. We learnt about the Jewish Holiday P\u00e9saj,   staging the narrative of the last supper, its chants and the gestures Jesus made with his disciples. To finish we analized Leonardo da Vinci&#8217;s painting \u00abThe last supper\u00bb identifying the characters and the emotions they conveyed through their faces and gestures. In this experential way we understand the biblical texts that express and join in the christian tradition and the art. <\/p>\n\n\n\n<figure class=\"wp-block-image size-large\"><img loading=\"lazy\" decoding=\"async\" width=\"768\" height=\"1024\" src=\"https:\/\/site.educa.madrid.org\/cp.mariadevillota.madrid\/\/wp-content\/uploads\/cp.mariadevillota.madrid\/2026\/03\/1774351359885-768x1024.jpg\" alt=\"\" class=\"wp-image-18810\" srcset=\"https:\/\/site.educa.madrid.org\/cp.mariadevillota.madrid\/\/wp-content\/uploads\/cp.mariadevillota.madrid\/2026\/03\/1774351359885-768x1024.jpg 768w, https:\/\/site.educa.madrid.org\/cp.mariadevillota.madrid\/\/wp-content\/uploads\/cp.mariadevillota.madrid\/2026\/03\/1774351359885-225x300.jpg 225w, https:\/\/site.educa.madrid.org\/cp.mariadevillota.madrid\/\/wp-content\/uploads\/cp.mariadevillota.madrid\/2026\/03\/1774351359885-300x400.jpg 300w, https:\/\/site.educa.madrid.org\/cp.mariadevillota.madrid\/\/wp-content\/uploads\/cp.mariadevillota.madrid\/2026\/03\/1774351359885-1152x1536.jpg 1152w, https:\/\/site.educa.madrid.org\/cp.mariadevillota.madrid\/\/wp-content\/uploads\/cp.mariadevillota.madrid\/2026\/03\/1774351359885.jpg 1200w\" sizes=\"auto, (max-width: 768px) 100vw, 768px\" \/><\/figure>\n\n\n\n<figure class=\"wp-block-image size-large\"><img loading=\"lazy\" decoding=\"async\" width=\"1024\" height=\"768\" src=\"https:\/\/site.educa.madrid.org\/cp.mariadevillota.madrid\/\/wp-content\/uploads\/cp.mariadevillota.madrid\/2026\/03\/1774351359849-1024x768.jpg\" alt=\"\" class=\"wp-image-18811\" srcset=\"https:\/\/site.educa.madrid.org\/cp.mariadevillota.madrid\/\/wp-content\/uploads\/cp.mariadevillota.madrid\/2026\/03\/1774351359849-1024x768.jpg 1024w, https:\/\/site.educa.madrid.org\/cp.mariadevillota.madrid\/\/wp-content\/uploads\/cp.mariadevillota.madrid\/2026\/03\/1774351359849-300x225.jpg 300w, https:\/\/site.educa.madrid.org\/cp.mariadevillota.madrid\/\/wp-content\/uploads\/cp.mariadevillota.madrid\/2026\/03\/1774351359849-768x576.jpg 768w, https:\/\/site.educa.madrid.org\/cp.mariadevillota.madrid\/\/wp-content\/uploads\/cp.mariadevillota.madrid\/2026\/03\/1774351359849-1536x1152.jpg 1536w, https:\/\/site.educa.madrid.org\/cp.mariadevillota.madrid\/\/wp-content\/uploads\/cp.mariadevillota.madrid\/2026\/03\/1774351359849.jpg 2048w\" sizes=\"auto, (max-width: 1024px) 100vw, 1024px\" \/><\/figure>\n\n\n\n<figure class=\"wp-block-image size-large\"><img loading=\"lazy\" decoding=\"async\" width=\"768\" height=\"1024\" src=\"https:\/\/site.educa.madrid.org\/cp.mariadevillota.madrid\/\/wp-content\/uploads\/cp.mariadevillota.madrid\/2026\/03\/1774351359829-768x1024.jpg\" alt=\"\" class=\"wp-image-18812\" srcset=\"https:\/\/site.educa.madrid.org\/cp.mariadevillota.madrid\/\/wp-content\/uploads\/cp.mariadevillota.madrid\/2026\/03\/1774351359829-768x1024.jpg 768w, https:\/\/site.educa.madrid.org\/cp.mariadevillota.madrid\/\/wp-content\/uploads\/cp.mariadevillota.madrid\/2026\/03\/1774351359829-225x300.jpg 225w, https:\/\/site.educa.madrid.org\/cp.mariadevillota.madrid\/\/wp-content\/uploads\/cp.mariadevillota.madrid\/2026\/03\/1774351359829-300x400.jpg 300w, https:\/\/site.educa.madrid.org\/cp.mariadevillota.madrid\/\/wp-content\/uploads\/cp.mariadevillota.madrid\/2026\/03\/1774351359829-1152x1536.jpg 1152w, https:\/\/site.educa.madrid.org\/cp.mariadevillota.madrid\/\/wp-content\/uploads\/cp.mariadevillota.madrid\/2026\/03\/1774351359829.jpg 1536w\" sizes=\"auto, (max-width: 768px) 100vw, 768px\" \/><\/figure>\n\n\n\n<figure class=\"wp-block-image size-large\"><img loading=\"lazy\" decoding=\"async\" width=\"1024\" height=\"768\" src=\"https:\/\/site.educa.madrid.org\/cp.mariadevillota.madrid\/\/wp-content\/uploads\/cp.mariadevillota.madrid\/2026\/03\/1774351359870-1024x768.jpg\" alt=\"\" class=\"wp-image-18813\" srcset=\"https:\/\/site.educa.madrid.org\/cp.mariadevillota.madrid\/\/wp-content\/uploads\/cp.mariadevillota.madrid\/2026\/03\/1774351359870-1024x768.jpg 1024w, https:\/\/site.educa.madrid.org\/cp.mariadevillota.madrid\/\/wp-content\/uploads\/cp.mariadevillota.madrid\/2026\/03\/1774351359870-300x225.jpg 300w, https:\/\/site.educa.madrid.org\/cp.mariadevillota.madrid\/\/wp-content\/uploads\/cp.mariadevillota.madrid\/2026\/03\/1774351359870-768x576.jpg 768w, https:\/\/site.educa.madrid.org\/cp.mariadevillota.madrid\/\/wp-content\/uploads\/cp.mariadevillota.madrid\/2026\/03\/1774351359870-1536x1152.jpg 1536w, https:\/\/site.educa.madrid.org\/cp.mariadevillota.madrid\/\/wp-content\/uploads\/cp.mariadevillota.madrid\/2026\/03\/1774351359870.jpg 1600w\" sizes=\"auto, (max-width: 1024px) 100vw, 1024px\" \/><\/figure>\n\n\n\n<figure class=\"wp-block-image size-large\"><img loading=\"lazy\" decoding=\"async\" width=\"1024\" height=\"577\" src=\"https:\/\/site.educa.madrid.org\/cp.mariadevillota.madrid\/\/wp-content\/uploads\/cp.mariadevillota.madrid\/2026\/03\/1774351339230-1024x577.jpg\" alt=\"\" class=\"wp-image-18815\" srcset=\"https:\/\/site.educa.madrid.org\/cp.mariadevillota.madrid\/\/wp-content\/uploads\/cp.mariadevillota.madrid\/2026\/03\/1774351339230-1024x577.jpg 1024w, https:\/\/site.educa.madrid.org\/cp.mariadevillota.madrid\/\/wp-content\/uploads\/cp.mariadevillota.madrid\/2026\/03\/1774351339230-300x169.jpg 300w, https:\/\/site.educa.madrid.org\/cp.mariadevillota.madrid\/\/wp-content\/uploads\/cp.mariadevillota.madrid\/2026\/03\/1774351339230-768x432.jpg 768w, https:\/\/site.educa.madrid.org\/cp.mariadevillota.madrid\/\/wp-content\/uploads\/cp.mariadevillota.madrid\/2026\/03\/1774351339230-1536x865.jpg 1536w, https:\/\/site.educa.madrid.org\/cp.mariadevillota.madrid\/\/wp-content\/uploads\/cp.mariadevillota.madrid\/2026\/03\/1774351339230-2048x1153.jpg 2048w\" sizes=\"auto, (max-width: 1024px) 100vw, 1024px\" \/><\/figure>\n\n\n\n<figure class=\"wp-block-image size-large\"><img loading=\"lazy\" decoding=\"async\" width=\"1024\" height=\"768\" src=\"https:\/\/site.educa.madrid.org\/cp.mariadevillota.madrid\/\/wp-content\/uploads\/cp.mariadevillota.madrid\/2026\/03\/1774351339195-1024x768.jpg\" alt=\"\" class=\"wp-image-18816\" srcset=\"https:\/\/site.educa.madrid.org\/cp.mariadevillota.madrid\/\/wp-content\/uploads\/cp.mariadevillota.madrid\/2026\/03\/1774351339195-1024x768.jpg 1024w, https:\/\/site.educa.madrid.org\/cp.mariadevillota.madrid\/\/wp-content\/uploads\/cp.mariadevillota.madrid\/2026\/03\/1774351339195-300x225.jpg 300w, https:\/\/site.educa.madrid.org\/cp.mariadevillota.madrid\/\/wp-content\/uploads\/cp.mariadevillota.madrid\/2026\/03\/1774351339195-768x576.jpg 768w, https:\/\/site.educa.madrid.org\/cp.mariadevillota.madrid\/\/wp-content\/uploads\/cp.mariadevillota.madrid\/2026\/03\/1774351339195-1536x1152.jpg 1536w, https:\/\/site.educa.madrid.org\/cp.mariadevillota.madrid\/\/wp-content\/uploads\/cp.mariadevillota.madrid\/2026\/03\/1774351339195.jpg 1600w\" sizes=\"auto, (max-width: 1024px) 100vw, 1024px\" \/><\/figure>\n\n\n\n<figure class=\"wp-block-image size-large\"><img loading=\"lazy\" decoding=\"async\" width=\"1024\" height=\"768\" src=\"https:\/\/site.educa.madrid.org\/cp.mariadevillota.madrid\/\/wp-content\/uploads\/cp.mariadevillota.madrid\/2026\/03\/1774351339208-1024x768.jpg\" alt=\"\" class=\"wp-image-18817\" srcset=\"https:\/\/site.educa.madrid.org\/cp.mariadevillota.madrid\/\/wp-content\/uploads\/cp.mariadevillota.madrid\/2026\/03\/1774351339208-1024x768.jpg 1024w, https:\/\/site.educa.madrid.org\/cp.mariadevillota.madrid\/\/wp-content\/uploads\/cp.mariadevillota.madrid\/2026\/03\/1774351339208-300x225.jpg 300w, https:\/\/site.educa.madrid.org\/cp.mariadevillota.madrid\/\/wp-content\/uploads\/cp.mariadevillota.madrid\/2026\/03\/1774351339208-768x576.jpg 768w, https:\/\/site.educa.madrid.org\/cp.mariadevillota.madrid\/\/wp-content\/uploads\/cp.mariadevillota.madrid\/2026\/03\/1774351339208-1536x1152.jpg 1536w, https:\/\/site.educa.madrid.org\/cp.mariadevillota.madrid\/\/wp-content\/uploads\/cp.mariadevillota.madrid\/2026\/03\/1774351339208.jpg 1600w\" sizes=\"auto, (max-width: 1024px) 100vw, 1024px\" \/><\/figure>\n\n\n\n<figure class=\"wp-block-image size-large\"><img loading=\"lazy\" decoding=\"async\" width=\"1024\" height=\"577\" src=\"https:\/\/site.educa.madrid.org\/cp.mariadevillota.madrid\/\/wp-content\/uploads\/cp.mariadevillota.madrid\/2026\/03\/1774351339251-1024x577.jpg\" alt=\"\" class=\"wp-image-18814\" srcset=\"https:\/\/site.educa.madrid.org\/cp.mariadevillota.madrid\/\/wp-content\/uploads\/cp.mariadevillota.madrid\/2026\/03\/1774351339251-1024x577.jpg 1024w, https:\/\/site.educa.madrid.org\/cp.mariadevillota.madrid\/\/wp-content\/uploads\/cp.mariadevillota.madrid\/2026\/03\/1774351339251-300x169.jpg 300w, https:\/\/site.educa.madrid.org\/cp.mariadevillota.madrid\/\/wp-content\/uploads\/cp.mariadevillota.madrid\/2026\/03\/1774351339251-768x432.jpg 768w, https:\/\/site.educa.madrid.org\/cp.mariadevillota.madrid\/\/wp-content\/uploads\/cp.mariadevillota.madrid\/2026\/03\/1774351339251-1536x865.jpg 1536w, https:\/\/site.educa.madrid.org\/cp.mariadevillota.madrid\/\/wp-content\/uploads\/cp.mariadevillota.madrid\/2026\/03\/1774351339251-2048x1153.jpg 2048w\" sizes=\"auto, (max-width: 1024px) 100vw, 1024px\" \/><\/figure>\n\n\n\n<p class=\"has-text-align-center has-black-color has-cool-to-warm-spectrum-gradient-background has-text-color has-background has-link-color wp-elements-bb240150a1b3e1f37d79b914a0477d55\">D\u00cdA DE LA HISPANIDAD<\/p>\n\n\n\n<p class=\"has-black-color has-text-color has-background has-link-color wp-elements-fc5a77d574f0e54b7ef374c346e9e7e6\" style=\"background-color:#d0bbe3\">INFANTIL Y 1\u00ba-2\u00ba:<\/p>\n\n\n\n<p class=\"has-text-align-center has-black-color has-white-background-color has-text-color has-background has-link-color wp-elements-ce45a56bd4eda2321a08e292a1e7b454\"><strong>CONOCEMOS LA HISTORIA DE LA VIRGEN DEL PILAR<\/strong><\/p>\n\n\n<div class=\"wp-block-image is-style-default\">\n<figure class=\"aligncenter size-full is-resized\"><img loading=\"lazy\" decoding=\"async\" width=\"184\" height=\"196\" src=\"https:\/\/site.educa.madrid.org\/cp.mariadevillota.madrid\/\/wp-content\/uploads\/cp.mariadevillota.madrid\/2024\/10\/VIR.png\" alt=\"\" class=\"wp-image-14066\" style=\"width:240px;height:auto\"\/><\/figure>\n<\/div>\n\n\n<p class=\"has-black-color has-cyan-bluish-gray-background-color has-text-color has-background has-link-color wp-elements-20474e5c41f22b86d244b380ddfe8139\">EXPLICAMOS QUE SE CELEBRA EL 12 DE OCTUBRE.<\/p>\n\n\n\n<p class=\"has-black-color has-pale-cyan-blue-background-color has-text-color has-background has-link-color wp-elements-d14b060e865d4843c112d546c1a6caa0\">WE EXPLAIN THE CELEBRATIONS ON OCTOBER 12TH.<\/p>\n\n\n\n<p class=\"has-black-color has-cyan-bluish-gray-background-color has-text-color has-background has-link-color wp-elements-7a25e21b2f2541c91e50992ecaec68c6\">VEMOS UN V\u00cdDEO DONDE CONOCEMOS LA HISTORIA DE LA VIRGEN DEL PILAR.&nbsp;<\/p>\n\n\n\n<p class=\"has-black-color has-pale-cyan-blue-background-color has-text-color has-background has-link-color wp-elements-f10e0a47786a6ec313a77e37612223d4\">WE WATCH A VIDEO TO LEARN ABOUT THE VIRGIN OF PILAR<\/p>\n\n\n\n<p class=\"has-black-color has-cyan-bluish-gray-background-color has-text-color has-background has-link-color wp-elements-6f05d46b1a56142d9bbeb2e99853a436\">COLOREAMOS LA FICHA DE LA VIRGEN DEL PILAR Y RECORTAMOS.<\/p>\n\n\n\n<p class=\"has-black-color has-pale-cyan-blue-background-color has-text-color has-background has-link-color wp-elements-bb9e38696d5dbb79428d77d3efcc6b26\">WE COLOUR THE WORKSHEETS OF THE VIRGIN OF PILAR AND WE CUT OUT <\/p>\n\n\n\n<p class=\"has-black-color has-text-color has-background has-link-color wp-elements-f8c7ac43be45206715a3d96309fc0622\" style=\"background-color:#ff6a00b0\">PRIMARIA 5\u00ba Y 6\u00ba:<\/p>\n\n\n\n<p class=\"has-text-align-center has-black-color has-white-background-color has-text-color has-background has-link-color wp-elements-483cb1e579b5988713e6ef8a829631a9\"><strong>ACERCARNOS A OTRAS CULTURAS EN EL D\u00cdA DE LA HISPANIDAD.DEL PILAR<\/strong><\/p>\n\n\n<div class=\"wp-block-image\">\n<figure class=\"aligncenter size-full\"><img loading=\"lazy\" decoding=\"async\" width=\"610\" height=\"319\" src=\"https:\/\/site.educa.madrid.org\/cp.mariadevillota.madrid\/\/wp-content\/uploads\/cp.mariadevillota.madrid\/2024\/10\/KO.png\" alt=\"\" class=\"wp-image-14067\" srcset=\"https:\/\/site.educa.madrid.org\/cp.mariadevillota.madrid\/\/wp-content\/uploads\/cp.mariadevillota.madrid\/2024\/10\/KO.png 610w, https:\/\/site.educa.madrid.org\/cp.mariadevillota.madrid\/\/wp-content\/uploads\/cp.mariadevillota.madrid\/2024\/10\/KO-300x157.png 300w\" sizes=\"auto, (max-width: 610px) 100vw, 610px\" \/><\/figure>\n<\/div>\n\n\n<p class=\"has-black-color has-white-background-color has-text-color has-background has-link-color wp-elements-7143bcdd460a56ead5b6cd00b8f3cb3a\">EN EL AULA HAY UN ESPACIO CON INSTRUMENTOS, FOTOGRAFIAS Y OBJETOS T\u00cdPICOS DE ALGUNOS PA\u00cdSES DE LATINOAM\u00c9RICA<em>. In the classroom there is a space with instruments, photographs and typical objects from Latin American countries.<\/em><\/p>\n\n\n\n<p class=\"has-white-background-color has-background\">COMENZAMOS UN DI\u00c1LOGO EN TORNO A LO QUE VEMOS, Y SOBRE QU\u00c9 TIENE QUE VER CON EL D\u00cdA DE LA HISPANIDAD. <em>We start a dialogue regarding what we see and what is related with the day.<\/em><\/p>\n\n\n\n<p class=\"has-black-color has-cyan-bluish-gray-background-color has-text-color has-background has-link-color wp-elements-4da28bd07652adc965e7533d3d3ddddd\">Dialogamos sobre qu\u00e9 pensamos qu\u00e9 es el d\u00eda de la Hispanidad, su origen, qu\u00e9 se celebra\u2026<\/p>\n\n\n\n<p class=\"has-black-color has-pale-cyan-blue-background-color has-text-color has-background has-link-color wp-elements-197cff413eecbcd4239ea31e4598f9a6\">We discuss what we think is the Hispanic Heritage Day, its origin, what is celebrated\u2026<\/p>\n\n\n\n<p class=\"has-black-color has-cyan-bluish-gray-background-color has-text-color has-background has-link-color wp-elements-f0dfacc4afbd7dd1557bf21406640b4b\">Hablamos sobre la diversidad de las culturas, lo caracter\u00edstico de algunas de ellas y sobre si pensamos qu\u00e9 la diversidad de culturas nos enriquece o nos separa.<\/p>\n\n\n\n<p class=\"has-black-color has-pale-cyan-blue-background-color has-text-color has-background has-link-color wp-elements-14b97b18c4b44fa040f0c0d746ce0b71\">We talked about the diversity of cultures, the characteristics of some of them and whether we think that the diversity of cultures enriches us or separates us.<\/p>\n\n\n\n<p class=\"has-black-color has-cyan-bluish-gray-background-color has-text-color has-background has-link-color wp-elements-a3af64a6ea5a7f31a53fa66f7a2cd969\">Actitudes que tenemos sobre los que \u201cson diferentes\u201d o de otros lugares, como mirar las culturas no como algo que es una amenaza, sino como algo que nos puede aportar cosas positivas y enriquecernos como personas. Para ello nos hemos puesto diferentes gafas, para entender que depende de c\u00f3mo miremos a las personas que vienen de otros lugares podemos acogerlas o rechazarlas, valorarlas o pensar que no tienen nada bueno que darnos.<\/p>\n\n\n\n<p class=\"has-black-color has-pale-cyan-blue-background-color has-text-color has-background has-link-color wp-elements-8b414c82d11ca572f0419e3d9c3fac70\">Attitudes we have about those who \u201care different\u201d or from other places, such as looking at cultures not as something that is a threat, but as something that can bring us positive things and enrich us as people. To do this, we have put on different glasses, to understand that depending on how we look at people who come from other places, we can welcome them or reject them, value them or think that they have nothing good to give us.<\/p>\n\n\n<div class=\"wp-block-image is-style-rounded\">\n<figure class=\"aligncenter size-full is-resized\"><img loading=\"lazy\" decoding=\"async\" width=\"428\" height=\"287\" src=\"https:\/\/site.educa.madrid.org\/cp.mariadevillota.madrid\/\/wp-content\/uploads\/cp.mariadevillota.madrid\/2024\/10\/kk-1.png\" alt=\"\" class=\"wp-image-14069\" style=\"width:592px;height:auto\" srcset=\"https:\/\/site.educa.madrid.org\/cp.mariadevillota.madrid\/\/wp-content\/uploads\/cp.mariadevillota.madrid\/2024\/10\/kk-1.png 428w, https:\/\/site.educa.madrid.org\/cp.mariadevillota.madrid\/\/wp-content\/uploads\/cp.mariadevillota.madrid\/2024\/10\/kk-1-300x201.png 300w, https:\/\/site.educa.madrid.org\/cp.mariadevillota.madrid\/\/wp-content\/uploads\/cp.mariadevillota.madrid\/2024\/10\/kk-1-272x182.png 272w\" sizes=\"auto, (max-width: 428px) 100vw, 428px\" \/><\/figure>\n<\/div>\n\n\n<p class=\"has-text-align-center has-white-color has-vivid-red-background-color has-text-color has-background has-link-color wp-elements-554686d5c49aa08905d822b3aa5eb67b\">NATIVIDAD<\/p>\n\n\n\n<div class=\"wp-block-file\"><a id=\"wp-block-file--media-1e3d2f8c-5e2a-41d9-8a1f-de475a9b1321\" href=\"https:\/\/site.educa.madrid.org\/cp.mariadevillota.madrid\/\/wp-content\/uploads\/cp.mariadevillota.madrid\/2023\/12\/jj-1.png\" target=\"_blank\" rel=\"noreferrer noopener\">BEL\u00c9N<\/a><a href=\"https:\/\/site.educa.madrid.org\/cp.mariadevillota.madrid\/\/wp-content\/uploads\/cp.mariadevillota.madrid\/2023\/12\/jj-1.png\" class=\"wp-block-file__button wp-element-button\" download aria-describedby=\"wp-block-file--media-1e3d2f8c-5e2a-41d9-8a1f-de475a9b1321\">Descarga<\/a><\/div>\n\n\n\n<p class=\"has-black-color has-cyan-bluish-gray-background-color has-text-color has-background\">El grupo de madres ayudando a construir el bel\u00e9n del colegio. \u00a1Crucemos los dedos para ganar el concurso este a\u00f1o!<\/p>\n\n\n\n<figure class=\"wp-block-gallery has-nested-images columns-default is-cropped wp-block-gallery-1 is-layout-flex wp-block-gallery-is-layout-flex\">\n<figure class=\"wp-block-image size-large\"><img loading=\"lazy\" decoding=\"async\" width=\"1024\" height=\"681\" data-id=\"9163\" src=\"https:\/\/site.educa.madrid.org\/cp.mariadevillota.madrid\/\/wp-content\/uploads\/cp.mariadevillota.madrid\/2023\/11\/1700232825903-1024x681.jpg\" alt=\"\" class=\"wp-image-9163\" srcset=\"https:\/\/site.educa.madrid.org\/cp.mariadevillota.madrid\/\/wp-content\/uploads\/cp.mariadevillota.madrid\/2023\/11\/1700232825903-1024x681.jpg 1024w, https:\/\/site.educa.madrid.org\/cp.mariadevillota.madrid\/\/wp-content\/uploads\/cp.mariadevillota.madrid\/2023\/11\/1700232825903-300x199.jpg 300w, https:\/\/site.educa.madrid.org\/cp.mariadevillota.madrid\/\/wp-content\/uploads\/cp.mariadevillota.madrid\/2023\/11\/1700232825903-768x511.jpg 768w, https:\/\/site.educa.madrid.org\/cp.mariadevillota.madrid\/\/wp-content\/uploads\/cp.mariadevillota.madrid\/2023\/11\/1700232825903-391x260.jpg 391w, https:\/\/site.educa.madrid.org\/cp.mariadevillota.madrid\/\/wp-content\/uploads\/cp.mariadevillota.madrid\/2023\/11\/1700232825903-1536x1021.jpg 1536w, https:\/\/site.educa.madrid.org\/cp.mariadevillota.madrid\/\/wp-content\/uploads\/cp.mariadevillota.madrid\/2023\/11\/1700232825903-2048x1362.jpg 2048w, https:\/\/site.educa.madrid.org\/cp.mariadevillota.madrid\/\/wp-content\/uploads\/cp.mariadevillota.madrid\/2023\/11\/1700232825903-272x182.jpg 272w\" sizes=\"auto, (max-width: 1024px) 100vw, 1024px\" \/><\/figure>\n<\/figure>\n\n\n\n<p class=\"has-black-color has-pale-cyan-blue-background-color has-text-color has-background\">The group of mothers helping to Pilar this year to make the Nativity Scene. Let&#8217;s cross our fingers to see if we can win the contest this year.<\/p>\n","protected":false},"excerpt":{"rendered":"<p>P\u00c9SAJ Hemos trabajado el origen y sentido de la Semana Santa. Conocemos la fiesta jud\u00eda del P\u00e9saj, escenificando la narrativa de la cena, sus c\u00e1nticos y los gestos que Jes\u00fas realiz\u00f3 con sus disc\u00edpulos. Para acabar hemos analizado la obra de Leonardo da Vinci de la \u00ab\u00daltima cena\u00bb identificando los personajes y las emociones que<\/p><\/div>\n<div class=\"blog-btn\"><a href=\"https:\/\/site.educa.madrid.org\/cp.mariadevillota.madrid\/index.php\/religion\/\" class=\"home-blog-btn\">Leer m\u00e1s<\/a><\/p>\n","protected":false},"author":3,"featured_media":0,"parent":0,"menu_order":0,"comment_status":"closed","ping_status":"closed","template":"","meta":{"footnotes":""},"folder":[],"class_list":["post-8790","page","type-page","status-publish","hentry"],"rttpg_featured_image_url":null,"rttpg_author":{"display_name":"cp.mariadevillota.madrid","author_link":"https:\/\/site.educa.madrid.org\/cp.mariadevillota.madrid\/index.php\/author\/cuenta_cp-mariadevillota-madrid\/"},"rttpg_comment":0,"rttpg_category":false,"rttpg_excerpt":"P\u00c9SAJ Hemos trabajado el origen y sentido de la Semana Santa. Conocemos la fiesta jud\u00eda del P\u00e9saj, escenificando la narrativa de la cena, sus c\u00e1nticos y los gestos que Jes\u00fas realiz\u00f3 con sus disc\u00edpulos. Para acabar hemos analizado la obra de Leonardo da Vinci de la \u00ab\u00daltima cena\u00bb identificando los personajes y las emociones queLeer&hellip;","post_mailing_queue_ids":[],"_links":{"self":[{"href":"https:\/\/site.educa.madrid.org\/cp.mariadevillota.madrid\/index.php\/wp-json\/wp\/v2\/pages\/8790","targetHints":{"allow":["GET"]}}],"collection":[{"href":"https:\/\/site.educa.madrid.org\/cp.mariadevillota.madrid\/index.php\/wp-json\/wp\/v2\/pages"}],"about":[{"href":"https:\/\/site.educa.madrid.org\/cp.mariadevillota.madrid\/index.php\/wp-json\/wp\/v2\/types\/page"}],"author":[{"embeddable":true,"href":"https:\/\/site.educa.madrid.org\/cp.mariadevillota.madrid\/index.php\/wp-json\/wp\/v2\/users\/3"}],"replies":[{"embeddable":true,"href":"https:\/\/site.educa.madrid.org\/cp.mariadevillota.madrid\/index.php\/wp-json\/wp\/v2\/comments?post=8790"}],"version-history":[{"count":14,"href":"https:\/\/site.educa.madrid.org\/cp.mariadevillota.madrid\/index.php\/wp-json\/wp\/v2\/pages\/8790\/revisions"}],"predecessor-version":[{"id":18818,"href":"https:\/\/site.educa.madrid.org\/cp.mariadevillota.madrid\/index.php\/wp-json\/wp\/v2\/pages\/8790\/revisions\/18818"}],"wp:attachment":[{"href":"https:\/\/site.educa.madrid.org\/cp.mariadevillota.madrid\/index.php\/wp-json\/wp\/v2\/media?parent=8790"}],"wp:term":[{"taxonomy":"folder","embeddable":true,"href":"https:\/\/site.educa.madrid.org\/cp.mariadevillota.madrid\/index.php\/wp-json\/wp\/v2\/folder?post=8790"}],"curies":[{"name":"wp","href":"https:\/\/api.w.org\/{rel}","templated":true}]}}