{"id":407,"date":"2021-03-16T15:13:45","date_gmt":"2021-03-16T15:13:45","guid":{"rendered":"https:\/\/site.educa.madrid.org\/cp.mejico.madrid\/?page_id=407"},"modified":"2026-02-12T09:54:59","modified_gmt":"2026-02-12T08:54:59","slug":"huerto-escolar","status":"publish","type":"page","link":"https:\/\/site.educa.madrid.org\/cp.mejico.madrid\/index.php\/proyectos\/huerto-escolar\/","title":{"rendered":"Huerto Escolar"},"content":{"rendered":"<div id=\"pl-gb407-6a03957202b5d\"  class=\"panel-layout\" ><div id=\"pg-gb407-6a03957202b5d-0\"  class=\"panel-grid panel-has-style\"  data-style=\"{&quot;background_image_attachment&quot;:false,&quot;background_display&quot;:&quot;tile&quot;,&quot;background_image_size&quot;:&quot;full&quot;,&quot;background_image_opacity&quot;:&quot;100&quot;,&quot;border_thickness&quot;:&quot;1px&quot;,&quot;full_height&quot;:&quot;&quot;,&quot;row_stretch&quot;:&quot;full-width-stretch&quot;,&quot;cell_alignment&quot;:&quot;flex-start&quot;,&quot;link_overlay_new_window&quot;:&quot;&quot;}\" ><div class=\"siteorigin-panels-stretch panel-row-style panel-row-style-for-gb407-6a03957202b5d-0\" data-stretch-type=\"full-width-stretch\" ><div id=\"pgc-gb407-6a03957202b5d-0-0\"  class=\"panel-grid-cell panel-grid-cell-empty\"  data-weight=\"0.25151515151515\" ><\/div><div id=\"pgc-gb407-6a03957202b5d-0-1\"  class=\"panel-grid-cell panel-grid-cell-mobile-last\"  data-weight=\"0.62683982683983\" ><div id=\"panel-gb407-6a03957202b5d-0-1-0\" class=\"so-panel widget widget_sow-image panel-first-child panel-last-child\" data-index=\"0\" data-style=\"{&quot;background_image_attachment&quot;:false,&quot;background_display&quot;:&quot;tile&quot;,&quot;background_image_size&quot;:&quot;full&quot;,&quot;background_image_opacity&quot;:&quot;100&quot;,&quot;border_thickness&quot;:&quot;1px&quot;,&quot;link_overlay_new_window&quot;:&quot;&quot;}\" ><div\n\t\t\t\n\t\t\tclass=\"so-widget-sow-image so-widget-sow-image-default-8b5b6f678277\"\n\t\t\t\n\t\t>\n\n<div class=\"sow-image-container\">\n\t\t<img loading=\"lazy\" decoding=\"async\" src=\"https:\/\/site.educa.madrid.org\/cp.mejico.madrid\/\/wp-content\/uploads\/cp.mejico.madrid\/2023\/03\/huerto-1.webp\" width=\"900\" height=\"351\" srcset=\"https:\/\/site.educa.madrid.org\/cp.mejico.madrid\/\/wp-content\/uploads\/cp.mejico.madrid\/2023\/03\/huerto-1.webp 900w, https:\/\/site.educa.madrid.org\/cp.mejico.madrid\/\/wp-content\/uploads\/cp.mejico.madrid\/2023\/03\/huerto-1-300x117.webp 300w, https:\/\/site.educa.madrid.org\/cp.mejico.madrid\/\/wp-content\/uploads\/cp.mejico.madrid\/2023\/03\/huerto-1-768x300.webp 768w\" sizes=\"auto, (max-width: 767px) 89vw, (max-width: 1000px) 54vw, (max-width: 1071px) 543px, 580px\" title=\"huerto\" alt=\"\" \t\tclass=\"so-widget-image\"\/>\n\t<\/div>\n\n<\/div><\/div><\/div><div id=\"pgc-gb407-6a03957202b5d-0-2\"  class=\"panel-grid-cell panel-grid-cell-empty\"  data-weight=\"0.12164502164502\" ><\/div><\/div><\/div><div id=\"pg-gb407-6a03957202b5d-1\"  class=\"panel-grid panel-has-style\"  data-style=\"{&quot;background_image_attachment&quot;:false,&quot;background_display&quot;:&quot;tile&quot;,&quot;background_image_size&quot;:&quot;full&quot;,&quot;background_image_opacity&quot;:&quot;100&quot;,&quot;border_thickness&quot;:&quot;1px&quot;,&quot;full_height&quot;:&quot;&quot;,&quot;row_stretch&quot;:&quot;full-width-stretch&quot;,&quot;cell_alignment&quot;:&quot;flex-start&quot;,&quot;link_overlay_new_window&quot;:&quot;&quot;}\" ><div class=\"siteorigin-panels-stretch panel-row-style panel-row-style-for-gb407-6a03957202b5d-1\" data-stretch-type=\"full-width-stretch\" ><div id=\"pgc-gb407-6a03957202b5d-1-0\"  class=\"panel-grid-cell panel-grid-cell-empty\"  data-weight=\"0.10021645021645\" ><\/div><div id=\"pgc-gb407-6a03957202b5d-1-1\"  class=\"panel-grid-cell panel-grid-cell-mobile-last\"  data-weight=\"0.80021645021645\" ><div id=\"panel-gb407-6a03957202b5d-1-1-0\" class=\"so-panel widget widget_text panel-first-child panel-last-child\" data-index=\"1\" data-style=\"{&quot;background_image_attachment&quot;:false,&quot;background_display&quot;:&quot;tile&quot;,&quot;background_image_size&quot;:&quot;full&quot;,&quot;background_image_opacity&quot;:&quot;100&quot;,&quot;border_thickness&quot;:&quot;1px&quot;,&quot;link_overlay_new_window&quot;:&quot;&quot;}\" >\t\t\t<div class=\"textwidget\"><p>La protecci\u00f3n del medio ambiente es un tema que nos preocupa mucho. La conciencia de que muchas materias son finitas, y la creciente preocupaci\u00f3n por dejar un mundo m\u00e1s sostenible a las generaciones venideras, nos llev\u00f3 a crear un huerto en nuestro colegio. Toda la comunidad educativa est\u00e1 implicada en el huerto del cole.<\/p>\n<p>Nos acercamos un poco m\u00e1s a la Naturaleza a trav\u00e9s de una serie de actividades programadas para todo el curso. Adem\u00e1s, como centro, est\u00e1bamos inmersos en un precioso proyecto a nivel de barrio llamado \u201cBarrio Saludable\u201d, en el que los diferentes sectores del mismo, trabaj\u00e1bamos en un proyecto en com\u00fan: hacer que el barrio de San Pascual fuese m\u00e1s saludable para toda su poblaci\u00f3n.<\/p>\n<p>Barrio Saludable nos sirvi\u00f3 para abrir el centro al barrio y as\u00ed conseguir uno de los objetivos que nos hab\u00edamos propuesto el Equipo Directivo del centro desde hac\u00eda unos a\u00f1os. Gracias a \u00e9l, conocimos a unos excelentes abuelos y abuelas del Centro de D\u00eda de mayores, que se unieron a nuestro proyecto de Huerto y a algunas de las actividades de la vida del cole.<\/p>\n<p>Las familias preparan el terreno y nos proporcionan las semillas y son los mayores del Centro de D\u00eda junto con nuestros alumnos y profesores\/as, los encargados de sembrar, regar y recolectar los productos. El huerto es un espacio donde observar, descubrir y aprender de manera l\u00fadica, el crecimiento de las plantas, sus cuidados y necesidades, la dedicaci\u00f3n y paciencia y la satisfacci\u00f3n del resultado final.<\/p>\n<p>Tambi\u00e9n vamos a leer cuentos, almorzar y realizar cualquier actividad que permita el buen tiempo<\/p>\n<p>Los objetivos que nos planteamos son:<\/p>\n<ul class=\"wp-block-list\">\n<li>Fomentar el contacto directo con la tierra, sus necesidades y posibilidades.<\/li>\n<li>Aprender a apreciar lo que nos da la naturaleza si la cuidamos y respetamos, creando lazos afectivos con el entorno natural.<\/li>\n<li>Valorar la importancia de consumir verduras y frutos frescos cultivados por uno mismo.<\/li>\n<li>Aprender a consumir agua con responsabilidad y a no malgastarla.<\/li>\n<\/ul>\n<ul class=\"wp-block-list\">\n<li>Estudiar, desde el punto de vista cient\u00edfico, el proceso de desarrollo de los seres vivos: desde el nacimiento hasta la muerte (en este caso, de las plantas).<\/li>\n<li>Fomentar la apertura del colegio al barrio, trabajando juntos tres generaciones: ni\u00f1os\/as, padres\/madres y personas mayores de los Centros de D\u00eda del mismo.<\/li>\n<li>Disfrutar de un entorno natural aun viviendo en una ciudad.<\/li>\n<li>Fomentar actitudes cooperativas, a trav\u00e9s del trabajo en equipo, para la buena manutenci\u00f3n del huerto escolar.<\/li>\n<\/ul>\n<\/div>\n\t\t<\/div><\/div><div id=\"pgc-gb407-6a03957202b5d-1-2\"  class=\"panel-grid-cell panel-grid-cell-empty\"  data-weight=\"0.0995670995671\" ><\/div><\/div><\/div><div id=\"pg-gb407-6a03957202b5d-2\"  class=\"panel-grid panel-has-style\"  data-style=\"{&quot;background_image_attachment&quot;:false,&quot;background_display&quot;:&quot;tile&quot;,&quot;background_image_size&quot;:&quot;full&quot;,&quot;background_image_opacity&quot;:&quot;100&quot;,&quot;border_thickness&quot;:&quot;1px&quot;,&quot;full_height&quot;:&quot;&quot;,&quot;row_stretch&quot;:&quot;full&quot;,&quot;cell_alignment&quot;:&quot;flex-start&quot;,&quot;link_overlay_new_window&quot;:&quot;&quot;}\" ><div class=\"siteorigin-panels-stretch panel-row-style panel-row-style-for-gb407-6a03957202b5d-2\" data-stretch-type=\"full\" ><div id=\"pgc-gb407-6a03957202b5d-2-0\"  class=\"panel-grid-cell\"  data-weight=\"1\" ><div id=\"panel-gb407-6a03957202b5d-2-0-0\" class=\"so-panel widget widget_custom_html panel-first-child panel-last-child\" data-index=\"2\" data-style=\"{&quot;background_image_attachment&quot;:false,&quot;background_display&quot;:&quot;tile&quot;,&quot;background_image_size&quot;:&quot;full&quot;,&quot;background_image_opacity&quot;:&quot;100&quot;,&quot;border_thickness&quot;:&quot;1px&quot;,&quot;link_overlay_new_window&quot;:&quot;&quot;}\" ><div class=\"textwidget custom-html-widget\"><div style=\"position: relative; width: 100%; height: 0; padding-top: 141.4286%;\n padding-bottom: 0; box-shadow: 0 2px 8px 0 rgba(63,69,81,0.16); margin-top: 1.6em; margin-bottom: 0.9em; overflow: hidden;\n border-radius: 8px; will-change: transform;\">\n  <iframe loading=\"lazy\" style=\"position: absolute; width: 100%; height: 100%; top: 0; left: 0; border: none; padding: 0;margin: 0;\"\n    src=\"https:\/\/www.canva.com\/design\/DAHBFXCvw5Y\/sepEoZukXFdR8DNH7HEyzg\/view?embed\" allowfullscreen=\"allowfullscreen\" allow=\"fullscreen\">\n  <\/iframe>\n<\/div><\/div><\/div><\/div><\/div><\/div><\/div>","protected":false},"excerpt":{"rendered":"<p>La protecci\u00f3n del medio ambiente es un tema que nos preocupa mucho. La conciencia de que muchas materias son finitas, y la creciente preocupaci\u00f3n por dejar un mundo m\u00e1s sostenible a las generaciones venideras, nos llev\u00f3 a crear un huerto en nuestro colegio. Toda la comunidad educativa est\u00e1 implicada en el huerto del cole. Nos &hellip; <\/p>\n<p class=\"link-more\"><a href=\"https:\/\/site.educa.madrid.org\/cp.mejico.madrid\/index.php\/proyectos\/huerto-escolar\/\" class=\"more-link\">Continuar leyendo<span class=\"screen-reader-text\"> \u00abHuerto Escolar\u00bb<\/span><\/a><\/p>\n","protected":false},"author":2,"featured_media":0,"parent":148,"menu_order":0,"comment_status":"closed","ping_status":"closed","template":"","meta":{"footnotes":""},"folder":[],"class_list":["post-407","page","type-page","status-publish","hentry"],"rttpg_featured_image_url":null,"rttpg_author":{"display_name":"tic.cp.mejico.madrid","author_link":"https:\/\/site.educa.madrid.org\/cp.mejico.madrid\/index.php\/author\/cuenta_tic-cp-mejico-madrid\/"},"rttpg_comment":0,"rttpg_category":false,"rttpg_excerpt":"La protecci\u00f3n del medio ambiente es un tema que nos preocupa mucho. La conciencia de que muchas materias son finitas, y la creciente preocupaci\u00f3n por dejar un mundo m\u00e1s sostenible a las generaciones venideras, nos llev\u00f3 a crear un huerto en nuestro colegio. Toda la comunidad educativa est\u00e1 implicada en el huerto del cole. Nos&hellip;","post_mailing_queue_ids":[],"_links":{"self":[{"href":"https:\/\/site.educa.madrid.org\/cp.mejico.madrid\/index.php\/wp-json\/wp\/v2\/pages\/407","targetHints":{"allow":["GET"]}}],"collection":[{"href":"https:\/\/site.educa.madrid.org\/cp.mejico.madrid\/index.php\/wp-json\/wp\/v2\/pages"}],"about":[{"href":"https:\/\/site.educa.madrid.org\/cp.mejico.madrid\/index.php\/wp-json\/wp\/v2\/types\/page"}],"author":[{"embeddable":true,"href":"https:\/\/site.educa.madrid.org\/cp.mejico.madrid\/index.php\/wp-json\/wp\/v2\/users\/2"}],"replies":[{"embeddable":true,"href":"https:\/\/site.educa.madrid.org\/cp.mejico.madrid\/index.php\/wp-json\/wp\/v2\/comments?post=407"}],"version-history":[{"count":11,"href":"https:\/\/site.educa.madrid.org\/cp.mejico.madrid\/index.php\/wp-json\/wp\/v2\/pages\/407\/revisions"}],"predecessor-version":[{"id":3202,"href":"https:\/\/site.educa.madrid.org\/cp.mejico.madrid\/index.php\/wp-json\/wp\/v2\/pages\/407\/revisions\/3202"}],"up":[{"embeddable":true,"href":"https:\/\/site.educa.madrid.org\/cp.mejico.madrid\/index.php\/wp-json\/wp\/v2\/pages\/148"}],"wp:attachment":[{"href":"https:\/\/site.educa.madrid.org\/cp.mejico.madrid\/index.php\/wp-json\/wp\/v2\/media?parent=407"}],"wp:term":[{"taxonomy":"folder","embeddable":true,"href":"https:\/\/site.educa.madrid.org\/cp.mejico.madrid\/index.php\/wp-json\/wp\/v2\/folder?post=407"}],"curies":[{"name":"wp","href":"https:\/\/api.w.org\/{rel}","templated":true}]}}