{"id":1598,"date":"2022-12-09T12:22:54","date_gmt":"2022-12-09T11:22:54","guid":{"rendered":"https:\/\/site.educa.madrid.org\/cp.miguelhernandez.fuenlabrada\/?page_id=1598"},"modified":"2024-11-08T10:32:29","modified_gmt":"2024-11-08T09:32:29","slug":"plan-estrategico-de-mejora-proa-21-23","status":"publish","type":"page","link":"https:\/\/site.educa.madrid.org\/cp.miguelhernandez.fuenlabrada\/index.php\/plan-estrategico-de-mejora-proa-21-23\/","title":{"rendered":"Plan Estrat\u00e9gico de Mejora PROA 24-28"},"content":{"rendered":"<p>El Ministerio de Educaci\u00f3n y Formaci\u00f3n Profesional, con participaci\u00f3n de las Comunidades Aut\u00f3nomas, ha renovado la formulaci\u00f3n del programa PROA+ con apoyo econ\u00f3mico procedente del Mecanismo de Recuperaci\u00f3n y Resiliencia de la Uni\u00f3n Europea. El nuevo Programa para la Orientaci\u00f3n, Avance y Enriquecimiento Educativo en centros de especial complejidad educativa PROA+ 21-23 tiene como finalidad apoyar el \u00e9xito educativo del alumnado, especialmente del vulnerable, mediante la aportaci\u00f3n de recursos y formaci\u00f3n a los centros con mayores dificultades.<\/p>\n<p>Seg\u00fan el programa, se entiende por alumnado vulnerable en un sentido amplio aquel que presente alguna de las circunstancias que se describen a continuaci\u00f3n: necesidades asistenciales (alimentaci\u00f3n, vivienda, suministros b\u00e1sicos, etc.), escolares (clima familiar propicio, brecha digital, material escolar, etc.), necesidades socioeducativas (actividades complementarias, extraescolares, etc.), necesidades educativas especiales, altas capacidades, dificultades espec\u00edficas de aprendizaje, incorporaci\u00f3n tard\u00eda en el sistema educativo o dificultades para el aprendizaje por necesidades no cubiertas.<\/p>\n<p>Nuestro centro participa, con una apuesta muy ambiciosa, por el desarrollo de este programa que est\u00e1 demostrando un impacto enorme en la calidad de los procesos de ense\u00f1anza-aprendizaje y el bienestar de la comunidad educativa.<\/p>\n<p>Descarga aqu\u00ed el documento completo:<\/p>\n<p><a href=\"https:\/\/site.educa.madrid.org\/cp.miguelhernandez.fuenlabrada\/\/wp-content\/uploads\/cp.miguelhernandez.fuenlabrada\/2022\/12\/PEM-CEIP-MIGUEL-HERNANDEZ-2022-2023.pdf\">PEM CEIP MIGUEL HERN\u00c1NDEZ 2022-2023<\/a><\/p>\n","protected":false},"excerpt":{"rendered":"<p>El Ministerio de Educaci\u00f3n y Formaci\u00f3n Profesional, con participaci\u00f3n de las Comunidades Aut\u00f3nomas, ha renovado la formulaci\u00f3n del programa PROA+ con apoyo econ\u00f3mico procedente del Mecanismo de Recuperaci\u00f3n y Resiliencia de la Uni\u00f3n Europea. El nuevo Programa para la Orientaci\u00f3n, Avance y Enriquecimiento Educativo en centros de especial complejidad educativa PROA+ 21-23 tiene como finalidad [&hellip;]<\/p>\n","protected":false},"author":3,"featured_media":0,"parent":0,"menu_order":0,"comment_status":"closed","ping_status":"closed","template":"","meta":{"footnotes":""},"folder":[],"class_list":["post-1598","page","type-page","status-publish","hentry"],"rttpg_featured_image_url":null,"rttpg_author":{"display_name":"cp.miguelhernandez.fuenlabrada","author_link":"https:\/\/site.educa.madrid.org\/cp.miguelhernandez.fuenlabrada\/index.php\/author\/cuenta_cp-miguelhernandez-fuenlabrada\/"},"rttpg_comment":0,"rttpg_category":false,"rttpg_excerpt":"El Ministerio de Educaci\u00f3n y Formaci\u00f3n Profesional, con participaci\u00f3n de las Comunidades Aut\u00f3nomas, ha renovado la formulaci\u00f3n del programa PROA+ con apoyo econ\u00f3mico procedente del Mecanismo de Recuperaci\u00f3n y Resiliencia de la Uni\u00f3n Europea. El nuevo Programa para la Orientaci\u00f3n, Avance y Enriquecimiento Educativo en centros de especial complejidad educativa PROA+ 21-23 tiene como finalidad&hellip;","post_mailing_queue_ids":[],"_links":{"self":[{"href":"https:\/\/site.educa.madrid.org\/cp.miguelhernandez.fuenlabrada\/index.php\/wp-json\/wp\/v2\/pages\/1598","targetHints":{"allow":["GET"]}}],"collection":[{"href":"https:\/\/site.educa.madrid.org\/cp.miguelhernandez.fuenlabrada\/index.php\/wp-json\/wp\/v2\/pages"}],"about":[{"href":"https:\/\/site.educa.madrid.org\/cp.miguelhernandez.fuenlabrada\/index.php\/wp-json\/wp\/v2\/types\/page"}],"author":[{"embeddable":true,"href":"https:\/\/site.educa.madrid.org\/cp.miguelhernandez.fuenlabrada\/index.php\/wp-json\/wp\/v2\/users\/3"}],"replies":[{"embeddable":true,"href":"https:\/\/site.educa.madrid.org\/cp.miguelhernandez.fuenlabrada\/index.php\/wp-json\/wp\/v2\/comments?post=1598"}],"version-history":[{"count":2,"href":"https:\/\/site.educa.madrid.org\/cp.miguelhernandez.fuenlabrada\/index.php\/wp-json\/wp\/v2\/pages\/1598\/revisions"}],"predecessor-version":[{"id":2132,"href":"https:\/\/site.educa.madrid.org\/cp.miguelhernandez.fuenlabrada\/index.php\/wp-json\/wp\/v2\/pages\/1598\/revisions\/2132"}],"wp:attachment":[{"href":"https:\/\/site.educa.madrid.org\/cp.miguelhernandez.fuenlabrada\/index.php\/wp-json\/wp\/v2\/media?parent=1598"}],"wp:term":[{"taxonomy":"folder","embeddable":true,"href":"https:\/\/site.educa.madrid.org\/cp.miguelhernandez.fuenlabrada\/index.php\/wp-json\/wp\/v2\/folder?post=1598"}],"curies":[{"name":"wp","href":"https:\/\/api.w.org\/{rel}","templated":true}]}}