{"id":315,"date":"2020-08-29T15:47:13","date_gmt":"2020-08-29T15:47:13","guid":{"rendered":"https:\/\/site.educa.madrid.org\/cp.montelindo.bustarviejo\/?page_id=315"},"modified":"2025-09-19T09:24:34","modified_gmt":"2025-09-19T07:24:34","slug":"claustro","status":"publish","type":"page","link":"https:\/\/site.educa.madrid.org\/cp.montelindo.bustarviejo\/index.php\/claustro\/","title":{"rendered":"CLAUSTRO"},"content":{"rendered":"\n<p>La mayor\u00eda del profesorado que compone la plantilla de este centro trabajan de manera definitiva en \u00e9l y cuentan con una vasta formaci\u00f3n y experiencia que garantizan el trabajo profesional y de calidad que desarrollan cada d\u00eda.<\/p>\n\n\n\n<p>El Claustro trabaja de forma democr\u00e1tica y colaborativa, de modo que los temas se plantean y abordan entre todos sus miembros, tratando de proporcionar la mejor respuesta educativa para todo nuestro alumnado.<\/p>\n\n\n\n<div class=\"wp-block-group is-layout-flow wp-block-group-is-layout-flow\">\n<figure class=\"wp-block-table is-style-stripes\" style=\"font-size:14px\"><table class=\"has-background\" style=\"background-color:#e9fbe5\"><thead><tr><th class=\"has-text-align-left\" data-align=\"left\"><mark style=\"background-color:rgba(0, 0, 0, 0);color:#076442\" class=\"has-inline-color\"><strong><em>EQUIPO DIRECTIVO<\/em><\/strong><\/mark><\/th><th><\/th><\/tr><\/thead><tbody><tr><td class=\"has-text-align-left\" data-align=\"left\"><strong><em>DIRECTORA<\/em><\/strong><\/td><td>ELENA GARC\u00cdA-MATRES<\/td><\/tr><tr><td class=\"has-text-align-left\" data-align=\"left\"><strong><em>JEFA DE ESTUDIOS<\/em><\/strong><\/td><td>ANDREA JIM\u00c9NEZ<\/td><\/tr><tr><td class=\"has-text-align-left\" data-align=\"left\"><strong><em>SECRETARIA<\/em><\/strong><\/td><td>M\u00aa EUGENIA AGUADO<\/td><\/tr><\/tbody><\/table><\/figure>\n<\/div>\n\n\n\n<div class=\"wp-block-group is-layout-flow wp-block-group-is-layout-flow\">\n<figure class=\"wp-block-table aligncenter is-style-stripes\" style=\"font-size:14px\"><table class=\"has-background has-fixed-layout\" style=\"background-color:#e9fbe5\"><thead><tr><th class=\"has-text-align-left\" data-align=\"left\"><mark style=\"background-color:rgba(0, 0, 0, 0);color:#076442\" class=\"has-inline-color\"><strong>CURSO<\/strong><\/mark><\/th><th>TUTOR\/A<\/th><th>AULA<\/th><th class=\"has-text-align-center\" data-align=\"center\">ALUMNOS\/AS<\/th><\/tr><\/thead><tbody><tr><td class=\"has-text-align-left\" data-align=\"left\">Infantil 3 A\u00f1os<\/td><td>NURIA ARRANZ<\/td><td>Aula 12<\/td><td class=\"has-text-align-center\" data-align=\"center\">14<\/td><\/tr><tr><td class=\"has-text-align-left\" data-align=\"left\"><mark style=\"background-color:rgba(0, 0, 0, 0)\" class=\"has-inline-color has-black-color\">Infantil 4 A\u00f1os<\/mark><\/td><td>ALMUDENA GARC\u00cdA<\/td><td>Aula 10<\/td><td class=\"has-text-align-center\" data-align=\"center\">18<\/td><\/tr><tr><td class=\"has-text-align-left\" data-align=\"left\"><mark style=\"background-color:rgba(0, 0, 0, 0);color:#070707\" class=\"has-inline-color\"><\/mark><mark style=\"background-color:rgba(0, 0, 0, 0)\" class=\"has-inline-color has-black-color\">Infantil 5 A\u00f1os<\/mark><\/td><td>M\u00aa ELENA MER\u00cdN (MALELE)<\/td><td>Aula 9<\/td><td class=\"has-text-align-center\" data-align=\"center\">17<\/td><\/tr><tr><td class=\"has-text-align-left\" data-align=\"left\">1\u00ba de Primaria<\/td><td>MARINA OROL<\/td><td>Edificio nuevo Aula 1<\/td><td class=\"has-text-align-center\" data-align=\"center\">17<\/td><\/tr><tr><td class=\"has-text-align-left\" data-align=\"left\">2\u00baA de Primaria<\/td><td>LAURA GALLEGO<\/td><td>Edificio nuevo Aula 2<\/td><td class=\"has-text-align-center\" data-align=\"center\">15<\/td><\/tr><tr><td class=\"has-text-align-left\" data-align=\"left\">2\u00baB de Primaria<\/td><td>OLGA PLAZA<\/td><td>Edificio nuevo Aula 3<\/td><td class=\"has-text-align-center\" data-align=\"center\">16<\/td><\/tr><tr><td class=\"has-text-align-left\" data-align=\"left\">3\u00baA de Primaria<\/td><td>SANDRA QUESADA<\/td><td>Aula 4<\/td><td class=\"has-text-align-center\" data-align=\"center\">15<\/td><\/tr><tr><td class=\"has-text-align-left\" data-align=\"left\">3\u00baB de Primaria<\/td><td>NOELIA L\u00d3PEZ (NOE)<\/td><td>Aula 5<\/td><td class=\"has-text-align-center\" data-align=\"center\">16<\/td><\/tr><tr><td class=\"has-text-align-left\" data-align=\"left\">4\u00ba de Primaria<\/td><td>BERTA S\u00c1NCHEZ<\/td><td>Aula 8<\/td><td class=\"has-text-align-center\" data-align=\"center\">26<\/td><\/tr><tr><td class=\"has-text-align-left\" data-align=\"left\">5\u00baA de Primaria<\/td><td>JORGE FUENTES<\/td><td>Aula 1<\/td><td class=\"has-text-align-center\" data-align=\"center\">15<\/td><\/tr><tr><td class=\"has-text-align-left\" data-align=\"left\">5\u00baB de Primaria<\/td><td>SONIA RUIZ<\/td><td>Aula 2<\/td><td class=\"has-text-align-center\" data-align=\"center\">15<\/td><\/tr><tr><td class=\"has-text-align-left\" data-align=\"left\">6\u00ba de Primaria<\/td><td>ANDREA JIM\u00c9NEZ<\/td><td>Aula 3<\/td><td class=\"has-text-align-center\" data-align=\"center\">23<\/td><\/tr><tr><td class=\"has-text-align-left\" data-align=\"left\"><\/td><td><\/td><td><\/td><td class=\"has-text-align-center\" data-align=\"center\"><\/td><\/tr><\/tbody><\/table><\/figure>\n<\/div>\n\n\n\n<p><\/p>\n\n\n\n<div class=\"wp-block-group has-very-dark-gray-color has-text-color is-layout-flow wp-block-group-is-layout-flow\">\n<figure class=\"wp-block-table is-style-stripes\" style=\"font-size:14px\"><table class=\"has-background\" style=\"background-color:#e9fbe5\"><thead><tr><th class=\"has-text-align-left\" data-align=\"left\"><span style=\"color:#076442\" class=\"has-inline-color\"><strong>PROFESOR\/A ESPECIALISTA<\/strong><\/span><\/th><th class=\"has-text-align-left\" data-align=\"left\"><span style=\"color:#076442\" class=\"has-inline-color\"><strong>CURSOS<\/strong><\/span><\/th><\/tr><\/thead><tbody><tr><td class=\"has-text-align-left\" data-align=\"left\"><span style=\"color:#000000\" class=\"has-inline-color\">&nbsp;<strong><em>M\u00daSICA<\/em><\/strong><\/span><\/td><td class=\"has-text-align-left\" data-align=\"left\">&nbsp;<\/td><\/tr><tr><td class=\"has-text-align-left\" data-align=\"left\">SANDRA QUESADA<\/td><td class=\"has-text-align-left\" data-align=\"left\">E. Primaria<\/td><\/tr><tr><td class=\"has-text-align-left\" data-align=\"left\">SONIA RUIZ<\/td><td class=\"has-text-align-left\" data-align=\"left\"><\/td><\/tr><tr><td class=\"has-text-align-left\" data-align=\"left\"><strong><em>EDUCACI\u00d3N F\u00cdSICA<\/em><\/strong><\/td><td class=\"has-text-align-left\" data-align=\"left\"><\/td><\/tr><tr><td class=\"has-text-align-left\" data-align=\"left\"><mark style=\"background-color:rgba(0, 0, 0, 0);color:#000000\" class=\"has-inline-color\">&nbsp;<\/mark>RAQUEL MU\u00d1OZ<\/td><td class=\"has-text-align-left\" data-align=\"left\"><\/td><\/tr><tr><td class=\"has-text-align-left\" data-align=\"left\"><mark style=\"background-color:rgba(0, 0, 0, 0);color:#000000\" class=\"has-inline-color\">&nbsp;<\/mark>IRENE RODR\u00cdGUEZ<\/td><td class=\"has-text-align-left\" data-align=\"left\"><\/td><\/tr><tr><td class=\"has-text-align-left\" data-align=\"left\"> JORGE FUENTES<\/td><td class=\"has-text-align-left\" data-align=\"left\"><\/td><\/tr><tr><td class=\"has-text-align-left\" data-align=\"left\"> M\u00aa EUGENIA AGUADO<\/td><td class=\"has-text-align-left\" data-align=\"left\"><\/td><\/tr><tr><td class=\"has-text-align-left\" data-align=\"left\"><em><strong>&nbsp;INGL\u00c9S<\/strong><\/em><\/td><td class=\"has-text-align-left\" data-align=\"left\"><\/td><\/tr><tr><td class=\"has-text-align-left\" data-align=\"left\">OLGA PLAZA<\/td><td class=\"has-text-align-left\" data-align=\"left\">E. Infantil, 1\u00baA y 3\u00baA de E. Primaria<\/td><\/tr><tr><td class=\"has-text-align-left\" data-align=\"left\">ANDREA JIM\u00c9NEZ<\/td><td class=\"has-text-align-left\" data-align=\"left\">4\u00baA y 4\u00baB de E. Primaria<\/td><\/tr><tr><td class=\"has-text-align-left\" data-align=\"left\">BERTA S\u00c1NCHEZ<\/td><td class=\"has-text-align-left\" data-align=\"left\">2\u00baA y 2\u00baB E. PRIMARIA<\/td><\/tr><tr><td class=\"has-text-align-left\" data-align=\"left\"><strong><em>PEDAGOG\u00cdA TERAP\u00c9UTICA (PT)<\/em><\/strong><\/td><td class=\"has-text-align-left\" data-align=\"left\"><\/td><\/tr><tr><td class=\"has-text-align-left\" data-align=\"left\">JIMENA FRANCISCO<\/td><td class=\"has-text-align-left\" data-align=\"left\">E. Infantil y E. Primaria<\/td><\/tr><tr><td class=\"has-text-align-left\" data-align=\"left\">SARA GAMONAL<\/td><td class=\"has-text-align-left\" data-align=\"left\">E. Infantil y E. Primaria<\/td><\/tr><tr><td class=\"has-text-align-left\" data-align=\"left\"><strong><em>AUDICI\u00d3N Y LENGUAJE<\/em><\/strong><\/td><td class=\"has-text-align-left\" data-align=\"left\"><\/td><\/tr><tr><td class=\"has-text-align-left\" data-align=\"left\">MERCEDES LARA<\/td><td class=\"has-text-align-left\" data-align=\"left\">E. Infantil y E. Primaria<\/td><\/tr><\/tbody><\/table><\/figure>\n<\/div>\n\n\n\n<figure class=\"wp-block-table is-style-stripes\" style=\"font-size:14px\"><table class=\"has-background\" style=\"background-color:#e9fbe5\"><thead><tr><th class=\"has-text-align-left\" data-align=\"left\"><span style=\"color:#076442\" class=\"has-inline-color\"><strong><em>EQUIPO DE ORIENTACI\u00d3N<\/em><\/strong><\/span><\/th><\/tr><\/thead><tbody><tr><td class=\"has-text-align-left\" data-align=\"left\"><strong><span style=\"color:#000000\" class=\"has-inline-color\"><em>ORIENTADORA<\/em><\/span><\/strong><\/td><td>SONIA ARIAS<\/td><\/tr><tr><td class=\"has-text-align-left\" data-align=\"left\"><strong><span style=\"color:#000000\" class=\"has-inline-color\"><em>TRABAJADORA<\/em><\/span><\/strong><span style=\"color:#000000\" class=\"has-inline-color\"><strong><em> SOCIAL<\/em><\/strong><\/span><\/td><td><span class=\"has-inline-color has-very-dark-gray-color\">LETICIA GARC\u00cdA<\/span><\/td><\/tr><\/tbody><\/table><\/figure>\n\n\n\n<figure class=\"wp-block-table is-style-stripes\" style=\"font-size:14px\"><table class=\"has-background\" style=\"background-color:#e9fbe5\"><thead><tr><th class=\"has-text-align-left\" data-align=\"left\"><mark style=\"background-color:rgba(0, 0, 0, 0);color:#076442\" class=\"has-inline-color\"><em>SERVICIO GESTIONADO POR LA A.M.P.A<\/em><\/mark><\/th><\/tr><\/thead><tbody><tr><td class=\"has-text-align-left\" data-align=\"left\">EXTRAESCOLARES<\/td><td><\/td><\/tr><\/tbody><\/table><\/figure>\n\n\n\n<figure class=\"wp-block-table is-style-stripes\" style=\"font-size:14px\"><table class=\"has-background\" style=\"background-color:#e9fbe5\"><thead><tr><th class=\"has-text-align-left\" data-align=\"left\"><em>PERSONAL NO DOCENTE<\/em><\/th><th><\/th><\/tr><\/thead><tbody><tr><td class=\"has-text-align-left\" data-align=\"left\"><strong><em>CONSERJE<\/em><\/strong><\/td><td>SERGIO BERMEJO<\/td><\/tr><tr><td class=\"has-text-align-left\" data-align=\"left\"><strong><em>SERVICIO DE COMEDOR<\/em><\/strong><\/td><td><strong>Cocinera: <\/strong>SONIA REINA<br><strong>Cuidadoras: <\/strong>SONIA GONZ\u00c1LEZ, CRISTINA RUSU Y CRISTINA LUIS<\/td><\/tr><tr><td class=\"has-text-align-left\" data-align=\"left\"><strong><em>ENFERMERA<\/em><\/strong><\/td><td>OLGA CASTEJ\u00d3N<\/td><\/tr><tr><td class=\"has-text-align-left\" data-align=\"left\"><strong><em>AUXILIAR ADMINISTRATIVO<\/em><\/strong><\/td><td>TERESA RODR\u00cdGUEZ<\/td><\/tr><\/tbody><\/table><\/figure>\n\n\n\n<div class=\"wp-block-columns is-layout-flex wp-container-core-columns-is-layout-28f84493 wp-block-columns-is-layout-flex\">\n<div class=\"wp-block-column is-layout-flow wp-block-column-is-layout-flow\" style=\"flex-basis:100%\">\n<figure class=\"wp-block-table is-style-stripes\" style=\"font-size:14px\"><table class=\"has-background\" style=\"background-color:#e9fbe5\"><tbody><tr><td><em><strong>SERVICIOS DEL CENTRO<\/strong><\/em><\/td><td><\/td><\/tr><tr><td>\u00ab<strong>PRIMEROS DEL COLE<\/strong>\u00bb                                  SONIA P\u00c9REZ<\/td><td><\/td><\/tr><\/tbody><\/table><\/figure>\n<\/div>\n<\/div>\n\n\n\n<p><\/p>\n","protected":false},"excerpt":{"rendered":"<p>La mayor\u00eda del profesorado que compone la plantilla de este centro trabajan de manera definitiva en \u00e9l y cuentan con una vasta formaci\u00f3n y experiencia que garantizan el trabajo profesional y de calidad que desarrollan cada d\u00eda. El Claustro trabaja de forma democr\u00e1tica y colaborativa, de modo que los temas se plantean y abordan entre [&hellip;]<\/p>\n","protected":false},"author":2,"featured_media":0,"parent":0,"menu_order":0,"comment_status":"closed","ping_status":"closed","template":"","meta":{"footnotes":""},"folder":[],"class_list":["post-315","page","type-page","status-publish","hentry"],"rttpg_featured_image_url":null,"rttpg_author":{"display_name":"tic.cp.montelindo.bustarviejo","author_link":"https:\/\/site.educa.madrid.org\/cp.montelindo.bustarviejo\/index.php\/author\/cuenta_tic-cp-montelindo-bustarviejo\/"},"rttpg_comment":0,"rttpg_category":false,"rttpg_excerpt":"La mayor\u00eda del profesorado que compone la plantilla de este centro trabajan de manera definitiva en \u00e9l y cuentan con una vasta formaci\u00f3n y experiencia que garantizan el trabajo profesional y de calidad que desarrollan cada d\u00eda. El Claustro trabaja de forma democr\u00e1tica y colaborativa, de modo que los temas se plantean y abordan entre&hellip;","post_mailing_queue_ids":[],"_links":{"self":[{"href":"https:\/\/site.educa.madrid.org\/cp.montelindo.bustarviejo\/index.php\/wp-json\/wp\/v2\/pages\/315","targetHints":{"allow":["GET"]}}],"collection":[{"href":"https:\/\/site.educa.madrid.org\/cp.montelindo.bustarviejo\/index.php\/wp-json\/wp\/v2\/pages"}],"about":[{"href":"https:\/\/site.educa.madrid.org\/cp.montelindo.bustarviejo\/index.php\/wp-json\/wp\/v2\/types\/page"}],"author":[{"embeddable":true,"href":"https:\/\/site.educa.madrid.org\/cp.montelindo.bustarviejo\/index.php\/wp-json\/wp\/v2\/users\/2"}],"replies":[{"embeddable":true,"href":"https:\/\/site.educa.madrid.org\/cp.montelindo.bustarviejo\/index.php\/wp-json\/wp\/v2\/comments?post=315"}],"version-history":[{"count":44,"href":"https:\/\/site.educa.madrid.org\/cp.montelindo.bustarviejo\/index.php\/wp-json\/wp\/v2\/pages\/315\/revisions"}],"predecessor-version":[{"id":2721,"href":"https:\/\/site.educa.madrid.org\/cp.montelindo.bustarviejo\/index.php\/wp-json\/wp\/v2\/pages\/315\/revisions\/2721"}],"wp:attachment":[{"href":"https:\/\/site.educa.madrid.org\/cp.montelindo.bustarviejo\/index.php\/wp-json\/wp\/v2\/media?parent=315"}],"wp:term":[{"taxonomy":"folder","embeddable":true,"href":"https:\/\/site.educa.madrid.org\/cp.montelindo.bustarviejo\/index.php\/wp-json\/wp\/v2\/folder?post=315"}],"curies":[{"name":"wp","href":"https:\/\/api.w.org\/{rel}","templated":true}]}}