{"id":3551,"date":"2024-11-04T09:41:35","date_gmt":"2024-11-04T08:41:35","guid":{"rendered":"https:\/\/site.educa.madrid.org\/cp.navalazarza.sanagustin\/?page_id=3551"},"modified":"2026-04-27T10:05:32","modified_gmt":"2026-04-27T08:05:32","slug":"radio-escolar","status":"publish","type":"page","link":"https:\/\/site.educa.madrid.org\/cp.navalazarza.sanagustin\/index.php\/radio-escolar\/","title":{"rendered":"Radio Escolar"},"content":{"rendered":"\n<p class=\"has-text-align-left has-large-font-size\"><em>&nbsp;<strong>\u201cLa radio va con uno, es parte de la vida de nosotros. <\/strong><\/em><br><em><strong>Es compa\u00f1\u00eda, m\u00fasica\u2026 es todo.\u201d<\/strong><\/em><\/p>\n\n\n\n<div class=\"wp-block-columns is-layout-flex wp-container-core-columns-is-layout-9d6595d7 wp-block-columns-is-layout-flex\">\n<div class=\"wp-block-column is-layout-flow wp-block-column-is-layout-flow\" style=\"flex-basis:30%\"><div class=\"wp-block-image\">\n<figure class=\"aligncenter size-full\"><img loading=\"lazy\" decoding=\"async\" width=\"500\" height=\"500\" src=\"https:\/\/site.educa.madrid.org\/cp.navalazarza.sanagustin\/\/wp-content\/uploads\/cp.navalazarza.sanagustin\/2025\/02\/Logo-Radio-Navalafy.png\" alt=\"\" class=\"wp-image-4278\" srcset=\"https:\/\/site.educa.madrid.org\/cp.navalazarza.sanagustin\/\/wp-content\/uploads\/cp.navalazarza.sanagustin\/2025\/02\/Logo-Radio-Navalafy.png 500w, https:\/\/site.educa.madrid.org\/cp.navalazarza.sanagustin\/\/wp-content\/uploads\/cp.navalazarza.sanagustin\/2025\/02\/Logo-Radio-Navalafy-300x300.png 300w, https:\/\/site.educa.madrid.org\/cp.navalazarza.sanagustin\/\/wp-content\/uploads\/cp.navalazarza.sanagustin\/2025\/02\/Logo-Radio-Navalafy-150x150.png 150w, https:\/\/site.educa.madrid.org\/cp.navalazarza.sanagustin\/\/wp-content\/uploads\/cp.navalazarza.sanagustin\/2025\/02\/Logo-Radio-Navalafy-230x230.png 230w, https:\/\/site.educa.madrid.org\/cp.navalazarza.sanagustin\/\/wp-content\/uploads\/cp.navalazarza.sanagustin\/2025\/02\/Logo-Radio-Navalafy-350x350.png 350w, https:\/\/site.educa.madrid.org\/cp.navalazarza.sanagustin\/\/wp-content\/uploads\/cp.navalazarza.sanagustin\/2025\/02\/Logo-Radio-Navalafy-480x480.png 480w\" sizes=\"auto, (max-width: 500px) 100vw, 500px\" \/><\/figure>\n<\/div><\/div>\n\n\n\n<div class=\"wp-block-column is-layout-flow wp-block-column-is-layout-flow\">\n<p>En el colegio Virgen de Navalazarza comenzamos el curso 2024\/2025 con un proyecto que nos hace much\u00edsima ilusi\u00f3n estrenar: <strong>El proyecto de radio escolar<\/strong>. En nuestra actualidad estamos rodeados de radio, de m\u00fasica, de podcast, por lo que el objetivo es acercar esta herramienta a todo nuestro alumnado para que aprendan a comunicarse de una forma diferente, pero tambi\u00e9n a saber escuchar. A lo largo de este camino que empezamos estaremos favoreciendo a desarrollar capacidades en ellos como la creatividad, la observaci\u00f3n o la capacidad para interpretar.<\/p>\n\n\n\n<p>Por otro lado, trabajaremos de manera interdisciplinar competencias curriculares como: comunicaci\u00f3n ling\u00fc\u00edstica; competencia digital; o competencia personal, social y de aprender a aprender.<\/p>\n\n\n\n<p>Desde este curso deseamos que nuestro alumnado tenga la oportunidad de acercarse a la radio y puedan participar de la manera en la que se sientan m\u00e1s c\u00f3modos y siempre divirti\u00e9ndose.&nbsp;<\/p>\n\n\n\n<p>\u00a1Damos por inaugurada la radio escolar! <strong>\u00a1Radio NAVALAFY!<\/strong><\/p>\n<\/div>\n<\/div>\n\n\n\n<h2 class=\"wp-block-heading\">Enlaces a los podcasts<\/h2>\n\n\n\n<ol class=\"wp-block-list\">\n<li><a href=\"https:\/\/mediateca.educa.madrid.org\/audio\/plrfy4bpkrpjcekg?jwsource=cl\" target=\"_blank\" rel=\"noreferrer noopener\">Episodio especial: Primer d\u00eda de cole<\/a><\/li>\n\n\n\n<li><a href=\"https:\/\/mediateca.educa.madrid.org\/audio\/wldisg2gkknyeooj?jwsource=cl\" target=\"_blank\" rel=\"noreferrer noopener\">Inauguraci\u00f3n del curso con visita oficial<\/a><\/li>\n\n\n\n<li><a href=\"https:\/\/mediateca.educa.madrid.org\/audio\/4lolr25jrxn1o3r6?jwsource=cl\" target=\"_blank\" rel=\"noreferrer noopener\">Halloween con Mattew y Noa<\/a><\/li>\n\n\n\n<li><a href=\"https:\/\/mediateca.educa.madrid.org\/audio\/vimfel3pke9pewcr?jwsource=cl\" target=\"_blank\" rel=\"noreferrer noopener\">Tradiciones de Halloween con 6\u00baC<\/a><\/li>\n\n\n\n<li><a href=\"https:\/\/mediateca.educa.madrid.org\/audio\/fxxq8kwi4c3fggbd?jwsource=cl\" target=\"_blank\" rel=\"noreferrer noopener\">Podcast en ingl\u00e9s: nos acerca a las principales tradiciones de esta celebraci\u00f3n<\/a><\/li>\n\n\n\n<li><a href=\"https:\/\/mediateca.educa.madrid.org\/audio\/ptt2v6pczgz76fge?jwsource=cl\" target=\"_blank\" rel=\"noreferrer noopener\">Podcast tipo Quiz: un divertido cuestionario para poner a prueba lo aprendido<\/a><\/li>\n\n\n\n<li><a href=\"https:\/\/mediateca.educa.madrid.org\/audio\/33s9faqvwg2m5cpi?jwsource=cl\" target=\"_blank\" rel=\"noreferrer noopener\">Navipodcast Escolar<\/a><\/li>\n\n\n\n<li><a href=\"https:\/\/mediateca.educa.madrid.org\/audio\/cikgtq3q8prhsa9y?jwsource=cl\" target=\"_blank\" rel=\"noreferrer noopener\">\u201cSomos el Cambio: Podcast por un Pueblo M\u00e1s Limpio\u201d<\/a><\/li>\n\n\n\n<li><a href=\"https:\/\/mediateca.educa.madrid.org\/audio\/jd7uvq449bqelm6m?jwsource=cl\" target=\"_blank\" rel=\"noreferrer noopener\">Halloween song!<\/a><\/li>\n\n\n\n<li><a href=\"https:\/\/mediateca.educa.madrid.org\/audio\/fbynj7bdbtugnrcz?jwsource=cl\" target=\"_blank\" rel=\"noreferrer noopener\">Miss Polly had a dolly<\/a><\/li>\n\n\n\n<li><a href=\"https:\/\/mediateca.educa.madrid.org\/audio\/6ooo1enc724glbtb?jwsource=cl\" target=\"_blank\" rel=\"noreferrer noopener\">\u201cEl Quiz del Cascar\u00f3n de Navidad\u201d<\/a><\/li>\n\n\n\n<li><a href=\"https:\/\/mediateca.educa.madrid.org\/audio\/nlhodn87p669usuk?jwsource=cl\" target=\"_blank\" rel=\"noreferrer noopener\">\u201cEl Quiz de las campanadas\u201d<\/a><\/li>\n\n\n\n<li><a href=\"https:\/\/mediateca.educa.madrid.org\/audio\/x3yb7h1ihxjr6ugn?jwsource=cl\" target=\"_blank\" rel=\"noreferrer noopener\">\u201cQuiz por la Paz\u201d \u2013 Primaria en acci\u00f3n<\/a><\/li>\n\n\n\n<li><a href=\"https:\/\/mediateca.educa.madrid.org\/audio\/zfxuaueudi7abzeo?jwsource=cl\" target=\"_blank\" rel=\"noreferrer noopener\">\u201cD\u00eda de la Paz: lo explicamos para ni\u00f1os\u201d<\/a><\/li>\n\n\n\n<li><a href=\"https:\/\/mediateca.educa.madrid.org\/audio\/fcfgelmdvbd1q5g4?jwsource=cl\" target=\"_blank\" rel=\"noreferrer noopener\">\u201cBr\u00fajula de Sabidur\u00eda\u201d \u2013 Pr\u00f3ximamente<\/a><\/li>\n\n\n\n<li><a href=\"https:\/\/mediateca.educa.madrid.org\/audio\/b6hxk6cazgsxs2tv?jwsource=cl\" target=\"_blank\" rel=\"noreferrer noopener\">Especial D\u00eda de la Paz<\/a><\/li>\n\n\n\n<li><a href=\"https:\/\/mediateca.educa.madrid.org\/audio\/pdpkv1hdxrkyij57?jwsource=cl\" target=\"_blank\" rel=\"noreferrer noopener\">Especial D\u00eda del Carnaval<\/a><\/li>\n\n\n\n<li><a href=\"https:\/\/mediateca.educa.madrid.org\/audio\/mloqx6hai58q2nfl?jwsource=cl\" target=\"_blank\" rel=\"noreferrer noopener\">NIVAL y los embajadores del mundo<\/a><\/li>\n\n\n\n<li><a href=\"https:\/\/mediateca.educa.madrid.org\/audio\/iw1sslqq7d1kx3fr?jwsource=cl\" target=\"_blank\" rel=\"noreferrer noopener\">Carnaval en 5 a\u00f1os B<\/a><\/li>\n\n\n\n<li><a href=\"https:\/\/mediateca.educa.madrid.org\/audio\/zwrb2wo829c18zlj?jwsource=cl\" target=\"_blank\" rel=\"noreferrer noopener\">Las estrellas con la luna<\/a><\/li>\n\n\n\n<li><a href=\"https:\/\/mediateca.educa.madrid.org\/audio\/91y7mnrhho8k13ra?jwsource=cl\" target=\"_blank\" rel=\"noreferrer noopener\">Especial D\u00eda de la Mujer<\/a><\/li>\n\n\n\n<li><a href=\"https:\/\/mediateca.educa.madrid.org\/audio\/bdhbizjwwkzrkyjm?jwsource=cl\" target=\"_blank\" rel=\"noreferrer noopener\">Saint Patrick\u2019s Day<\/a><\/li>\n\n\n\n<li><a href=\"https:\/\/mediateca.educa.madrid.org\/audio\/jfzfm5y6d28l4t8l?jwsource=cl\" target=\"_blank\" rel=\"noreferrer noopener\">El Quiz del Duende Verde<\/a><\/li>\n\n\n\n<li><a href=\"https:\/\/mediateca.educa.madrid.org\/lista\/Lascmplkmbwo4zjjr\" target=\"_blank\" rel=\"noreferrer noopener\">Debates y podcast de 5\u00baB<\/a><\/li>\n<\/ol>\n","protected":false},"excerpt":{"rendered":"<p>&nbsp;\u201cLa radio va con uno, es parte de la vida de nosotros. Es compa\u00f1\u00eda, m\u00fasica\u2026 es todo.\u201d En el colegio [&hellip;]<\/p>\n","protected":false},"author":3,"featured_media":0,"parent":0,"menu_order":2,"comment_status":"closed","ping_status":"closed","template":"page-templates\/page_fullwidth.php","meta":{"footnotes":""},"folder":[27],"class_list":["post-3551","page","type-page","status-publish","hentry"],"rttpg_featured_image_url":null,"rttpg_author":{"display_name":"cp.navalazarza.sanagustin","author_link":"https:\/\/site.educa.madrid.org\/cp.navalazarza.sanagustin\/index.php\/author\/cuenta_cp-navalazarza-sanagustin\/"},"rttpg_comment":0,"rttpg_category":" <a href=\"https:\/\/site.educa.madrid.org\/cp.navalazarza.sanagustin\/?taxonomy=folder&#038;term=proyectos-1719471456-3\" rel=\"tag\">Proyectos<\/a>","rttpg_excerpt":"&nbsp;\u201cLa radio va con uno, es parte de la vida de nosotros. Es compa\u00f1\u00eda, m\u00fasica\u2026 es todo.\u201d En el colegio [&hellip;]","post_mailing_queue_ids":[],"_links":{"self":[{"href":"https:\/\/site.educa.madrid.org\/cp.navalazarza.sanagustin\/index.php\/wp-json\/wp\/v2\/pages\/3551","targetHints":{"allow":["GET"]}}],"collection":[{"href":"https:\/\/site.educa.madrid.org\/cp.navalazarza.sanagustin\/index.php\/wp-json\/wp\/v2\/pages"}],"about":[{"href":"https:\/\/site.educa.madrid.org\/cp.navalazarza.sanagustin\/index.php\/wp-json\/wp\/v2\/types\/page"}],"author":[{"embeddable":true,"href":"https:\/\/site.educa.madrid.org\/cp.navalazarza.sanagustin\/index.php\/wp-json\/wp\/v2\/users\/3"}],"replies":[{"embeddable":true,"href":"https:\/\/site.educa.madrid.org\/cp.navalazarza.sanagustin\/index.php\/wp-json\/wp\/v2\/comments?post=3551"}],"version-history":[{"count":29,"href":"https:\/\/site.educa.madrid.org\/cp.navalazarza.sanagustin\/index.php\/wp-json\/wp\/v2\/pages\/3551\/revisions"}],"predecessor-version":[{"id":7060,"href":"https:\/\/site.educa.madrid.org\/cp.navalazarza.sanagustin\/index.php\/wp-json\/wp\/v2\/pages\/3551\/revisions\/7060"}],"wp:attachment":[{"href":"https:\/\/site.educa.madrid.org\/cp.navalazarza.sanagustin\/index.php\/wp-json\/wp\/v2\/media?parent=3551"}],"wp:term":[{"taxonomy":"folder","embeddable":true,"href":"https:\/\/site.educa.madrid.org\/cp.navalazarza.sanagustin\/index.php\/wp-json\/wp\/v2\/folder?post=3551"}],"curies":[{"name":"wp","href":"https:\/\/api.w.org\/{rel}","templated":true}]}}