{"id":4213,"date":"2025-02-10T14:08:12","date_gmt":"2025-02-10T13:08:12","guid":{"rendered":"https:\/\/site.educa.madrid.org\/cp.navalazarza.sanagustin\/?page_id=4213"},"modified":"2025-02-17T09:27:25","modified_gmt":"2025-02-17T08:27:25","slug":"entre-companeros","status":"publish","type":"page","link":"https:\/\/site.educa.madrid.org\/cp.navalazarza.sanagustin\/index.php\/entre-companeros\/","title":{"rendered":"Entre Compa\u00f1eros"},"content":{"rendered":"<div class=\"wp-block-image\">\n<figure class=\"aligncenter\"><img loading=\"lazy\" decoding=\"async\" width=\"798\" height=\"635\" src=\"https:\/\/site.educa.madrid.org\/cp.navalazarza.sanagustin\/\/wp-content\/uploads\/cp.navalazarza.sanagustin\/2025\/02\/Captura.jpg\" alt=\"\" class=\"wp-image-4215\" srcset=\"https:\/\/site.educa.madrid.org\/cp.navalazarza.sanagustin\/\/wp-content\/uploads\/cp.navalazarza.sanagustin\/2025\/02\/Captura.jpg 798w, https:\/\/site.educa.madrid.org\/cp.navalazarza.sanagustin\/\/wp-content\/uploads\/cp.navalazarza.sanagustin\/2025\/02\/Captura-300x239.jpg 300w, https:\/\/site.educa.madrid.org\/cp.navalazarza.sanagustin\/\/wp-content\/uploads\/cp.navalazarza.sanagustin\/2025\/02\/Captura-768x611.jpg 768w, https:\/\/site.educa.madrid.org\/cp.navalazarza.sanagustin\/\/wp-content\/uploads\/cp.navalazarza.sanagustin\/2025\/02\/Captura-230x183.jpg 230w, https:\/\/site.educa.madrid.org\/cp.navalazarza.sanagustin\/\/wp-content\/uploads\/cp.navalazarza.sanagustin\/2025\/02\/Captura-350x279.jpg 350w, https:\/\/site.educa.madrid.org\/cp.navalazarza.sanagustin\/\/wp-content\/uploads\/cp.navalazarza.sanagustin\/2025\/02\/Captura-480x382.jpg 480w\" sizes=\"auto, (max-width: 798px) 100vw, 798px\" \/><\/figure>\n<\/div>\n\n\n<p>El proyecto \u00abEntre compa\u00f1eros\u00bb es una iniciativa maravillosa que celebra su segundo a\u00f1o. Este programa destaca por la dedicaci\u00f3n y el compromiso de los alumnos de 5\u00ba y 6\u00ba de Educaci\u00f3n Primaria, quienes asumen el papel de gu\u00edas y cuidadores entre sus iguales.<\/p>\n\n\n\n<p>A trav\u00e9s de este proyecto, los estudiantes no solo fomentan el entendimiento y la comunicaci\u00f3n, sino que tambi\u00e9n desarrollan habilidades sociales y emocionales esenciales para su crecimiento personal. La empat\u00eda, el respeto y el trabajo en equipo son valores que se cultivan d\u00eda a d\u00eda, creando un ambiente<\/p>\n\n\n\n<p>escolar m\u00e1s inclusivo y solidario.<\/p>\n\n\n\n<p>\u00a1Gracias a todos los participantes por su tiempo y esfuerzo dedicados a&nbsp; construir una comunidad m\u00e1s unida y comprensiva!<\/p>\n\n\n\n<p>Beatriz Milano Coordinadora de Bienestar y Protecci\u00f3n a la Infancia.<\/p>\n\n\n\n<ul class=\"wp-block-list\">\n<li><a href=\"https:\/\/site.educa.madrid.org\/cp.navalazarza.sanagustin\/\/wp-content\/uploads\/cp.navalazarza.sanagustin\/2025\/02\/Entre-companeros-_web.pdf\" target=\"_blank\" rel=\"noopener\">Enlace al art\u00edculo de la revista municipal.<\/a><\/li>\n\n\n\n<li><a href=\"https:\/\/www.canva.com\/design\/DAGKlUd-J9w\/MKL_jyD3RuvoHBXUoyxRkA\/view?utm_content=DAGKlUd-J9w&amp;utm_campaign=designshare&amp;utm_medium=link2&amp;utm_source=uniquelinks&amp;utlId=ha16e920150\" target=\"_blank\" rel=\"noreferrer noopener\">Enlace al documento visual.<\/a><\/li>\n<\/ul>\n","protected":false},"excerpt":{"rendered":"<p>El proyecto \u00abEntre compa\u00f1eros\u00bb es una iniciativa maravillosa que celebra su segundo a\u00f1o. Este programa destaca por la dedicaci\u00f3n y [&hellip;]<\/p>\n","protected":false},"author":3,"featured_media":0,"parent":0,"menu_order":2,"comment_status":"closed","ping_status":"closed","template":"page-templates\/page_fullwidth.php","meta":{"footnotes":""},"folder":[8,27],"class_list":["post-4213","page","type-page","status-publish","hentry"],"rttpg_featured_image_url":null,"rttpg_author":{"display_name":"cp.navalazarza.sanagustin","author_link":"https:\/\/site.educa.madrid.org\/cp.navalazarza.sanagustin\/index.php\/author\/cuenta_cp-navalazarza-sanagustin\/"},"rttpg_comment":0,"rttpg_category":" <a href=\"https:\/\/site.educa.madrid.org\/cp.navalazarza.sanagustin\/?taxonomy=folder&#038;term=nuestro-centro-1700472291-3\" rel=\"tag\">El Centro<\/a><a href=\"https:\/\/site.educa.madrid.org\/cp.navalazarza.sanagustin\/?taxonomy=folder&#038;term=proyectos-1719471456-3\" rel=\"tag\">Proyectos<\/a>","rttpg_excerpt":"El proyecto \u00abEntre compa\u00f1eros\u00bb es una iniciativa maravillosa que celebra su segundo a\u00f1o. Este programa destaca por la dedicaci\u00f3n y [&hellip;]","post_mailing_queue_ids":[],"_links":{"self":[{"href":"https:\/\/site.educa.madrid.org\/cp.navalazarza.sanagustin\/index.php\/wp-json\/wp\/v2\/pages\/4213","targetHints":{"allow":["GET"]}}],"collection":[{"href":"https:\/\/site.educa.madrid.org\/cp.navalazarza.sanagustin\/index.php\/wp-json\/wp\/v2\/pages"}],"about":[{"href":"https:\/\/site.educa.madrid.org\/cp.navalazarza.sanagustin\/index.php\/wp-json\/wp\/v2\/types\/page"}],"author":[{"embeddable":true,"href":"https:\/\/site.educa.madrid.org\/cp.navalazarza.sanagustin\/index.php\/wp-json\/wp\/v2\/users\/3"}],"replies":[{"embeddable":true,"href":"https:\/\/site.educa.madrid.org\/cp.navalazarza.sanagustin\/index.php\/wp-json\/wp\/v2\/comments?post=4213"}],"version-history":[{"count":4,"href":"https:\/\/site.educa.madrid.org\/cp.navalazarza.sanagustin\/index.php\/wp-json\/wp\/v2\/pages\/4213\/revisions"}],"predecessor-version":[{"id":4274,"href":"https:\/\/site.educa.madrid.org\/cp.navalazarza.sanagustin\/index.php\/wp-json\/wp\/v2\/pages\/4213\/revisions\/4274"}],"wp:attachment":[{"href":"https:\/\/site.educa.madrid.org\/cp.navalazarza.sanagustin\/index.php\/wp-json\/wp\/v2\/media?parent=4213"}],"wp:term":[{"taxonomy":"folder","embeddable":true,"href":"https:\/\/site.educa.madrid.org\/cp.navalazarza.sanagustin\/index.php\/wp-json\/wp\/v2\/folder?post=4213"}],"curies":[{"name":"wp","href":"https:\/\/api.w.org\/{rel}","templated":true}]}}