{"id":982,"date":"2023-11-20T10:23:50","date_gmt":"2023-11-20T09:23:50","guid":{"rendered":"https:\/\/site.educa.madrid.org\/cp.navalazarza.sanagustin\/?page_id=982"},"modified":"2024-06-27T09:31:20","modified_gmt":"2024-06-27T07:31:20","slug":"orientacion","status":"publish","type":"page","link":"https:\/\/site.educa.madrid.org\/cp.navalazarza.sanagustin\/index.php\/orientacion\/","title":{"rendered":"Orientaci\u00f3n"},"content":{"rendered":"\n<p>El Equipo de Orientaci\u00f3n Educativa y Psicopedag\u00f3gica (EOEP) es un servicio externo de car\u00e1cter educativo que atiende a todos los colegios del sector en el que est\u00e1 ubicado. En el caso del Colegio Virgen de Navalazarza el EOEP de referencia se encuentra en la localidad de Alcobendas.<\/p>\n\n\n\n<p>Dos profesionales con perfiles de orientador y trabajador social atienden al centro.<\/p>\n\n\n\n<p>Estos profesionales, junto con las maestras de Pedagog\u00eda Terap\u00e9utica, Audici\u00f3n y Lenguaje y Educaci\u00f3n Compensatoria forman el Equipo de Apoyo del centro.<\/p>\n\n\n\n<p>Entre los objetivos principales que se desarrollan desde el EOEP en el colegio se encuentran:<\/p>\n\n\n\n<ul class=\"wp-block-list\">\n<li>Contribuir a la mejora de la ense\u00f1anza y la calidad de los aprendizajes favoreciendo la atenci\u00f3n a la diversidad.\n<ul class=\"wp-block-list\">\n<li>Prevenir y detectar las dificultades que inciden en el aprendizaje.<\/li>\n\n\n\n<li>Asesorar y colaborar en la elaboraci\u00f3n, desarrollo, evaluaci\u00f3n y revisi\u00f3n del Plan de Atenci\u00f3n a la Diversidad del Centro.<\/li>\n\n\n\n<li>Evaluar las necesidades educativas de los alumnos.<\/li>\n\n\n\n<li>Colaborar en el seguimiento de los alumnos con necesidades educativas especiales.<\/li>\n\n\n\n<li>Mejorar la Atenci\u00f3n del alumnado procedente de minor\u00edas \u00e9tnicas, sociales y culturales asesorando al profesorado para paliar la situaci\u00f3n de desventaja.<\/li>\n<\/ul>\n<\/li>\n\n\n\n<li>Contribuir a la mejora del funcionamiento de estructuras internas del centro.<\/li>\n\n\n\n<li>Contribuir al desarrollo profesional de los docentes desde el trabajo de asesoramiento.<\/li>\n\n\n\n<li>Promover la cooperaci\u00f3n familia y escuela. Proporcionar a las familias orientaci\u00f3n sobre aspectos sociofamiliares referentes a las necesidades en el trato con sus hijos.<\/li>\n<\/ul>\n\n\n\n<p>Una de las actuaciones que se ha pensado desde el centro escolar para el desarrollo de este \u00faltimo objetivo es nuestra participaci\u00f3n en la p\u00e1gina web del centro desarrollando un apartado principalmente enfocado a las familias, en el cual se aportar\u00e1n documentos de orientaci\u00f3n familiar que guardan relaci\u00f3n con el desarrollo infantil y aspectos educativos de inter\u00e9s para los padres en la educaci\u00f3n de sus hijos.<\/p>\n\n\n\n<p>Tambi\u00e9n servir\u00e1 de plataforma para apoyar los&nbsp;<strong>talleres de padres de Educaci\u00f3n Infantil<\/strong>&nbsp;que se llevar\u00e1n a cabo en 3 o 4 sesiones en el 2\u00ba y 3er. Trimestre.<\/p>\n","protected":false},"excerpt":{"rendered":"<p>El Equipo de Orientaci\u00f3n Educativa y Psicopedag\u00f3gica (EOEP) es un servicio externo de car\u00e1cter educativo que atiende a todos los [&hellip;]<\/p>\n","protected":false},"author":3,"featured_media":0,"parent":0,"menu_order":10,"comment_status":"closed","ping_status":"closed","template":"page-templates\/page_fullwidth.php","meta":{"footnotes":""},"folder":[9],"class_list":["post-982","page","type-page","status-publish","hentry"],"rttpg_featured_image_url":null,"rttpg_author":{"display_name":"cp.navalazarza.sanagustin","author_link":"https:\/\/site.educa.madrid.org\/cp.navalazarza.sanagustin\/index.php\/author\/cuenta_cp-navalazarza-sanagustin\/"},"rttpg_comment":0,"rttpg_category":" <a href=\"https:\/\/site.educa.madrid.org\/cp.navalazarza.sanagustin\/?taxonomy=folder&#038;term=servicios-1700472319-3\" rel=\"tag\">Servicios<\/a>","rttpg_excerpt":"El Equipo de Orientaci\u00f3n Educativa y Psicopedag\u00f3gica (EOEP) es un servicio externo de car\u00e1cter educativo que atiende a todos los [&hellip;]","post_mailing_queue_ids":[],"_links":{"self":[{"href":"https:\/\/site.educa.madrid.org\/cp.navalazarza.sanagustin\/index.php\/wp-json\/wp\/v2\/pages\/982","targetHints":{"allow":["GET"]}}],"collection":[{"href":"https:\/\/site.educa.madrid.org\/cp.navalazarza.sanagustin\/index.php\/wp-json\/wp\/v2\/pages"}],"about":[{"href":"https:\/\/site.educa.madrid.org\/cp.navalazarza.sanagustin\/index.php\/wp-json\/wp\/v2\/types\/page"}],"author":[{"embeddable":true,"href":"https:\/\/site.educa.madrid.org\/cp.navalazarza.sanagustin\/index.php\/wp-json\/wp\/v2\/users\/3"}],"replies":[{"embeddable":true,"href":"https:\/\/site.educa.madrid.org\/cp.navalazarza.sanagustin\/index.php\/wp-json\/wp\/v2\/comments?post=982"}],"version-history":[{"count":2,"href":"https:\/\/site.educa.madrid.org\/cp.navalazarza.sanagustin\/index.php\/wp-json\/wp\/v2\/pages\/982\/revisions"}],"predecessor-version":[{"id":1288,"href":"https:\/\/site.educa.madrid.org\/cp.navalazarza.sanagustin\/index.php\/wp-json\/wp\/v2\/pages\/982\/revisions\/1288"}],"wp:attachment":[{"href":"https:\/\/site.educa.madrid.org\/cp.navalazarza.sanagustin\/index.php\/wp-json\/wp\/v2\/media?parent=982"}],"wp:term":[{"taxonomy":"folder","embeddable":true,"href":"https:\/\/site.educa.madrid.org\/cp.navalazarza.sanagustin\/index.php\/wp-json\/wp\/v2\/folder?post=982"}],"curies":[{"name":"wp","href":"https:\/\/api.w.org\/{rel}","templated":true}]}}