{"id":1272,"date":"2020-05-13T13:43:36","date_gmt":"2020-05-13T13:43:36","guid":{"rendered":"https:\/\/site.educa.madrid.org\/cp.nunezdebalboa.madrid\/?page_id=1272"},"modified":"2026-03-10T22:22:44","modified_gmt":"2026-03-10T21:22:44","slug":"proceso-de-admision","status":"publish","type":"page","link":"https:\/\/site.educa.madrid.org\/cp.nunezdebalboa.madrid\/index.php\/proceso-de-admision\/","title":{"rendered":"Proceso de admisi\u00f3n"},"content":{"rendered":"\n<p><\/p>\n\n\n\n<figure class=\"wp-block-embed is-type-wp-embed is-provider-genially wp-block-embed-genially\"><div class=\"wp-block-embed__wrapper\">\n<iframe class=\"wp-embedded-content\" sandbox=\"allow-scripts\" security=\"restricted\" title=\"PROCESO DE ADMISI\u00d3N\" frameborder='0' width='1200' height='675' src='https:\/\/view.genially.com\/6981e1c798fb349117ca4739#?secret=OCzcGwJ6Hc' data-secret='OCzcGwJ6Hc' scrolling='yes'><\/iframe>\n<\/div><\/figure>\n\n\n\n<p><strong><span class=\"has-inline-color has-red-color\">DATOS A TENER EN CUENTA AL RELLENAR LA SOLICITUD DE ADMISI\u00d3N<\/span><\/strong><\/p>\n\n\n\n<p>Toda la documentaci\u00f3n que se adjunte debe ser perfectamente legible.<\/p>\n\n\n\n<ul class=\"wp-block-list\">\n<li>Nuestro c\u00f3digo de centro es: 28004941<\/li>\n\n\n\n<li>Escribir correctamente, seg\u00fan conste en sus documentos oficiales (DNI, NIE o Libro de familia), los\u00a0nombres y apellidos de alumnos, padres o tutores.<\/li>\n\n\n\n<li>Solo se puede entregar una solicitud de plaza en un \u00fanico centro sostenido con fondos p\u00fablicos. Las\u00a0solicitudes duplicadas, o las que contengan datos falsos, ser\u00e1n anuladas y ser\u00e1n resueltas por el\u00a0Servicio de Apoyo a la Escolarizaci\u00f3n &#8211; SAE.<\/li>\n\n\n\n<li>Rese\u00f1ar el n\u00famero de identificaci\u00f3n de alumno &#8211; NIA de aquellos para quienes se solicita plaza. Este\u00a0n\u00famero se solicita en el colegio de procedencia y lo deben tener todos los alumnos que est\u00e9n\u00a0escolarizados en cualquier escuela o colegio, tanto de titularidad p\u00fablica como privada.<\/li>\n\n\n\n<li>La solicitud debe ser firmada por ambos padres, madres o representantes legales. En caso de imposibilidad de uno de ellos, se\u00a0cumplimentar\u00e1 y firmar\u00e1 una declaraci\u00f3n responsable.<\/li>\n\n\n\n<li>En el caso de que un progenitor no pueda firmar la solicitud, por causas de fuerza mayor, se deber\u00e1 adjuntar la\u00a0declaraci\u00f3n jurada.<\/li>\n<\/ul>\n\n\n\n<p><\/p>\n\n\n\n<p><\/p>\n\n\n\n<p><\/p>\n","protected":false},"excerpt":{"rendered":"<p>DATOS A TENER EN CUENTA AL RELLENAR LA SOLICITUD DE ADMISI\u00d3N Toda la documentaci\u00f3n que se adjunte debe ser perfectamente legible.<\/p>\n","protected":false},"author":2,"featured_media":0,"parent":0,"menu_order":0,"comment_status":"closed","ping_status":"closed","template":"","meta":{"footnotes":""},"folder":[],"class_list":["post-1272","page","type-page","status-publish","hentry"],"rttpg_featured_image_url":null,"rttpg_author":{"display_name":"tic.cp.nunezdebalboa.madrid","author_link":"https:\/\/site.educa.madrid.org\/cp.nunezdebalboa.madrid\/index.php\/author\/cuenta_tic-cp-nunezdebalboa-madrid\/"},"rttpg_comment":0,"rttpg_category":false,"rttpg_excerpt":"DATOS A TENER EN CUENTA AL RELLENAR LA SOLICITUD DE ADMISI\u00d3N Toda la documentaci\u00f3n que se adjunte debe ser perfectamente legible.","post_mailing_queue_ids":[],"_links":{"self":[{"href":"https:\/\/site.educa.madrid.org\/cp.nunezdebalboa.madrid\/index.php\/wp-json\/wp\/v2\/pages\/1272","targetHints":{"allow":["GET"]}}],"collection":[{"href":"https:\/\/site.educa.madrid.org\/cp.nunezdebalboa.madrid\/index.php\/wp-json\/wp\/v2\/pages"}],"about":[{"href":"https:\/\/site.educa.madrid.org\/cp.nunezdebalboa.madrid\/index.php\/wp-json\/wp\/v2\/types\/page"}],"author":[{"embeddable":true,"href":"https:\/\/site.educa.madrid.org\/cp.nunezdebalboa.madrid\/index.php\/wp-json\/wp\/v2\/users\/2"}],"replies":[{"embeddable":true,"href":"https:\/\/site.educa.madrid.org\/cp.nunezdebalboa.madrid\/index.php\/wp-json\/wp\/v2\/comments?post=1272"}],"version-history":[{"count":20,"href":"https:\/\/site.educa.madrid.org\/cp.nunezdebalboa.madrid\/index.php\/wp-json\/wp\/v2\/pages\/1272\/revisions"}],"predecessor-version":[{"id":2539,"href":"https:\/\/site.educa.madrid.org\/cp.nunezdebalboa.madrid\/index.php\/wp-json\/wp\/v2\/pages\/1272\/revisions\/2539"}],"wp:attachment":[{"href":"https:\/\/site.educa.madrid.org\/cp.nunezdebalboa.madrid\/index.php\/wp-json\/wp\/v2\/media?parent=1272"}],"wp:term":[{"taxonomy":"folder","embeddable":true,"href":"https:\/\/site.educa.madrid.org\/cp.nunezdebalboa.madrid\/index.php\/wp-json\/wp\/v2\/folder?post=1272"}],"curies":[{"name":"wp","href":"https:\/\/api.w.org\/{rel}","templated":true}]}}