{"id":254,"date":"2020-01-09T09:47:11","date_gmt":"2020-01-09T09:47:11","guid":{"rendered":"https:\/\/site.educa.madrid.org\/cp.nunezdebalboa.madrid\/?page_id=254"},"modified":"2020-03-04T16:54:11","modified_gmt":"2020-03-04T16:54:11","slug":"comedor","status":"publish","type":"page","link":"https:\/\/site.educa.madrid.org\/cp.nunezdebalboa.madrid\/index.php\/servicios-2\/comedor\/","title":{"rendered":"Comedor"},"content":{"rendered":"\n<p style=\"font-size:20px\">Nuestro centro cuenta con un comedor que dispone de <strong>cocina propia<\/strong>.<\/p>\n\n\n\n<p style=\"font-size:20px\">Disponemos de una <strong>mesa restaurante<\/strong> en la cual buscamos ense\u00f1ar a los alumnos las normas b\u00e1sicas de etiqueta y protocolo a la hora de comer en un restaurante. Cuando los alumnos realizan esta actividad se les entrega un diploma de participaci\u00f3n.<\/p>\n\n\n\n<ul class=\"wp-block-gallery columns-2 is-cropped wp-block-gallery-1 is-layout-flex wp-block-gallery-is-layout-flex\"><li class=\"blocks-gallery-item\"><figure><img loading=\"lazy\" decoding=\"async\" width=\"1024\" height=\"768\" src=\"https:\/\/site.educa.madrid.org\/cp.nunezdebalboa.madrid\/\/wp-content\/uploads\/cp.nunezdebalboa.madrid\/2020\/01\/WhatsApp-Image-2020-01-31-at-14.54.11-1024x768.jpeg\" alt=\"\" data-id=\"552\" data-link=\"https:\/\/site.educa.madrid.org\/cp.nunezdebalboa.madrid\/index.php\/servicios-2\/comedor\/whatsapp-image-2020-01-31-at-14-54-11\/\" class=\"wp-image-552\" srcset=\"https:\/\/site.educa.madrid.org\/cp.nunezdebalboa.madrid\/\/wp-content\/uploads\/cp.nunezdebalboa.madrid\/2020\/01\/WhatsApp-Image-2020-01-31-at-14.54.11-1024x768.jpeg 1024w, https:\/\/site.educa.madrid.org\/cp.nunezdebalboa.madrid\/\/wp-content\/uploads\/cp.nunezdebalboa.madrid\/2020\/01\/WhatsApp-Image-2020-01-31-at-14.54.11-300x225.jpeg 300w, https:\/\/site.educa.madrid.org\/cp.nunezdebalboa.madrid\/\/wp-content\/uploads\/cp.nunezdebalboa.madrid\/2020\/01\/WhatsApp-Image-2020-01-31-at-14.54.11-768x576.jpeg 768w, https:\/\/site.educa.madrid.org\/cp.nunezdebalboa.madrid\/\/wp-content\/uploads\/cp.nunezdebalboa.madrid\/2020\/01\/WhatsApp-Image-2020-01-31-at-14.54.11.jpeg 1600w\" sizes=\"auto, (max-width: 1024px) 100vw, 1024px\" \/><\/figure><\/li><li class=\"blocks-gallery-item\"><figure><img loading=\"lazy\" decoding=\"async\" width=\"1024\" height=\"768\" src=\"https:\/\/site.educa.madrid.org\/cp.nunezdebalboa.madrid\/\/wp-content\/uploads\/cp.nunezdebalboa.madrid\/2020\/01\/WhatsApp-Image-2020-01-31-at-14.30.24-1024x768.jpeg\" alt=\"\" data-id=\"550\" data-link=\"https:\/\/site.educa.madrid.org\/cp.nunezdebalboa.madrid\/index.php\/servicios-2\/comedor\/whatsapp-image-2020-01-31-at-14-30-24\/\" class=\"wp-image-550\" srcset=\"https:\/\/site.educa.madrid.org\/cp.nunezdebalboa.madrid\/\/wp-content\/uploads\/cp.nunezdebalboa.madrid\/2020\/01\/WhatsApp-Image-2020-01-31-at-14.30.24.jpeg 1024w, https:\/\/site.educa.madrid.org\/cp.nunezdebalboa.madrid\/\/wp-content\/uploads\/cp.nunezdebalboa.madrid\/2020\/01\/WhatsApp-Image-2020-01-31-at-14.30.24-300x225.jpeg 300w, https:\/\/site.educa.madrid.org\/cp.nunezdebalboa.madrid\/\/wp-content\/uploads\/cp.nunezdebalboa.madrid\/2020\/01\/WhatsApp-Image-2020-01-31-at-14.30.24-768x576.jpeg 768w\" sizes=\"auto, (max-width: 1024px) 100vw, 1024px\" \/><\/figure><\/li><\/ul>\n\n\n\n<p style=\"font-size:20px\">A continuaci\u00f3n podr\u00e1n ir viendo el men\u00fa de cada mes.<\/p>\n\n\n\n<div class=\"wp-block-file\"><a href=\"https:\/\/site.educa.madrid.org\/cp.nunezdebalboa.madrid\/\/wp-content\/uploads\/cp.nunezdebalboa.madrid\/2020\/03\/Men\u00fa-comedor-marzo.pdf\" target=\"_blank\" rel=\"noreferrer noopener\">Men\u00fa-comedor-marzo<\/a><a href=\"https:\/\/site.educa.madrid.org\/cp.nunezdebalboa.madrid\/\/wp-content\/uploads\/cp.nunezdebalboa.madrid\/2020\/03\/Men\u00fa-comedor-marzo.pdf\" class=\"wp-block-file__button\" download>Descarga<\/a><\/div>\n","protected":false},"excerpt":{"rendered":"<p>Nuestro centro cuenta con un comedor que dispone de cocina propia. Disponemos de una mesa restaurante en la cual buscamos ense\u00f1ar a los alumnos las normas b\u00e1sicas de etiqueta y protocolo a la hora de comer en un restaurante. Cuando los alumnos realizan esta actividad se les entrega un diploma de participaci\u00f3n. A continuaci\u00f3n podr\u00e1n&#8230;<\/p>\n","protected":false},"author":2,"featured_media":0,"parent":249,"menu_order":2,"comment_status":"closed","ping_status":"closed","template":"","meta":{"footnotes":""},"folder":[],"class_list":["post-254","page","type-page","status-publish","hentry"],"rttpg_featured_image_url":null,"rttpg_author":{"display_name":"tic.cp.nunezdebalboa.madrid","author_link":"https:\/\/site.educa.madrid.org\/cp.nunezdebalboa.madrid\/index.php\/author\/cuenta_tic-cp-nunezdebalboa-madrid\/"},"rttpg_comment":0,"rttpg_category":false,"rttpg_excerpt":"Nuestro centro cuenta con un comedor que dispone de cocina propia. Disponemos de una mesa restaurante en la cual buscamos ense\u00f1ar a los alumnos las normas b\u00e1sicas de etiqueta y protocolo a la hora de comer en un restaurante. Cuando los alumnos realizan esta actividad se les entrega un diploma de participaci\u00f3n. A continuaci\u00f3n podr\u00e1n...","post_mailing_queue_ids":[],"_links":{"self":[{"href":"https:\/\/site.educa.madrid.org\/cp.nunezdebalboa.madrid\/index.php\/wp-json\/wp\/v2\/pages\/254","targetHints":{"allow":["GET"]}}],"collection":[{"href":"https:\/\/site.educa.madrid.org\/cp.nunezdebalboa.madrid\/index.php\/wp-json\/wp\/v2\/pages"}],"about":[{"href":"https:\/\/site.educa.madrid.org\/cp.nunezdebalboa.madrid\/index.php\/wp-json\/wp\/v2\/types\/page"}],"author":[{"embeddable":true,"href":"https:\/\/site.educa.madrid.org\/cp.nunezdebalboa.madrid\/index.php\/wp-json\/wp\/v2\/users\/2"}],"replies":[{"embeddable":true,"href":"https:\/\/site.educa.madrid.org\/cp.nunezdebalboa.madrid\/index.php\/wp-json\/wp\/v2\/comments?post=254"}],"version-history":[{"count":12,"href":"https:\/\/site.educa.madrid.org\/cp.nunezdebalboa.madrid\/index.php\/wp-json\/wp\/v2\/pages\/254\/revisions"}],"predecessor-version":[{"id":642,"href":"https:\/\/site.educa.madrid.org\/cp.nunezdebalboa.madrid\/index.php\/wp-json\/wp\/v2\/pages\/254\/revisions\/642"}],"up":[{"embeddable":true,"href":"https:\/\/site.educa.madrid.org\/cp.nunezdebalboa.madrid\/index.php\/wp-json\/wp\/v2\/pages\/249"}],"wp:attachment":[{"href":"https:\/\/site.educa.madrid.org\/cp.nunezdebalboa.madrid\/index.php\/wp-json\/wp\/v2\/media?parent=254"}],"wp:term":[{"taxonomy":"folder","embeddable":true,"href":"https:\/\/site.educa.madrid.org\/cp.nunezdebalboa.madrid\/index.php\/wp-json\/wp\/v2\/folder?post=254"}],"curies":[{"name":"wp","href":"https:\/\/api.w.org\/{rel}","templated":true}]}}