{"id":143,"date":"2022-02-14T14:24:39","date_gmt":"2022-02-14T13:24:39","guid":{"rendered":"https:\/\/site.educa.madrid.org\/cp.pedrobrimonis.humanes\/?page_id=143"},"modified":"2022-04-03T09:46:07","modified_gmt":"2022-04-03T07:46:07","slug":"quienes-somos","status":"publish","type":"page","link":"https:\/\/site.educa.madrid.org\/cp.pedrobrimonis.humanes\/index.php\/quienes-somos\/","title":{"rendered":"\u00bfQui\u00e9nes somos?"},"content":{"rendered":"\n\t\t\t<!-- Flexy Breadcrumb -->\n\t\t\t<div class=\"fbc fbc-page\">\n\n\t\t\t\t<!-- Breadcrumb wrapper -->\n\t\t\t\t<div class=\"fbc-wrap\">\n\n\t\t\t\t\t<!-- Ordered list-->\n\t\t\t\t\t<ol class=\"fbc-items\" itemscope itemtype=\"https:\/\/schema.org\/BreadcrumbList\">\n\t\t\t\t\t\t            <li itemprop=\"itemListElement\" itemscope itemtype=\"https:\/\/schema.org\/ListItem\">\n                <span itemprop=\"name\">\n                    <!-- Home Link -->\n                    <a itemprop=\"item\" href=\"https:\/\/site.educa.madrid.org\/cp.pedrobrimonis.humanes\">\n                    \n                        Inicio                    <\/a>\n                <\/span>\n                <meta itemprop=\"position\" content=\"1\" \/><!-- Meta Position-->\n             <\/li><li><span class=\"fbc-separator\">\/<\/span><\/li><li class=\"active\" itemprop=\"itemListElement\" itemscope itemtype=\"https:\/\/schema.org\/ListItem\"><span itemprop=\"name\" title=\"Novedades\">Novedades<\/span><meta itemprop=\"position\" content=\"2\" \/><\/li>\t\t\t\t\t<\/ol>\n\t\t\t\t\t<div class=\"clearfix\"><\/div>\n\t\t\t\t<\/div>\n\t\t\t<\/div>\n\t\t\t\n\n\n\n<h2 class=\"wp-block-heading\">\u00bfQui\u00e9nes somos?<\/h2>\n\n\n<div style=\"width: 100%;\">\n<div style=\"position: relative; padding-bottom: 56.25%; padding-top: 0; height: 0;\"><iframe loading=\"lazy\" style=\"position: absolute; top: 0; left: 0; width: 100%; height: 100%;\" src=\"https:\/\/view.genial.ly\/5c9e5e2ac177214910c2ebed\" type=\"text\/html\" allowscriptaccess=\"always\" allowfullscreen=\"true\" scrolling=\"yes\" allownetworking=\"all\" width=\"1200px\" height=\"675px\" frameborder=\"0\"><\/iframe> <\/div>\n<\/p><\/div>\n\n\n<style type='text\/css' media='all'>#rt-tpg-container-3206385878 .rt-holder .rt-woo-info .price{color:#05367b;}body .rt-tpg-container .rt-tpg-isotope-buttons .selected,\n\t\t\t\t\t#rt-tpg-container-3206385878 .layout12 .rt-holder:hover .rt-detail,\n\t\t\t\t\t#rt-tpg-container-3206385878 .isotope8 .rt-holder:hover .rt-detail,\n\t\t\t\t\t#rt-tpg-container-3206385878 .carousel8 .rt-holder:hover .rt-detail,\n\t\t\t\t\t#rt-tpg-container-3206385878 .layout13 .rt-holder .overlay .post-info,\n\t\t\t\t\t#rt-tpg-container-3206385878 .isotope9 .rt-holder .overlay .post-info,\n\t\t\t\t\t#rt-tpg-container-3206385878.rt-tpg-container .layout4 .rt-holder .rt-detail,\n\t\t\t\t\t.rt-modal-3206385878 .md-content,\n\t\t\t\t\t.rt-modal-3206385878 .md-content > .rt-md-content-holder .rt-md-content,\n\t\t\t\t\t.rt-popup-wrap-3206385878.rt-popup-wrap .rt-popup-navigation-wrap,\n\t\t\t\t\t#rt-tpg-container-3206385878 .carousel9 .rt-holder .overlay .post-info{background-color:#05367b;}#rt-tpg-container-3206385878 .layout5 .rt-holder .overlay, #rt-tpg-container-3206385878 .isotope2 .rt-holder .overlay, #rt-tpg-container-3206385878 .carousel2 .rt-holder .overlay,#rt-tpg-container-3206385878 .layout15 .rt-holder h3, #rt-tpg-container-3206385878 .isotope11 .rt-holder h3, #rt-tpg-container-3206385878 .carousel11 .rt-holder h3, #rt-tpg-container-3206385878 .layout16 .rt-holder h3,\n\t\t\t\t\t#rt-tpg-container-3206385878 .isotope12 .rt-holder h3, #rt-tpg-container-3206385878 .carousel12 .rt-holder h3 {background-color:rgba(5,54,123,0.8);}#rt-tpg-container-3206385878 .pagination-list li a,\n\t\t\t\t\trt-tpg-container-3206385878 .pagination-list li span,\n\t\t\t\t\trt-tpg-container-3206385878 .pagination li a,\n\t\t\t\t\t#rt-tpg-container-3206385878 .rt-tpg-isotope-buttons button,\n\t\t\t\t\t#rt-tpg-container-3206385878 .rt-tpg-utility .rt-tpg-load-more button,\n\t\t\t\t\t#rt-tpg-container-3206385878.rt-tpg-container .swiper-navigation .slider-btn,\n\t\t\t\t\t#rt-tpg-container-3206385878.rt-tpg-container .swiper-pagination-bullet,\n\t\t\t\t\t#rt-tpg-container-3206385878 .wc1 .rt-holder .rt-img-holder .overlay .product-more ul li a,\n\t\t\t\t\t#rt-tpg-container-3206385878 .wc2 .rt-detail .rt-wc-add-to-cart,\n\t\t\t\t\t#rt-tpg-container-3206385878 .wc3 .rt-detail .rt-wc-add-to-cart,\n\t\t\t\t\t#rt-tpg-container-3206385878 .wc4 .rt-detail .rt-wc-add-to-cart,\n\t\t\t\t\t#rt-tpg-container-3206385878 .wc-carousel2 .rt-detail .rt-wc-add-to-cart,\n\t\t\t\t\t#rt-tpg-container-3206385878 .wc-isotope2 .rt-detail .rt-wc-add-to-cart,\n\t\t\t\t\t#rt-tpg-container-3206385878 .rt-layout-filter-container .rt-filter-wrap .rt-filter-item-wrap.rt-filter-dropdown-wrap .rt-filter-dropdown,\n\t\t\t\t\t#rt-tpg-container-3206385878 .rt-layout-filter-container .rt-filter-sub-tax.sub-button-group .rt-filter-button-item,\n\t\t\t\t\t#rt-tpg-container-3206385878.rt-tpg-container .rt-pagination-wrap .rt-page-numbers .paginationjs .paginationjs-pages ul li>a,\n\t\t\t\t\t#rt-tpg-container-3206385878 .rt-filter-item-wrap.rt-filter-button-wrap span.rt-filter-button-item,\n\t\t\t\t\t#rt-tpg-container-3206385878.rt-tpg-container .rt-pagination-wrap  .rt-loadmore-btn,\n\t\t\t\t\t#rt-tpg-container-3206385878.rt-tpg-container .rt-pagination-wrap .rt-cb-page-prev-next > *,\n\t\t\t\t\t#rt-tpg-container-3206385878 .rt-read-more,\n\t\t\t\t\t#rt-tooltip-3206385878, #rt-tooltip-3206385878 .rt-tooltip-bottom:after{background-color:#afda1b;}#rt-tpg-container-3206385878 .rt-filter-item-wrap.rt-filter-button-wrap span.rt-filter-button-item,\n\t\t\t\t\t#rt-tpg-container-3206385878 .rt-layout-filter-container .rt-filter-sub-tax.sub-button-group .rt-filter-button-item{border-color:#afda1b;}#rt-tpg-container-3206385878.rt-tpg-container .layout17 .rt-holder .overlay a.tpg-zoom .fa{color:#afda1b;}#rt-tpg-container-3206385878 .rt-holder .read-more a {background-color:#afda1b;padding: 8px 15px;}#rt-tpg-container-3206385878 .read-more a{border-radius:px;}#rt-tpg-container-3206385878 .rt-img-holder img.rt-img-responsive,#rt-tpg-container-3206385878 .rt-img-holder,\n\t\t\t\t\t#rt-tpg-container-3206385878 .rt-post-overlay .post-img,\n\t\t\t\t\t#rt-tpg-container-3206385878 .post-sm .post-img,\n\t\t\t\t\t#rt-tpg-container-3206385878 .rt-post-grid .post-img,\n\t\t\t\t\t#rt-tpg-container-3206385878 .post-img img {border-radius:px;}#rt-tpg-container-3206385878 .layout1 .rt-holder h2.entry-title,\n\t\t\t\t\t#rt-tpg-container-3206385878 .layout1 .rt-holder h3.entry-title,\n\t\t\t\t\t#rt-tpg-container-3206385878 .layout1 .rt-holder h4.entry-title,\n\t\t\t\t\t#rt-tpg-container-3206385878 .layout1 .rt-holder h2.entry-title a,\n\t\t\t\t\t#rt-tpg-container-3206385878 .layout1 .rt-holder h3.entry-title a,\n\t\t\t\t\t#rt-tpg-container-3206385878 .layout1 .rt-holder h4.entry-title a,\n\t\t\t\t\t#rt-tpg-container-3206385878 .rt-holder .rt-woo-info h2 a,\n\t\t\t\t\t#rt-tpg-container-3206385878 .rt-holder .rt-woo-info h3 a,\n\t\t\t\t\t#rt-tpg-container-3206385878 .rt-holder .rt-woo-info h4 a,\n\t\t\t\t\t#rt-tpg-container-3206385878 .post-content .post-title,\n\t\t\t\t\t#rt-tpg-container-3206385878 .rt-post-grid .post-title,\n\t\t\t\t\t#rt-tpg-container-3206385878 .rt-post-grid .post-title a,\n\t\t\t\t\t#rt-tpg-container-3206385878 .post-content .post-title a,\n\t\t\t\t\t#rt-tpg-container-3206385878 .rt-holder .rt-woo-info h2,\n\t\t\t\t\t#rt-tpg-container-3206385878 .rt-holder .rt-woo-info h3,\n\t\t\t\t\t#rt-tpg-container-3206385878 .rt-holder .rt-woo-info h4{color:#05367b;}<\/style><div class='rt-container-fluid rt-tpg-container tpg-shortcode-main-wrapper ' id='rt-tpg-container-3206385878'   data-layout='layout1' data-grid-style='even' data-desktop-col='4'  data-tab-col='2'  data-mobile-col='1' data-sc-id='1129'><div data-title='Loading ...' class='rt-row rt-content-loader   layout1 tpg-even '><div class=\"rt-col-md-3 rt-col-sm-6 rt-col-xs-12 even-grid-item rt-grid-item\" data-id=\"1121\"><div class=\"rt-holder\"><div class='rt-detail'><h3 class=\"entry-title\"><a data-id=\"1121\" class=\"\" href=\"https:\/\/site.educa.madrid.org\/cp.pedrobrimonis.humanes\/index.php\/2021\/03\/06\/quienes-somos\/\">\u00bfQui\u00e9nes somos?<\/a><\/h3><div class='tpg-excerpt'>Somos un centro p\u00fablico de ense\u00f1anza, perteneciente a la Direcci\u00f3n del \u00c1rea Territorial (DAT) Madrid-Sur, que depende de la Consejer\u00eda de Educaci\u00f3n, Juventud y Deporte de la Comunidad de Madrid&#8230;<\/div><div class='post-meta '><span class='read-more'><a data-id='1121' class='' href='https:\/\/site.educa.madrid.org\/cp.pedrobrimonis.humanes\/index.php\/2021\/03\/06\/quienes-somos\/'>Leer m\u00e1s<\/a><\/span><\/div><\/div><\/div><\/div><div class=\"rt-col-md-3 rt-col-sm-6 rt-col-xs-12 even-grid-item rt-grid-item\" data-id=\"1123\"><div class=\"rt-holder\"><div class='rt-detail'><h3 class=\"entry-title\"><a data-id=\"1123\" class=\"\" href=\"https:\/\/site.educa.madrid.org\/cp.pedrobrimonis.humanes\/index.php\/2026\/02\/20\/alumnado\/\">Alumnado<\/a><\/h3><div class='tpg-excerpt'>ALUMNADO CURSO 2025\/2026 GRUPO INFANTIL PRIMARIA TOTAL 3a. 4a. 5a. 1\u00ba 2\u00ba 3\u00ba 4\u00ba 5\u00ba 6\u00ba I3A 20 \u00a0 \u00a0 \u00a0 \u00a0 \u00a0 \u00a0 \u00a0 \u00a0 20 I3B 20 \u00a0&#8230;<\/div><div class='post-meta '><span class='read-more'><a data-id='1123' class='' href='https:\/\/site.educa.madrid.org\/cp.pedrobrimonis.humanes\/index.php\/2026\/02\/20\/alumnado\/'>Leer m\u00e1s<\/a><\/span><\/div><\/div><\/div><\/div><div class=\"rt-col-md-3 rt-col-sm-6 rt-col-xs-12 even-grid-item rt-grid-item\" data-id=\"1127\"><div class=\"rt-holder\"><div class='rt-detail'><h3 class=\"entry-title\"><a data-id=\"1127\" class=\"\" href=\"https:\/\/site.educa.madrid.org\/cp.pedrobrimonis.humanes\/index.php\/2021\/03\/06\/ampa\/\">AMPA<\/a><\/h3><div class='tpg-excerpt'>La Asociaci\u00f3n de Madres y Padres de alumnos (AMPA) del colegio est\u00e1 abierta a todas las familias con hijos estudiando en el colegio. Aunque nos encargamos de llevar adelante numerosas&#8230;<\/div><div class='post-meta '><span class='read-more'><a data-id='1127' class='' href='https:\/\/site.educa.madrid.org\/cp.pedrobrimonis.humanes\/index.php\/2021\/03\/06\/ampa\/'>Leer m\u00e1s<\/a><\/span><\/div><\/div><\/div><\/div><div class=\"rt-col-md-3 rt-col-sm-6 rt-col-xs-12 even-grid-item rt-grid-item\" data-id=\"1125\"><div class=\"rt-holder\"><div class='rt-detail'><h3 class=\"entry-title\"><a data-id=\"1125\" class=\"\" href=\"https:\/\/site.educa.madrid.org\/cp.pedrobrimonis.humanes\/index.php\/2025\/09\/01\/profesorado\/\">Profesorado<\/a><\/h3><div class='tpg-excerpt'>Profesorado La plantilla del Centro es lo suficientemente estable para dar continuidad tanto a las directrices pedag\u00f3gicas del centro como a la innovaci\u00f3n educativa necesaria para acomodarse a los nuevos&#8230;<\/div><div class='post-meta '><span class='read-more'><a data-id='1125' class='' href='https:\/\/site.educa.madrid.org\/cp.pedrobrimonis.humanes\/index.php\/2025\/09\/01\/profesorado\/'>Leer m\u00e1s<\/a><\/span><\/div><\/div><\/div><\/div><\/div><\/div>","protected":false},"excerpt":{"rendered":"<p>\u00bfQui\u00e9nes somos?<\/p>\n","protected":false},"author":5,"featured_media":0,"parent":0,"menu_order":0,"comment_status":"closed","ping_status":"closed","template":"","meta":{"footnotes":""},"folder":[],"class_list":["post-143","page","type-page","status-publish","hentry"],"rttpg_featured_image_url":null,"rttpg_author":{"display_name":"Eduardo Delgado Bernal","author_link":"https:\/\/site.educa.madrid.org\/cp.pedrobrimonis.humanes\/index.php\/author\/eduardo_delgado-bernal\/"},"rttpg_comment":0,"rttpg_category":false,"rttpg_excerpt":"\u00bfQui\u00e9nes somos?","post_mailing_queue_ids":[],"_links":{"self":[{"href":"https:\/\/site.educa.madrid.org\/cp.pedrobrimonis.humanes\/index.php\/wp-json\/wp\/v2\/pages\/143","targetHints":{"allow":["GET"]}}],"collection":[{"href":"https:\/\/site.educa.madrid.org\/cp.pedrobrimonis.humanes\/index.php\/wp-json\/wp\/v2\/pages"}],"about":[{"href":"https:\/\/site.educa.madrid.org\/cp.pedrobrimonis.humanes\/index.php\/wp-json\/wp\/v2\/types\/page"}],"author":[{"embeddable":true,"href":"https:\/\/site.educa.madrid.org\/cp.pedrobrimonis.humanes\/index.php\/wp-json\/wp\/v2\/users\/5"}],"replies":[{"embeddable":true,"href":"https:\/\/site.educa.madrid.org\/cp.pedrobrimonis.humanes\/index.php\/wp-json\/wp\/v2\/comments?post=143"}],"version-history":[{"count":11,"href":"https:\/\/site.educa.madrid.org\/cp.pedrobrimonis.humanes\/index.php\/wp-json\/wp\/v2\/pages\/143\/revisions"}],"predecessor-version":[{"id":1736,"href":"https:\/\/site.educa.madrid.org\/cp.pedrobrimonis.humanes\/index.php\/wp-json\/wp\/v2\/pages\/143\/revisions\/1736"}],"wp:attachment":[{"href":"https:\/\/site.educa.madrid.org\/cp.pedrobrimonis.humanes\/index.php\/wp-json\/wp\/v2\/media?parent=143"}],"wp:term":[{"taxonomy":"folder","embeddable":true,"href":"https:\/\/site.educa.madrid.org\/cp.pedrobrimonis.humanes\/index.php\/wp-json\/wp\/v2\/folder?post=143"}],"curies":[{"name":"wp","href":"https:\/\/api.w.org\/{rel}","templated":true}]}}