{"id":227,"date":"2022-02-14T23:43:59","date_gmt":"2022-02-14T22:43:59","guid":{"rendered":"https:\/\/site.educa.madrid.org\/cp.pedrobrimonis.humanes\/?page_id=227"},"modified":"2022-03-15T22:21:39","modified_gmt":"2022-03-15T21:21:39","slug":"biblioteca","status":"publish","type":"page","link":"https:\/\/site.educa.madrid.org\/cp.pedrobrimonis.humanes\/index.php\/servicios-y-actividades\/biblioteca\/","title":{"rendered":"Biblioteca"},"content":{"rendered":"\n\t\t\t<!-- Flexy Breadcrumb -->\n\t\t\t<div class=\"fbc fbc-page\">\n\n\t\t\t\t<!-- Breadcrumb wrapper -->\n\t\t\t\t<div class=\"fbc-wrap\">\n\n\t\t\t\t\t<!-- Ordered list-->\n\t\t\t\t\t<ol class=\"fbc-items\" itemscope itemtype=\"https:\/\/schema.org\/BreadcrumbList\">\n\t\t\t\t\t\t            <li itemprop=\"itemListElement\" itemscope itemtype=\"https:\/\/schema.org\/ListItem\">\n                <span itemprop=\"name\">\n                    <!-- Home Link -->\n                    <a itemprop=\"item\" href=\"https:\/\/site.educa.madrid.org\/cp.pedrobrimonis.humanes\">\n                    \n                        Inicio                    <\/a>\n                <\/span>\n                <meta itemprop=\"position\" content=\"1\" \/><!-- Meta Position-->\n             <\/li><li><span class=\"fbc-separator\">\/<\/span><\/li><li class=\"active\" itemprop=\"itemListElement\" itemscope itemtype=\"https:\/\/schema.org\/ListItem\"><span itemprop=\"name\" title=\"Novedades\">Novedades<\/span><meta itemprop=\"position\" content=\"2\" \/><\/li>\t\t\t\t\t<\/ol>\n\t\t\t\t\t<div class=\"clearfix\"><\/div>\n\t\t\t\t<\/div>\n\t\t\t<\/div>\n\t\t\t\n\n\n\n<h2 class=\"wp-block-heading\">Biblioteca<\/h2>\n\n\n\n<p><br><strong>PROFESOR RESPONSABLE<\/strong>:\u00a0Eduardo Delgado.<\/p>\n\n\n\n<p><strong>APOYO A LA BIBLIOTECA ED. INFANTIL<\/strong>:&nbsp;Elena Baratas.<\/p>\n\n\n\n<p><strong>SERVICIO DE PR\u00c9STAMO<\/strong>:&nbsp;Todos los d\u00edas en el horario escolar, estableciendo un d\u00eda para cada grupo.<\/p>\n\n\n<div id=\"pl-gb227-6a035ff55621d\"  class=\"panel-layout\" ><div id=\"pg-gb227-6a035ff55621d-0\"  class=\"panel-grid panel-no-style\" ><div id=\"pgc-gb227-6a035ff55621d-0-0\"  class=\"panel-grid-cell\"  data-weight=\"1\" ><div id=\"panel-gb227-6a035ff55621d-0-0-0\" class=\"so-panel widget widget_sow-accordion panel-first-child panel-last-child\" data-index=\"0\" data-style=\"{&quot;background_image_attachment&quot;:false,&quot;background_display&quot;:&quot;tile&quot;,&quot;link_overlay_new_window&quot;:&quot;&quot;}\" ><div\n\t\t\t\n\t\t\tclass=\"so-widget-sow-accordion so-widget-sow-accordion-default-2b7c2cdb8921\"\n\t\t\t data-max-open-panels=\"0\" data-initial-scroll-panel=\"0\"\n\t\t><div>\n\t<div class=\"sow-accordion\">\n\t\t\t<div class=\"sow-accordion-panel\"\n\t\t\t data-anchor=\"objetivos-de-las-actividades-de-la-biblioteca\">\n\t\t\t\t<div class=\"sow-accordion-panel-header-container\" role=\"heading\" aria-level=\"2\">\n\t\t\t\t\t<div class=\"sow-accordion-panel-header\" tabindex=\"0\" role=\"button\" id=\"accordion-label-objetivos-de-las-actividades-de-la-biblioteca\" aria-controls=\"accordion-content-objetivos-de-las-actividades-de-la-biblioteca\" aria-expanded=\"false\">\n\t\t\t\t\t\t<div class=\"sow-accordion-title sow-accordion-title-icon-left\">\n\t\t\t\t\t\t\t\t\t\t\t\t\t\tObjetivos de las actividades de la Biblioteca\t\t\t\t\t\t\t\t\t\t\t\t\t<\/div>\n\t\t\t\t\t\t<div class=\"sow-accordion-open-close-button\">\n\t\t\t\t\t\t\t<div class=\"sow-accordion-open-button\">\n\t\t\t\t\t\t\t\t<span class=\"sow-icon-ionicons\" data-sow-icon=\"&#xf218;\"\n\t\t \n\t\taria-hidden=\"true\"><\/span>\t\t\t\t\t\t\t<\/div>\n\t\t\t\t\t\t\t<div class=\"sow-accordion-close-button\">\n\t\t\t\t\t\t\t\t<span class=\"sow-icon-ionicons\" data-sow-icon=\"&#xf209;\"\n\t\t \n\t\taria-hidden=\"true\"><\/span>\t\t\t\t\t\t\t<\/div>\n\t\t\t\t\t\t<\/div>\n\t\t\t\t\t<\/div>\n\t\t\t\t<\/div>\n\n\t\t\t<div\n\t\t\t\tclass=\"sow-accordion-panel-content\"\n\t\t\t\trole=\"region\"\n\t\t\t\taria-labelledby=\"accordion-label-objetivos-de-las-actividades-de-la-biblioteca\"\n\t\t\t\tid=\"accordion-content-objetivos-de-las-actividades-de-la-biblioteca\"\n\t\t\t\tstyle=\"display: none;\"\t\t\t>\n\t\t\t\t<div class=\"sow-accordion-panel-border\">\n\t\t\t\t\t<ul>\n<li>Utilizar la biblioteca escolar como recurso did\u00e1ctico para la realizaci\u00f3n\u00a0de m\u00faltiples actividades.<\/li>\n<li>Desarrollar programas de animaci\u00f3n a la lectura dirigidos a los<br \/>\ndiferentes grupos de alumnos.<\/li>\n<li>Registrar y actualizar los contenidos bibliogr\u00e1ficos.<\/li>\n<li>Fomentar el servicio de uso de pr\u00e9stamo de libros.<\/li>\n<\/ul>\n\t\t\t\t<\/div>\n\t\t\t<\/div>\n\t\t<\/div>\n\t\t<\/div>\n<\/div>\n<\/div><\/div><\/div><\/div><\/div>\n\n<div id=\"pl-gb227-6a035ff556549\"  class=\"panel-layout\" ><div id=\"pg-gb227-6a035ff556549-0\"  class=\"panel-grid panel-no-style\" ><div id=\"pgc-gb227-6a035ff556549-0-0\"  class=\"panel-grid-cell\"  data-weight=\"1\" ><div id=\"panel-gb227-6a035ff556549-0-0-0\" class=\"so-panel widget widget_sow-accordion panel-first-child panel-last-child\" data-index=\"0\" data-style=\"{&quot;background_image_attachment&quot;:false,&quot;background_display&quot;:&quot;tile&quot;,&quot;link_overlay_new_window&quot;:&quot;&quot;}\" ><div\n\t\t\t\n\t\t\tclass=\"so-widget-sow-accordion so-widget-sow-accordion-default-2b7c2cdb8921\"\n\t\t\t data-max-open-panels=\"0\" data-initial-scroll-panel=\"0\"\n\t\t><div>\n\t<div class=\"sow-accordion\">\n\t\t\t<div class=\"sow-accordion-panel\"\n\t\t\t data-anchor=\"actividades-de-la-biblioteca\">\n\t\t\t\t<div class=\"sow-accordion-panel-header-container\" role=\"heading\" aria-level=\"2\">\n\t\t\t\t\t<div class=\"sow-accordion-panel-header\" tabindex=\"0\" role=\"button\" id=\"accordion-label-actividades-de-la-biblioteca\" aria-controls=\"accordion-content-actividades-de-la-biblioteca\" aria-expanded=\"false\">\n\t\t\t\t\t\t<div class=\"sow-accordion-title sow-accordion-title-icon-left\">\n\t\t\t\t\t\t\t\t\t\t\t\t\t\tActividades de la Biblioteca\t\t\t\t\t\t\t\t\t\t\t\t\t<\/div>\n\t\t\t\t\t\t<div class=\"sow-accordion-open-close-button\">\n\t\t\t\t\t\t\t<div class=\"sow-accordion-open-button\">\n\t\t\t\t\t\t\t\t<span class=\"sow-icon-ionicons\" data-sow-icon=\"&#xf218;\"\n\t\t \n\t\taria-hidden=\"true\"><\/span>\t\t\t\t\t\t\t<\/div>\n\t\t\t\t\t\t\t<div class=\"sow-accordion-close-button\">\n\t\t\t\t\t\t\t\t<span class=\"sow-icon-ionicons\" data-sow-icon=\"&#xf209;\"\n\t\t \n\t\taria-hidden=\"true\"><\/span>\t\t\t\t\t\t\t<\/div>\n\t\t\t\t\t\t<\/div>\n\t\t\t\t\t<\/div>\n\t\t\t\t<\/div>\n\n\t\t\t<div\n\t\t\t\tclass=\"sow-accordion-panel-content\"\n\t\t\t\trole=\"region\"\n\t\t\t\taria-labelledby=\"accordion-label-actividades-de-la-biblioteca\"\n\t\t\t\tid=\"accordion-content-actividades-de-la-biblioteca\"\n\t\t\t\tstyle=\"display: none;\"\t\t\t>\n\t\t\t\t<div class=\"sow-accordion-panel-border\">\n\t\t\t\t\t<ul>\n<li>Registrar y catalogar las nuevas incorporaciones bibliogr\u00e1ficas.<\/li>\n<li>Continuar catalogando los libros en dep\u00f3sito.<\/li>\n<li>Realizar pr\u00e9stamos a profesores, alumnos, talleres de lectura\u2026<\/li>\n<li>Orientar y recomendar libros a profesores y alumnos que lo soliciten.<\/li>\n<li>Formar talleres de lectura desarrollando actividades de animaci\u00f3n:\u00a0juegos, entrevistas, libro-forum, cuentacuentos\u2026<\/li>\n<li>Lectura y familia. Actividades con la colaboraci\u00f3n de padres\/madres para fomentar la animaci\u00f3n lectora: Mercalibro. Hojas informativas (Recomendaciones). \u00a0Lecturas en voz alta.<\/li>\n<li>Realizar el pr\u00e9stamo de libros en horario lectivo.<\/li>\n<\/ul>\n\t\t\t\t<\/div>\n\t\t\t<\/div>\n\t\t<\/div>\n\t\t<\/div>\n<\/div>\n<\/div><\/div><\/div><\/div><\/div>\n\n<div id=\"pl-gb227-6a035ff556745\"  class=\"panel-layout\" ><div id=\"pg-gb227-6a035ff556745-0\"  class=\"panel-grid panel-no-style\" ><div id=\"pgc-gb227-6a035ff556745-0-0\"  class=\"panel-grid-cell\"  data-weight=\"1\" ><div id=\"panel-gb227-6a035ff556745-0-0-0\" class=\"so-panel widget widget_sow-accordion panel-first-child panel-last-child\" data-index=\"0\" data-style=\"{&quot;background_image_attachment&quot;:false,&quot;background_display&quot;:&quot;tile&quot;,&quot;link_overlay_new_window&quot;:&quot;&quot;}\" ><div\n\t\t\t\n\t\t\tclass=\"so-widget-sow-accordion so-widget-sow-accordion-default-2b7c2cdb8921\"\n\t\t\t data-max-open-panels=\"0\" data-initial-scroll-panel=\"0\"\n\t\t><div>\n\t<div class=\"sow-accordion\">\n\t\t\t<div class=\"sow-accordion-panel\"\n\t\t\t data-anchor=\"servicio-de-pr%c3%a9stamos-de-la-biblioteca-del-centro\">\n\t\t\t\t<div class=\"sow-accordion-panel-header-container\" role=\"heading\" aria-level=\"2\">\n\t\t\t\t\t<div class=\"sow-accordion-panel-header\" tabindex=\"0\" role=\"button\" id=\"accordion-label-servicio-de-pr%c3%a9stamos-de-la-biblioteca-del-centro\" aria-controls=\"accordion-content-servicio-de-pr%c3%a9stamos-de-la-biblioteca-del-centro\" aria-expanded=\"false\">\n\t\t\t\t\t\t<div class=\"sow-accordion-title sow-accordion-title-icon-left\">\n\t\t\t\t\t\t\t\t\t\t\t\t\t\tServicio de pr\u00e9stamos de la Biblioteca del Centro\t\t\t\t\t\t\t\t\t\t\t\t\t<\/div>\n\t\t\t\t\t\t<div class=\"sow-accordion-open-close-button\">\n\t\t\t\t\t\t\t<div class=\"sow-accordion-open-button\">\n\t\t\t\t\t\t\t\t<span class=\"sow-icon-ionicons\" data-sow-icon=\"&#xf218;\"\n\t\t \n\t\taria-hidden=\"true\"><\/span>\t\t\t\t\t\t\t<\/div>\n\t\t\t\t\t\t\t<div class=\"sow-accordion-close-button\">\n\t\t\t\t\t\t\t\t<span class=\"sow-icon-ionicons\" data-sow-icon=\"&#xf209;\"\n\t\t \n\t\taria-hidden=\"true\"><\/span>\t\t\t\t\t\t\t<\/div>\n\t\t\t\t\t\t<\/div>\n\t\t\t\t\t<\/div>\n\t\t\t\t<\/div>\n\n\t\t\t<div\n\t\t\t\tclass=\"sow-accordion-panel-content\"\n\t\t\t\trole=\"region\"\n\t\t\t\taria-labelledby=\"accordion-label-servicio-de-pr%c3%a9stamos-de-la-biblioteca-del-centro\"\n\t\t\t\tid=\"accordion-content-servicio-de-pr%c3%a9stamos-de-la-biblioteca-del-centro\"\n\t\t\t\tstyle=\"display: none;\"\t\t\t>\n\t\t\t\t<div class=\"sow-accordion-panel-border\">\n\t\t\t\t\t<p>Pretendemos con ello\u00a0<strong>promover un proceso com\u00fan entre Escuela y Familias<\/strong>. Sus hijos\/as\u00a0<strong>escoger\u00e1n un libro para leerlo en casa<\/strong>. Se registrar\u00e1 en su control de lectura. Junto al libro se llevar\u00e1n (de acuerdo con la edad)\u00a0<strong>una especie de FICHA-<a href=\"http:\/\/www.educa.madrid.org\/web\/cp.pedrobrimonis.humanes\/servicios_y_actividades\/biblioteca\/ficha_cromolibro.pdf\" target=\"_blank\" rel=\"noopener\">CROMOLIBRO<\/a>\/<a href=\"http:\/\/www.educa.madrid.org\/web\/cp.pedrobrimonis.humanes\/servicios_y_actividades\/biblioteca\/ficha_pasaporte.pdf\" target=\"_blank\" rel=\"noopener\">PASAPORTE<\/a>\u00a0para completar aspectos del libro le\u00eddo<\/strong>.<br \/>\nCon el primer libro ir\u00e1 tambi\u00e9n\u00a0<strong>nuestro\u00a0<a href=\"http:\/\/www.educa.madrid.org\/web\/cp.pedrobrimonis.humanes\/servicios_y_actividades\/biblioteca\/ficha_control_lectura.pdf\" target=\"_blank\" rel=\"noopener\">CONTROL de LECTURAS EN VOZ ALTA<\/a><\/strong>. \u00a1Le\u00e1nlo y util\u00edcenlo, llevando las anotaciones junto con su hijo\/a! SER\u00c1N PARTE IMPORTANTE Y TESTIGOS DEL PROGRESO.<\/p>\n<p><strong>\u00a0<\/strong><strong>Las NORMAS del Pr\u00e9stamo se resumen en lo siguiente:<\/strong><\/p>\n<ul>\n<li><strong>TRAER\u00c1N UNA\u00a0CARPETA DE CART\u00d3N AZUL\u00a0Y\u00a0FUNDA DE PL\u00c1STICO,\u00a0las dos tama\u00f1o folio (A-4), PARA GUARDAR EL MATERIAL DE LECTURA (imprescindibles).<\/strong><\/li>\n<li>Leer e libro y completar la Ficha.<\/li>\n<li>Tendr\u00e1n un plazo m\u00e1ximo entre UNA\u00a0SEMANA y QUINCE D\u00cdAS para LEERLO\u00a0y cambiarlo por otro.<\/li>\n<li>Cuiden e inculquen el cuidado de los libros:<strong>\u00a0DEBEN FORRARLOS con un papel cualquiera QUE NO MANCHE Y SIN PEGAR EL FORRO AL LIBRO, LES VALDR\u00c1 PARA OTROS.<\/strong><\/li>\n<li><strong>SI EL LIBRO SE DETERIORA O SE PIERDE, SE SUISTITUIR\u00c1 POR EL MISMO U OTRO SIMILAR<\/strong><strong>.<\/strong><\/li>\n<\/ul>\n<p><strong>\u00a0<\/strong><strong>CONSIDERACIONES GENERALES:<\/strong><\/p>\n<ol type=\"1\">\n<li>Mantendremos dos zonas definidas, de Primaria e Infantil, con ornamentaci\u00f3n y distribuci\u00f3n de mobiliario y material propio de cada etapa y edades.<\/li>\n<li>Usaremos la biblioteca de aula con las aportaciones y pr\u00e9stamos de los alumnos\/ as, de los Profesores\/ as, de la Biblioteca de la localidad y de los fondos del centro.<\/li>\n<li>Registraremos y actualizaremos los contenidos bibliogr\u00e1ficos.<\/li>\n<li>Fomentaremos el servicio de pr\u00e9stamos de libros.<\/li>\n<li>Pondremos en funcionamiento los recursos inform\u00e1ticos, como soporte eficaz para el fomento de la lectura y de la creaci\u00f3n escrita.<\/li>\n<li>Incorporaremos al curr\u00edculo de Primaria del libro de lecturas.<\/li>\n<li>Utilizaremos la Biblioteca como generadora de recursos, motivaciones y estrategias puntuales que encaminen a los alumnos\/ as hacia el aprendizaje y disfrute de la lectura y de la creaci\u00f3n escrita.<\/li>\n<\/ol>\n\t\t\t\t<\/div>\n\t\t\t<\/div>\n\t\t<\/div>\n\t\t<\/div>\n<\/div>\n<\/div><\/div><\/div><\/div><\/div>\n\n<div id=\"pl-gb227-6a035ff5569b6\"  class=\"panel-layout\" ><div id=\"pg-gb227-6a035ff5569b6-0\"  class=\"panel-grid panel-no-style\" ><div id=\"pgc-gb227-6a035ff5569b6-0-0\"  class=\"panel-grid-cell\"  data-weight=\"1\" ><div id=\"panel-gb227-6a035ff5569b6-0-0-0\" class=\"so-panel widget widget_sow-accordion panel-first-child panel-last-child\" data-index=\"0\" data-style=\"{&quot;background_image_attachment&quot;:false,&quot;background_display&quot;:&quot;tile&quot;,&quot;link_overlay_new_window&quot;:&quot;&quot;}\" ><div\n\t\t\t\n\t\t\tclass=\"so-widget-sow-accordion so-widget-sow-accordion-default-2b7c2cdb8921\"\n\t\t\t data-max-open-panels=\"0\" data-initial-scroll-panel=\"0\"\n\t\t><div>\n\t<div class=\"sow-accordion\">\n\t\t\t<div class=\"sow-accordion-panel\"\n\t\t\t data-anchor=\"dec%c3%a1logo-biblioteca\">\n\t\t\t\t<div class=\"sow-accordion-panel-header-container\" role=\"heading\" aria-level=\"2\">\n\t\t\t\t\t<div class=\"sow-accordion-panel-header\" tabindex=\"0\" role=\"button\" id=\"accordion-label-dec%c3%a1logo-biblioteca\" aria-controls=\"accordion-content-dec%c3%a1logo-biblioteca\" aria-expanded=\"false\">\n\t\t\t\t\t\t<div class=\"sow-accordion-title sow-accordion-title-icon-left\">\n\t\t\t\t\t\t\t\t\t\t\t\t\t\tDec\u00e1logo Biblioteca\t\t\t\t\t\t\t\t\t\t\t\t\t<\/div>\n\t\t\t\t\t\t<div class=\"sow-accordion-open-close-button\">\n\t\t\t\t\t\t\t<div class=\"sow-accordion-open-button\">\n\t\t\t\t\t\t\t\t<span class=\"sow-icon-ionicons\" data-sow-icon=\"&#xf218;\"\n\t\t \n\t\taria-hidden=\"true\"><\/span>\t\t\t\t\t\t\t<\/div>\n\t\t\t\t\t\t\t<div class=\"sow-accordion-close-button\">\n\t\t\t\t\t\t\t\t<span class=\"sow-icon-ionicons\" data-sow-icon=\"&#xf209;\"\n\t\t \n\t\taria-hidden=\"true\"><\/span>\t\t\t\t\t\t\t<\/div>\n\t\t\t\t\t\t<\/div>\n\t\t\t\t\t<\/div>\n\t\t\t\t<\/div>\n\n\t\t\t<div\n\t\t\t\tclass=\"sow-accordion-panel-content\"\n\t\t\t\trole=\"region\"\n\t\t\t\taria-labelledby=\"accordion-label-dec%c3%a1logo-biblioteca\"\n\t\t\t\tid=\"accordion-content-dec%c3%a1logo-biblioteca\"\n\t\t\t\tstyle=\"display: none;\"\t\t\t>\n\t\t\t\t<div class=\"sow-accordion-panel-border\">\n\t\t\t\t\t<p><strong>QUEREMOS CON ESTE DEC\u00c1LOGO promover Y propiciar la reflexi\u00f3n en el seno de la familia y QUE SEA tambi\u00e9n una fuente de sugerencias de acciones\u00a0para promocionar la lectura, para acercarse a los libros, para apreciar la cultura.<\/strong><\/p>\n<p><strong><i>Una familia comprometida con la lectura\u2026<\/i><\/strong><\/p>\n<p><i>1.\u00a0<strong>Es aquella que anima a leer<\/strong>\u00a0incluso antes de que su hijo o hija sepa leer. Proporcionar a ni\u00f1os y ni\u00f1as libros bien ilustrados para que hojeen y se recreen mirando las im\u00e1genes es una buena manera de empezar a amar la lectura.<\/i><\/p>\n<p><i>2.\u00a0<strong>Es aquella que cuenta cuentos\u00a0<\/strong>a sus hijos e hijas, les recita rimas y poes\u00edas, se las lee en voz alta y llena sus o\u00eddos de musicalidad y de magia.<\/i><\/p>\n<p><i>3.\u00a0<strong>Es aquella que da ejemplo leyendo<\/strong>\u00a0libros, revistas, peri\u00f3dicos y permite que sus hijos e hijas los sorprendan frecuentemente con uno de ellos en las manos<\/i>.<\/p>\n<p><i>4.\u00a0<strong>Es aquella que acompa\u00f1a<\/strong>\u00a0a sus hijos e hijas a visitar exposiciones, que asiste a funciones de t\u00edteres o teatro y a otros espect\u00e1culos culturales para ir afinando la sensibilidad y la imaginaci\u00f3n de sus peque\u00f1os.<\/i><\/p>\n<p><i>5.\u00a0<strong>Es aquella que comparte y comenta<\/strong>\u00a0las lecturas de sus hijos e hijas<\/i>.<\/p>\n<p><i>6.\u00a0<strong>Es aquella que acompa\u00f1a<\/strong>\u00a0a sus hijos e hijas\u00a0<strong>a los lugares donde est\u00e1n los<\/strong>\u00a0<strong>libros<\/strong>\u00a0(librer\u00edas y bibliotecas) para mirar y seleccionar juntos.<\/i><\/p>\n<p><i>7.<strong>\u00a0Es aquella que fomenta y cuida<\/strong>\u00a0la biblioteca familiar o personal y destina en su casa un espacio adecuado para ello.<\/i><\/p>\n<p><i>8.\u00a0<strong>Es aquella que aprecia y lee<\/strong>, con sus hijos e hijas, las publicaciones que se hacen en el colegio.<\/i><\/p>\n<p><i>9.\u00a0<strong>Es aquella que comprende<\/strong>\u00a0que la compra de un libro no es algo excepcional, aunque en las fechas se\u00f1aladas (cumplea\u00f1os, D\u00eda del Libro, Reyes, etc.), no debe faltar, sino que lo considera parte de los gastos de educaci\u00f3n de sus hijos e hijas<\/i>.<\/p>\n<p><i>10.\u00a0<strong>Es aquella que se ocupa de ver<\/strong>\u00a0algunos programas de televisi\u00f3n, pel\u00edculas de v\u00eddeo, etc. con sus hijos e hijas y que, juntos, comentan y comparten la experiencia.<\/i><\/p>\n\t\t\t\t<\/div>\n\t\t\t<\/div>\n\t\t<\/div>\n\t\t<\/div>\n<\/div>\n<\/div><\/div><\/div><\/div><\/div>\n\n\n<p><br><\/p>\n\n\n\n<iframe loading=\"lazy\" width=\"90%\" height=\"500px\" allowfullscreen=\"true\" allow=\"accelerometer; magnetometer; gyroscope\" style=\"display:block; margin:20px auto; border:0 none; max-width:880px;border-radius:8px; box-shadow: 0 1px 1px rgba(0,0,0,0.11),0 2px 2px rgba(0,0,0,0.11),0 4px 4px rgba(0,0,0,0.11),0 6px 8px rgba(0,0,0,0.11),0 8px 16px rgba(0,0,0,0.11);\" src=\"https:\/\/panoraven.com\/es\/embed\/Oz5ehcgK0K\"><\/iframe>\n","protected":false},"excerpt":{"rendered":"<p>Biblioteca PROFESOR RESPONSABLE:\u00a0Eduardo Delgado. APOYO A LA BIBLIOTECA ED. INFANTIL:&nbsp;Elena Baratas. SERVICIO DE PR\u00c9STAMO:&nbsp;Todos los d\u00edas en el horario escolar, estableciendo un d\u00eda para cada grupo.<\/p>\n","protected":false},"author":5,"featured_media":0,"parent":130,"menu_order":9,"comment_status":"closed","ping_status":"closed","template":"","meta":{"footnotes":""},"folder":[],"class_list":["post-227","page","type-page","status-publish","hentry"],"rttpg_featured_image_url":null,"rttpg_author":{"display_name":"Eduardo Delgado Bernal","author_link":"https:\/\/site.educa.madrid.org\/cp.pedrobrimonis.humanes\/index.php\/author\/eduardo_delgado-bernal\/"},"rttpg_comment":0,"rttpg_category":false,"rttpg_excerpt":"Biblioteca PROFESOR RESPONSABLE:\u00a0Eduardo Delgado. APOYO A LA BIBLIOTECA ED. INFANTIL:&nbsp;Elena Baratas. SERVICIO DE PR\u00c9STAMO:&nbsp;Todos los d\u00edas en el horario escolar, estableciendo un d\u00eda para cada grupo.","post_mailing_queue_ids":[],"_links":{"self":[{"href":"https:\/\/site.educa.madrid.org\/cp.pedrobrimonis.humanes\/index.php\/wp-json\/wp\/v2\/pages\/227","targetHints":{"allow":["GET"]}}],"collection":[{"href":"https:\/\/site.educa.madrid.org\/cp.pedrobrimonis.humanes\/index.php\/wp-json\/wp\/v2\/pages"}],"about":[{"href":"https:\/\/site.educa.madrid.org\/cp.pedrobrimonis.humanes\/index.php\/wp-json\/wp\/v2\/types\/page"}],"author":[{"embeddable":true,"href":"https:\/\/site.educa.madrid.org\/cp.pedrobrimonis.humanes\/index.php\/wp-json\/wp\/v2\/users\/5"}],"replies":[{"embeddable":true,"href":"https:\/\/site.educa.madrid.org\/cp.pedrobrimonis.humanes\/index.php\/wp-json\/wp\/v2\/comments?post=227"}],"version-history":[{"count":33,"href":"https:\/\/site.educa.madrid.org\/cp.pedrobrimonis.humanes\/index.php\/wp-json\/wp\/v2\/pages\/227\/revisions"}],"predecessor-version":[{"id":1750,"href":"https:\/\/site.educa.madrid.org\/cp.pedrobrimonis.humanes\/index.php\/wp-json\/wp\/v2\/pages\/227\/revisions\/1750"}],"up":[{"embeddable":true,"href":"https:\/\/site.educa.madrid.org\/cp.pedrobrimonis.humanes\/index.php\/wp-json\/wp\/v2\/pages\/130"}],"wp:attachment":[{"href":"https:\/\/site.educa.madrid.org\/cp.pedrobrimonis.humanes\/index.php\/wp-json\/wp\/v2\/media?parent=227"}],"wp:term":[{"taxonomy":"folder","embeddable":true,"href":"https:\/\/site.educa.madrid.org\/cp.pedrobrimonis.humanes\/index.php\/wp-json\/wp\/v2\/folder?post=227"}],"curies":[{"name":"wp","href":"https:\/\/api.w.org\/{rel}","templated":true}]}}