{"id":243,"date":"2022-02-14T23:58:36","date_gmt":"2022-02-14T22:58:36","guid":{"rendered":"https:\/\/site.educa.madrid.org\/cp.pedrobrimonis.humanes\/?page_id=243"},"modified":"2025-11-11T13:03:52","modified_gmt":"2025-11-11T12:03:52","slug":"comedor","status":"publish","type":"page","link":"https:\/\/site.educa.madrid.org\/cp.pedrobrimonis.humanes\/index.php\/servicios-y-actividades\/comedor\/","title":{"rendered":"Comedor Escolar"},"content":{"rendered":"\n\t\t\t<!-- Flexy Breadcrumb -->\n\t\t\t<div class=\"fbc fbc-page\">\n\n\t\t\t\t<!-- Breadcrumb wrapper -->\n\t\t\t\t<div class=\"fbc-wrap\">\n\n\t\t\t\t\t<!-- Ordered list-->\n\t\t\t\t\t<ol class=\"fbc-items\" itemscope itemtype=\"https:\/\/schema.org\/BreadcrumbList\">\n\t\t\t\t\t\t            <li itemprop=\"itemListElement\" itemscope itemtype=\"https:\/\/schema.org\/ListItem\">\n                <span itemprop=\"name\">\n                    <!-- Home Link -->\n                    <a itemprop=\"item\" href=\"https:\/\/site.educa.madrid.org\/cp.pedrobrimonis.humanes\">\n                    \n                        Inicio                    <\/a>\n                <\/span>\n                <meta itemprop=\"position\" content=\"1\" \/><!-- Meta Position-->\n             <\/li><li><span class=\"fbc-separator\">\/<\/span><\/li><li class=\"active\" itemprop=\"itemListElement\" itemscope itemtype=\"https:\/\/schema.org\/ListItem\"><span itemprop=\"name\" title=\"Novedades\">Novedades<\/span><meta itemprop=\"position\" content=\"2\" \/><\/li>\t\t\t\t\t<\/ol>\n\t\t\t\t\t<div class=\"clearfix\"><\/div>\n\t\t\t\t<\/div>\n\t\t\t<\/div>\n\t\t\t\n\n\n\n<h2 class=\"wp-block-heading\">Comedor escolar<\/h2>\n\n\n\n<div class=\"wp-block-columns is-layout-flex wp-container-core-columns-is-layout-9d6595d7 wp-block-columns-is-layout-flex\">\n<div class=\"wp-block-column is-layout-flow wp-block-column-is-layout-flow\" style=\"flex-basis:66.66%\">\n<p>El comedor escolar es un servicio complementario de car\u00e1cter educativo que presta la Administraci\u00f3n educativa y que contribuye a una mejora de la calidad de la ense\u00f1anza. Adem\u00e1s de cumplir una funci\u00f3n b\u00e1sica de alimentaci\u00f3n y nutrici\u00f3n, desempe\u00f1a una destacada funci\u00f3n social y educativa, por ello, los comedores escolares est\u00e1n integrados en la vida y organizaci\u00f3n de los centros educativos.<\/p>\n\n\n\n<p id=\"block-7da79158-8a82-45bf-a8e8-50dccad8dab4\">En el comedor, cada d\u00eda de 14 a 16 horas, comen m\u00e1s de 260 alumnos de nuestro Centro en un ambiente de camarader\u00eda y diversi\u00f3n. Los<strong> <a href=\"https:\/\/www.elgustodecrecer.es\/Menus\/Colegio\/1996\" target=\"_blank\" rel=\"noreferrer noopener\">men\u00fas se dan a conocer a las familias cada mes a trav\u00e9s del siguiente enlace<\/a><\/strong>.<a href=\"https:\/\/site.educa.madrid.org\/cp.pedrobrimonis.humanes\/\/wp-content\/uploads\/cp.pedrobrimonis.humanes\/2022\/03\/solicitud_comedor21-22.doc\"> <\/a><\/p>\n\n\n\n<p>El precio del servicio para el curso 2025\/2026 es el siguiente:<\/p>\n\n\n\n<p>TODOS LOS D\u00cdAS<\/p>\n\n\n\n<ul class=\"wp-block-list\">\n<li>Sin Ayuda: 5,50 \u20ac\/d\u00eda.<\/li>\n<\/ul>\n\n\n\n<div class=\"wp-block-columns is-layout-flex wp-container-core-columns-is-layout-9d6595d7 wp-block-columns-is-layout-flex\">\n<div class=\"wp-block-column is-layout-flow wp-block-column-is-layout-flow\"><div\n\t\t\t\n\t\t\tclass=\"so-widget-sow-button so-widget-sow-button-wire-503d265ed2af\"\n\t\t\t\n\t\t><div class=\"ow-button-base ow-button-align-center\">\n\t<a\n\thref=\"https:\/\/www.elgustodecrecer.es\/Menus\/Colegio\/1996\"\n\t\tclass=\"ow-icon-placement-left ow-button-hover\" target=\"_blank\" rel=\"noopener noreferrer\" \t>\n\t\t<span>\n\t\t\t<span class=\"sow-icon-fontawesome sow-fas\" data-sow-icon=\"&#xf2e7;\"\n\t\tstyle=\"color: #053676\" \n\t\taria-hidden=\"true\"><\/span>\n\t\t\tAccede al men\u00fa del comedor\t\t<\/span>\n\t<\/a>\n<\/div>\n<\/div><\/div>\n\n\n\n<div class=\"wp-block-column is-layout-flow wp-block-column-is-layout-flow\"><div\n\t\t\t\n\t\t\tclass=\"so-widget-sow-button so-widget-sow-button-wire-f5843a623414\"\n\t\t\t\n\t\t><div class=\"ow-button-base ow-button-align-center\">\n\t<a\n\thref=\"https:\/\/site.educa.madrid.org\/cp.pedrobrimonis.humanes\/\/wp-content\/uploads\/cp.pedrobrimonis.humanes\/2023\/06\/solicitud_comedor_online.pdf\"\n\t\tclass=\"ow-icon-placement-left ow-button-hover\" target=\"_blank\" rel=\"noopener noreferrer\" download=\"\" \t>\n\t\t<span>\n\t\t\t<span class=\"sow-icon-fontawesome sow-fas\" data-sow-icon=\"&#xf573;\"\n\t\tstyle=\"color: #053676\" \n\t\taria-hidden=\"true\"><\/span>\n\t\t\tSolicitud INCRIPCI\u00d3N COMEDOR\t\t<\/span>\n\t<\/a>\n<\/div>\n<\/div>\n\n<div\n\t\t\t\n\t\t\tclass=\"so-widget-sow-button so-widget-sow-button-wire-39128a1a5b04\"\n\t\t\t\n\t\t><div class=\"ow-button-base ow-button-align-center\">\n\t<a\n\thref=\"https:\/\/site.educa.madrid.org\/cp.pedrobrimonis.humanes\/\/wp-content\/uploads\/cp.pedrobrimonis.humanes\/2023\/09\/SOLICITUD-DE-BAJA-VOLUNTARIA-DEL-COMEDOR-ESCOLAR-4.pdf\"\n\t\tclass=\"ow-icon-placement-left ow-button-hover\" target=\"_blank\" rel=\"noopener noreferrer\" download=\"\" \t>\n\t\t<span>\n\t\t\t<span class=\"sow-icon-fontawesome sow-fas\" data-sow-icon=\"&#xf573;\"\n\t\tstyle=\"color: #053676\" \n\t\taria-hidden=\"true\"><\/span>\n\t\t\tSolicitud BAJA COMEDOR\t\t<\/span>\n\t<\/a>\n<\/div>\n<\/div><\/div>\n\n\n\n<div class=\"wp-block-column is-layout-flow wp-block-column-is-layout-flow\"><div\n\t\t\t\n\t\t\tclass=\"so-widget-sow-button so-widget-sow-button-wire-f5843a623414\"\n\t\t\t\n\t\t><div class=\"ow-button-base ow-button-align-center\">\n\t<a\n\thref=\"https:\/\/site.educa.madrid.org\/cp.pedrobrimonis.humanes\/index.php\/2023\/06\/07\/becas-de-comedor-curso-2023-2024\/\"\n\t\tclass=\"ow-icon-placement-left ow-button-hover\" target=\"_blank\" rel=\"noopener noreferrer\" \t>\n\t\t<span>\n\t\t\t<span class=\"sow-icon-fontawesome sow-fas\" data-sow-icon=\"&#xf573;\"\n\t\tstyle=\"color: #053676\" \n\t\taria-hidden=\"true\"><\/span>\n\t\t\tBecas comedor escolar\t\t<\/span>\n\t<\/a>\n<\/div>\n<\/div><\/div>\n<\/div>\n\n\n\n<iframe loading=\"lazy\" id=\"Normas uso del comedor escolar\" title=\"Normas uso del comedor escolar\" src=\"https:\/\/site.educa.madrid.org\/cp.pedrobrimonis.humanes\/\/wp-content\/uploads\/cp.pedrobrimonis.humanes\/2025\/09\/Informacion-uso-de-comedor_Sep25.pdf\" width=\"500\" height=\"400\">\n<\/iframe>\n\n\n\n<p><a href=\"https:\/\/site.educa.madrid.org\/cp.pedrobrimonis.humanes\/\/wp-content\/uploads\/cp.pedrobrimonis.humanes\/2025\/09\/Informacion-uso-de-comedor_Sep25.pdf\" target=\"_blank\" rel=\"noreferrer noopener\">Descargar Normas de uso del comedor escolar<\/a>.<\/p>\n\n\n<div\n\t\t\t\n\t\t\tclass=\"so-widget-sow-accordion so-widget-sow-accordion-default-59bada19e241\"\n\t\t\t data-max-open-panels=\"0\" data-initial-scroll-panel=\"0\"\n\t\t><div>\n\t<div class=\"sow-accordion\">\n\t\t<\/div>\n<\/div>\n<\/div>\n\n<div\n\t\t\t\n\t\t\tclass=\"so-widget-sow-accordion so-widget-sow-accordion-default-6c7b2f90c0e4\"\n\t\t\t data-max-open-panels=\"0\" data-initial-scroll-panel=\"0\"\n\t\t><div>\n\t<div class=\"sow-accordion\">\n\t\t\t<div class=\"sow-accordion-panel\"\n\t\t\t data-anchor=\"aramark-propuesta-de-la-empresa-adjudicataria\">\n\t\t\t\t<div class=\"sow-accordion-panel-header-container\" role=\"heading\" aria-level=\"2\">\n\t\t\t\t\t<div class=\"sow-accordion-panel-header\" tabindex=\"0\" role=\"button\" id=\"accordion-label-aramark-propuesta-de-la-empresa-adjudicataria\" aria-controls=\"accordion-content-aramark-propuesta-de-la-empresa-adjudicataria\" aria-expanded=\"false\">\n\t\t\t\t\t\t<div class=\"sow-accordion-title sow-accordion-title-icon-left\">\n\t\t\t\t\t\t\t\t\t\t\t\t\t\tARAMARK: propuesta de la empresa adjudicataria\t\t\t\t\t\t\t\t\t\t\t\t\t<\/div>\n\t\t\t\t\t\t<div class=\"sow-accordion-open-close-button\">\n\t\t\t\t\t\t\t<div class=\"sow-accordion-open-button\">\n\t\t\t\t\t\t\t\t<span class=\"sow-icon-fontawesome sow-fas\" data-sow-icon=\"&#x2b;\"\n\t\t \n\t\taria-hidden=\"true\"><\/span>\t\t\t\t\t\t\t<\/div>\n\t\t\t\t\t\t\t<div class=\"sow-accordion-close-button\">\n\t\t\t\t\t\t\t\t<span class=\"sow-icon-fontawesome sow-fas\" data-sow-icon=\"&#xf068;\"\n\t\t \n\t\taria-hidden=\"true\"><\/span>\t\t\t\t\t\t\t<\/div>\n\t\t\t\t\t\t<\/div>\n\t\t\t\t\t<\/div>\n\t\t\t\t<\/div>\n\n\t\t\t<div\n\t\t\t\tclass=\"sow-accordion-panel-content\"\n\t\t\t\trole=\"region\"\n\t\t\t\taria-labelledby=\"accordion-label-aramark-propuesta-de-la-empresa-adjudicataria\"\n\t\t\t\tid=\"accordion-content-aramark-propuesta-de-la-empresa-adjudicataria\"\n\t\t\t\tstyle=\"display: none;\"\t\t\t>\n\t\t\t\t<div class=\"sow-accordion-panel-border\">\n\t\t\t\t\t<p>Consulta desde los siguientes enlaces la propuesta de Aramark, empresa adjudicataria del servicio de comedor:<\/p>\n<ul>\n<li class=\"v1x_MsoListParagraph\"><b><a title=\"Plan anual del comedor escolar\" href=\"https:\/\/site.educa.madrid.org\/cp.pedrobrimonis.humanes\/\/wp-content\/uploads\/cp.pedrobrimonis.humanes\/2025\/09\/2526-PLAN-DE-COMEDOR-ARA-CAST.pdf\" target=\"_blank\" rel=\"noopener\">Plan anual del comedor escolar<\/a>.<\/b><\/li>\n<\/ul>\n<div class=\"page\" title=\"Page 1\">\n<div class=\"layoutArea\">\n<div class=\"column\">\n<ul>\n<li><a href=\"https:\/\/site.educa.madrid.org\/cp.pedrobrimonis.humanes\/\/wp-content\/uploads\/cp.pedrobrimonis.humanes\/2025\/09\/Charla-a-familias.pdf\"><strong>Descargar la informaci\u00f3n sobre la sesi\u00f3n informativa<\/strong><\/a><\/li>\n<\/ul>\n<\/div>\n<\/div>\n<\/div>\n<ul>\n<li><strong><a href=\"https:\/\/site.educa.madrid.org\/cp.pedrobrimonis.humanes\/\/wp-content\/uploads\/cp.pedrobrimonis.humanes\/2025\/09\/Cartel-comedor-Nuevo-RD-Coles.pdf\" target=\"_blank\" rel=\"noreferrer noopener\" data-type=\"link\" data-id=\"https:\/\/site.educa.madrid.org\/cp.pedrobrimonis.humanes\/\/wp-content\/uploads\/cp.pedrobrimonis.humanes\/2025\/09\/Cartel-comedor-Nuevo-RD-Coles.pdf\">Cartel nuevo Real Decreto de alimentaci\u00f3n<\/a><\/strong><\/li>\n<li><strong><a href=\"https:\/\/site.educa.madrid.org\/cp.pedrobrimonis.humanes\/\/wp-content\/uploads\/cp.pedrobrimonis.humanes\/2025\/09\/Carta-Aramark_Familias-RD-Coles.pdf\" target=\"_blank\" rel=\"noreferrer noopener\" data-type=\"link\" data-id=\"https:\/\/site.educa.madrid.org\/cp.pedrobrimonis.humanes\/\/wp-content\/uploads\/cp.pedrobrimonis.humanes\/2025\/09\/Carta-Aramark_Familias-RD-Coles.pdf\">Carta a las familias<\/a><\/strong><\/li>\n<li><strong><a href=\"https:\/\/site.educa.madrid.org\/cp.pedrobrimonis.humanes\/\/wp-content\/uploads\/cp.pedrobrimonis.humanes\/2025\/09\/Folder-Explicativo_-Nuevo-RD-Coles.pdf\" target=\"_blank\" rel=\"noreferrer noopener\" data-type=\"link\" data-id=\"https:\/\/site.educa.madrid.org\/cp.pedrobrimonis.humanes\/\/wp-content\/uploads\/cp.pedrobrimonis.humanes\/2025\/09\/Folder-Explicativo_-Nuevo-RD-Coles.pdf\">Presentaci\u00f3n explicativa del nuevo Real Decreto de alimentaci\u00f3n<\/a>.<\/strong><\/li>\n<li><strong><a href=\"https:\/\/site.educa.madrid.org\/cp.pedrobrimonis.humanes\/\/wp-content\/uploads\/cp.pedrobrimonis.humanes\/2025\/11\/PROTOCOLO-DE-OFERTA-DE-CURSOS-EDUCATIVOS-2526.pdf\" target=\"_blank\" rel=\"noopener\">Propuesta de cursos de Jornadas Saludables<\/a>.<\/strong><\/li>\n<li class=\"v1x_MsoListParagraph\"><b><a title=\"Web El Gusto de Crecer\" href=\"https:\/\/www.elgustodecrecer.es\/\" target=\"_blank\" rel=\"noopener\">Web El Gusto de Crecer<\/a>.<\/b><\/li>\n<li class=\"v1x_MsoListParagraph\"><b><a title=\"Carta dirigida a las familias sobre Aramark en los comedores escolares\" href=\"https:\/\/www.elgustodecrecer.es\/Users\/Documentos\/Carta_Presentacion_Cast.pdf\" target=\"_blank\" rel=\"noopener\">Carta dirigida a las familias sobre Aramark en los comedores escolares<\/a>.<\/b><\/li>\n<li class=\"v1x_MsoListParagraph\"><b><a title=\"Gu\u00eda alimentaria sobre alimentaci\u00f3n infantil\" href=\"https:\/\/www.elgustodecrecer.es\/Users\/Documentos\/guia_alimentaria.pdf\" target=\"_blank\" rel=\"noopener\">Gu\u00eda alimentaria sobre alimentaci\u00f3n infantil<\/a>.<\/b><\/li>\n<li class=\"v1x_MsoListParagraph\"><b>Videos de la propuesta de valor de Aramark:<\/b><b> <\/b><b><\/b>\n<ul type=\"circle\">\n<li class=\"v1x_MsoListParagraph\"><strong><a title=\"Proyecto Educativo &quot;Vida Saludable&quot;\" href=\"https:\/\/www.youtube.com\/watch?v=Mgt36YY9zUw\" target=\"_blank\" rel=\"noopener\">Proyecto Educativo \u00abVida Saludable\u00bb<\/a>.<\/strong><\/li>\n<li class=\"v1x_MsoListParagraph\"><strong><a title=\"Proyecto Educativo &quot;Siempre Cerca&quot;\" href=\"https:\/\/www.youtube.com\/watch?v=8L5xoQYTuHg\" target=\"_blank\" rel=\"noopener\">Proyecto Educativo \u00abSiempre Cerca\u00bb<\/a>.<\/strong><\/li>\n<li class=\"v1x_MsoListParagraph\"><strong><a title=\"Men\u00fas Mensuales en el comedor escolar\" href=\"https:\/\/www.youtube.com\/watch?v=58-EHx9ESxY\" target=\"_blank\" rel=\"noopener\">Men\u00fas Mensuales en el comedor escolar<\/a>.<\/strong><\/li>\n<li class=\"v1x_MsoListParagraph\"><strong><a title=\"Comunicaci\u00f3n con las familias (Web y APP)\" href=\"https:\/\/www.youtube.com\/watch?v=SH-5o3uT140\" target=\"_blank\" rel=\"noopener\">Comunicaci\u00f3n con las familias (Web y APP)<\/a>.<\/strong><\/li>\n<li class=\"v1x_MsoListParagraph\"><strong><a title=\"Medidas de Seguridad frente a la Covid19\" href=\"https:\/\/www.youtube.com\/watch?v=R12n-0GW_cI\" target=\"_blank\" rel=\"noopener\">Medidas de Seguridad frente a la Covid19<\/a>.<\/strong><\/li>\n<li><a href=\"https:\/\/site.educa.madrid.org\/cp.pedrobrimonis.humanes\/\/wp-content\/uploads\/cp.pedrobrimonis.humanes\/2025\/11\/2526-CARTELES-JORNADAS-SALUDABLES-PEDRO-BRIMONIS.pdf\" target=\"_blank\" rel=\"noopener\"><strong>Actividades curso 2025\/2026<\/strong>.<\/a><\/li>\n<\/ul>\n<\/li>\n<\/ul>\n<p style=\"text-align: center\">\u00a0<\/p>\n\t\t\t\t<\/div>\n\t\t\t<\/div>\n\t\t<\/div>\n\t\t<\/div>\n<\/div>\n<\/div><\/div>\n\n\n\n<div class=\"wp-block-column is-layout-flow wp-block-column-is-layout-flow\" style=\"flex-basis:33.33%\"><div\n\t\t\t\n\t\t\tclass=\"so-widget-sow-contact-form so-widget-sow-contact-form-default-bc1adb594d29\"\n\t\t\t\n\t\t><h3 class=\"widget-title\">FORMULARIO PARA SOLICITAR LA DEVOLUCI\u00d3N DEL 40% EN CASO DE ENFERMEDAD DE M\u00c1S DE UNA SEMANA.<\/h3>\t<form\n\t\taction=\"\/cp.pedrobrimonis.humanes\/index.php\/wp-json\/wp\/v2\/pages\/243\"\n\t\tmethod=\"POST\"\n\t\tclass=\"sow-contact-form\"\n\t\tid=\"contact-form-7b33\"\n\t>\n\n\t\t\n\t\t            <p><em>Los campos marcados con * son obligatorios<\/em><\/p>\n\t\t\t\t\t\t<div class=\"sow-form-field sow-form-field-name\">\n\t\t\t\t<label class=\"sow-form-field-label-above\" for=\"sow-contact-form-field-nombre-y-apellidos-del-alumnoa-1705890558622c4bd492976133472962\">\n\t\t\t\t<strong>\n\t\t\t\t\tNombre y apellidos del alumno\/a\t\t\t\t\t\t\t\t\t\t\t<span class=\"sow-form-field-required\">*<\/span>\n\t\t\t\t\t\t\t\t\t<\/strong>\n\t\t\t<\/label>\n\t\t\t\t\t\t\t<span class=\"sow-field-container\">\n\t\t\t\t\t\t\t<input\n\t\t\ttype=\"text\"\n\t\t\tname=\"nombre-y-apellidos-del-alumnoa-1705890558622c4bd492976133472962\"\n\t\t\tid=\"sow-contact-form-field-nombre-y-apellidos-del-alumnoa-1705890558622c4bd492976133472962\"\n\t\t\tvalue=\"\"\n\t\t\tclass=\"sow-text-field\"\n\t\t\t\t\t\/>\n\t\t\t\t\t\t<\/span>\n\t\t\t\t\t\t\t<\/div>\n\t\t\t\t\t\t<div class=\"sow-form-field sow-form-field-select\">\n\t\t\t\t<label class=\"sow-form-field-label-above\" for=\"sow-contact-form-field-selecciona-el-curso-escolar-1705890558622c4bd492976133472962\">\n\t\t\t\t<strong>\n\t\t\t\t\tSelecciona el curso escolar\t\t\t\t\t\t\t\t\t\t\t<span class=\"sow-form-field-required\">*<\/span>\n\t\t\t\t\t\t\t\t\t<\/strong>\n\t\t\t<\/label>\n\t\t\t\t\t\t\t<span class=\"sow-field-container\">\n\t\t\t\t\t\t\t<select\n\t\t\tname=\"selecciona-el-curso-escolar-1705890558622c4bd492976133472962\"\n\t\t\tid=\"sow-contact-form-field-selecciona-el-curso-escolar-1705890558622c4bd492976133472962\"\n\t\t\t\t\t\t\t\t>\n\t\t\t\t\t\t\t\t<option selected ><\/option>\n\t\t\t\t\t\t\t\t\t\t<option\n\t\t\t\t\t\tvalue=\"3 a\u00f1os\">\n\t\t\t\t\t\t3 a\u00f1os\t\t\t\t\t<\/option>\n\t\t\t\t\t\t\t\t\t<option\n\t\t\t\t\t\tvalue=\"4 a\u00f1os\">\n\t\t\t\t\t\t4 a\u00f1os\t\t\t\t\t<\/option>\n\t\t\t\t\t\t\t\t\t<option\n\t\t\t\t\t\tvalue=\"5 a\u00f1os\">\n\t\t\t\t\t\t5 a\u00f1os\t\t\t\t\t<\/option>\n\t\t\t\t\t\t\t\t\t<option\n\t\t\t\t\t\tvalue=\"1\u00ba Ed. Primaria\">\n\t\t\t\t\t\t1\u00ba Ed. Primaria\t\t\t\t\t<\/option>\n\t\t\t\t\t\t\t\t\t<option\n\t\t\t\t\t\tvalue=\"2\u00ba Ed. Primaria\">\n\t\t\t\t\t\t2\u00ba Ed. Primaria\t\t\t\t\t<\/option>\n\t\t\t\t\t\t\t\t\t<option\n\t\t\t\t\t\tvalue=\"3\u00ba Ed. Primaria\">\n\t\t\t\t\t\t3\u00ba Ed. Primaria\t\t\t\t\t<\/option>\n\t\t\t\t\t\t\t\t\t<option\n\t\t\t\t\t\tvalue=\"4\u00ba Ed. Primaria\">\n\t\t\t\t\t\t4\u00ba Ed. Primaria\t\t\t\t\t<\/option>\n\t\t\t\t\t\t\t\t\t<option\n\t\t\t\t\t\tvalue=\"5\u00ba Ed. Primaria\">\n\t\t\t\t\t\t5\u00ba Ed. Primaria\t\t\t\t\t<\/option>\n\t\t\t\t\t\t\t\t\t<option\n\t\t\t\t\t\tvalue=\"6\u00ba Ed. Primaria\">\n\t\t\t\t\t\t6\u00ba Ed. Primaria\t\t\t\t\t<\/option>\n\t\t\t\t\t\t<\/select>\n\t\t\t\t\t\t<\/span>\n\t\t\t\t\t\t\t<\/div>\n\t\t\t\t\t\t<div class=\"sow-form-field sow-form-field-checkboxes\">\n\t\t\t\t<label class=\"sow-form-field-label-above\" for=\"sow-contact-form-field-marca-la-letra-del-grupo-de-tu-hijoa-1705890558622c4bd492976133472962\">\n\t\t\t\t<strong>\n\t\t\t\t\tMarca la letra del grupo de tu hijo\/a\t\t\t\t\t\t\t\t\t\t\t<span class=\"sow-form-field-required\">*<\/span>\n\t\t\t\t\t\t\t\t\t<\/strong>\n\t\t\t<\/label>\n\t\t\t\t\t\t\t<span class=\"sow-field-container\">\n\t\t\t\t\t\t\t\t<ul>\n\t\t\t\t\t\t\t\t\t\t\t\t\t\t<li>\n\t\t\t\t\t\t<input\n\t\t\t\t\t\t\ttype=\"checkbox\"\n\t\t\t\t\t\t\tvalue=\"A\"\n\t\t\t\t\t\t\tname=\"marca-la-letra-del-grupo-de-tu-hijoa-1705890558622c4bd492976133472962[]\"\n\t\t\t\t\t\t\tid=\"sow-contact-form-field-marca-la-letra-del-grupo-de-tu-hijoa-1705890558622c4bd492976133472962-0\"\n\t\t\t\t\t\t\t\t\t\t\t\t\t\t\t\t\t\t\t\t\/>\n\t\t\t\t\t\t<label for=\"sow-contact-form-field-marca-la-letra-del-grupo-de-tu-hijoa-1705890558622c4bd492976133472962-0\">\n\t\t\t\t\t\t\tA\t\t\t\t\t\t<\/label>\n\t\t\t\t\t<\/li>\n\t\t\t\t\t\t\t\t\t\t\t\t\t\t<li>\n\t\t\t\t\t\t<input\n\t\t\t\t\t\t\ttype=\"checkbox\"\n\t\t\t\t\t\t\tvalue=\"B\"\n\t\t\t\t\t\t\tname=\"marca-la-letra-del-grupo-de-tu-hijoa-1705890558622c4bd492976133472962[]\"\n\t\t\t\t\t\t\tid=\"sow-contact-form-field-marca-la-letra-del-grupo-de-tu-hijoa-1705890558622c4bd492976133472962-1\"\n\t\t\t\t\t\t\t\t\t\t\t\t\t\t\t\t\t\t\t\t\/>\n\t\t\t\t\t\t<label for=\"sow-contact-form-field-marca-la-letra-del-grupo-de-tu-hijoa-1705890558622c4bd492976133472962-1\">\n\t\t\t\t\t\t\tB\t\t\t\t\t\t<\/label>\n\t\t\t\t\t<\/li>\n\t\t\t\t\t\t\t\t\t\t\t\t\t\t<li>\n\t\t\t\t\t\t<input\n\t\t\t\t\t\t\ttype=\"checkbox\"\n\t\t\t\t\t\t\tvalue=\"C\"\n\t\t\t\t\t\t\tname=\"marca-la-letra-del-grupo-de-tu-hijoa-1705890558622c4bd492976133472962[]\"\n\t\t\t\t\t\t\tid=\"sow-contact-form-field-marca-la-letra-del-grupo-de-tu-hijoa-1705890558622c4bd492976133472962-2\"\n\t\t\t\t\t\t\t\t\t\t\t\t\t\t\t\t\t\t\t\t\/>\n\t\t\t\t\t\t<label for=\"sow-contact-form-field-marca-la-letra-del-grupo-de-tu-hijoa-1705890558622c4bd492976133472962-2\">\n\t\t\t\t\t\t\tC\t\t\t\t\t\t<\/label>\n\t\t\t\t\t<\/li>\n\t\t\t\t\t\t\t<\/ul>\n\t\t\t\t\t\t<\/span>\n\t\t\t\t\t\t\t<\/div>\n\t\t\t\t\t\t<div class=\"sow-form-field sow-form-field-name\">\n\t\t\t\t<label class=\"sow-form-field-label-above\" for=\"sow-contact-form-field-nombre-y-apellidos-del-padremadretutora-1705890558622c4bd492976133472962\">\n\t\t\t\t<strong>\n\t\t\t\t\tNOMBRE Y APELLIDOS DEL PADRE\/MADRE\/TUTOR\/A\t\t\t\t\t\t\t\t\t\t\t<span class=\"sow-form-field-required\">*<\/span>\n\t\t\t\t\t\t\t\t\t<\/strong>\n\t\t\t<\/label>\n\t\t\t\t\t\t\t<span class=\"sow-field-container\">\n\t\t\t\t\t\t\t<input\n\t\t\ttype=\"text\"\n\t\t\tname=\"nombre-y-apellidos-del-padremadretutora-1705890558622c4bd492976133472962\"\n\t\t\tid=\"sow-contact-form-field-nombre-y-apellidos-del-padremadretutora-1705890558622c4bd492976133472962\"\n\t\t\tvalue=\"\"\n\t\t\tclass=\"sow-text-field\"\n\t\t\t\t\t\/>\n\t\t\t\t\t\t<\/span>\n\t\t\t\t\t\t\t<\/div>\n\t\t\t\t\t\t<div class=\"sow-form-field sow-form-field-tel\">\n\t\t\t\t<label class=\"sow-form-field-label-above\" for=\"sow-contact-form-field-telfono-de-contacto-padremadretutora-1705890558622c4bd492976133472962\">\n\t\t\t\t<strong>\n\t\t\t\t\tTEL\u00c9FONO DE CONTACTO PADRE\/MADRE\/TUTOR\/A\t\t\t\t\t\t\t\t\t\t\t<span class=\"sow-form-field-required\">*<\/span>\n\t\t\t\t\t\t\t\t\t<\/strong>\n\t\t\t<\/label>\n\t\t\t\t\t\t\t<span class=\"sow-field-container\">\n\t\t\t\t\t\t\t<input\n\t\t\ttype=\"tel\"\n\t\t\tname=\"telfono-de-contacto-padremadretutora-1705890558622c4bd492976133472962\"\n\t\t\tid=\"sow-contact-form-field-telfono-de-contacto-padremadretutora-1705890558622c4bd492976133472962\"\n\t\t\tvalue=\"\"\n\t\t\tclass=\"sow-text-field\"\t\t\t\t\t\t\t\t\/>\n\t\t\t\t\t\t<\/span>\n\t\t\t\t\t\t\t<\/div>\n\t\t\t\t\t\t<div class=\"sow-form-field sow-form-field-email\">\n\t\t\t\t<label class=\"sow-form-field-label-above\" for=\"sow-contact-form-field-correo-electrnico-de-contacto-padremadretutora-1705890558622c4bd492976133472962\">\n\t\t\t\t<strong>\n\t\t\t\t\tCORREO ELECTR\u00d3NICO DE CONTACTO PADRE\/MADRE\/TUTOR\/A\t\t\t\t\t\t\t\t\t\t\t<span class=\"sow-form-field-required\">*<\/span>\n\t\t\t\t\t\t\t\t\t<\/strong>\n\t\t\t<\/label>\n\t\t\t\t\t\t\t<span class=\"sow-field-container\">\n\t\t\t\t\t\t\t<input\n\t\t\ttype=\"email\"\n\t\t\tname=\"correo-electrnico-de-contacto-padremadretutora-1705890558622c4bd492976133472962\"\n\t\t\tid=\"sow-contact-form-field-correo-electrnico-de-contacto-padremadretutora-1705890558622c4bd492976133472962\"\n\t\t\tvalue=\"\"\n\t\t\tclass=\"sow-text-field\"\t\t\t\t\t\t\t\t\/>\n\t\t\t\t\t\t<\/span>\n\t\t\t\t\t                <div class=\"sow-form-field-description\">\n\t\t\t\t\t\tCORREO ELECTR\u00d3NICO DE CONTACTO PADRE\/MADRE\/TUTOR\/A\t                <\/div>\n\t\t\t\t\t\t\t\t<\/div>\n\t\t\t\t\t\t<div class=\"sow-form-field sow-form-field-text\">\n\t\t\t\t<label class=\"sow-form-field-label-above\" for=\"sow-contact-form-field-indica-las-fechas-exactas-en-las-que-no-asisti-1705890558622c4bd492976133472962\">\n\t\t\t\t<strong>\n\t\t\t\t\tIndica las fechas exactas en las que no asisti\u00f3\t\t\t\t\t\t\t\t\t\t\t<span class=\"sow-form-field-required\">*<\/span>\n\t\t\t\t\t\t\t\t\t<\/strong>\n\t\t\t<\/label>\n\t\t\t\t\t\t\t<span class=\"sow-field-container\">\n\t\t\t\t\t\t\t<input\n\t\t\ttype=\"text\"\n\t\t\tname=\"indica-las-fechas-exactas-en-las-que-no-asisti-1705890558622c4bd492976133472962\"\n\t\t\tid=\"sow-contact-form-field-indica-las-fechas-exactas-en-las-que-no-asisti-1705890558622c4bd492976133472962\"\n\t\t\tvalue=\"\"\n\t\t\tclass=\"sow-text-field\"\t\t\t\t\t\t\t\t\/>\n\t\t\t\t\t\t<\/span>\n\t\t\t\t\t                <div class=\"sow-form-field-description\">\n\t\t\t\t\t\t \t                <\/div>\n\t\t\t\t\t\t\t\t<\/div>\n\t\t\t\t\t\t<div class=\"sow-form-field sow-form-field-text\">\n\t\t\t\t<label class=\"sow-form-field-label-above\" for=\"sow-contact-form-field-indica-el-motivo-de-la-ausencia-1705890558622c4bd492976133472962\">\n\t\t\t\t<strong>\n\t\t\t\t\tIndica el motivo de la ausencia\t\t\t\t\t\t\t\t\t\t\t<span class=\"sow-form-field-required\">*<\/span>\n\t\t\t\t\t\t\t\t\t<\/strong>\n\t\t\t<\/label>\n\t\t\t\t\t\t\t<span class=\"sow-field-container\">\n\t\t\t\t\t\t\t<input\n\t\t\ttype=\"text\"\n\t\t\tname=\"indica-el-motivo-de-la-ausencia-1705890558622c4bd492976133472962\"\n\t\t\tid=\"sow-contact-form-field-indica-el-motivo-de-la-ausencia-1705890558622c4bd492976133472962\"\n\t\t\tvalue=\"\"\n\t\t\tclass=\"sow-text-field\"\t\t\t\t\t\t\t\t\/>\n\t\t\t\t\t\t<\/span>\n\t\t\t\t\t\t\t<\/div>\n\t\t\t\n\t\t\n\t\t<div class=\"sow-submit-wrapper sow-submit-styled\">\n\n\t\t\t<!----------- EducaMadrid captcha------------------------->\n\n                        <!----------- Educa Madrid FIN captcha------------------------->\n\n\t\t\t<button class=\"sow-submit\"\n\t\t\t\t\t\t\t>\n\t\t\t\tEnviar\t\t\t<\/button>\n\t\t<\/div>\n\t\t<input type=\"hidden\" name=\"instance_hash\" value=\"7b33355e0d4774bf07f28e367fb4e5ce\" \/>\n\t\t<input type=\"hidden\" id=\"_wpnonce\" name=\"_wpnonce\" value=\"ae9ee7f202\" \/><input type=\"hidden\" name=\"_wp_http_referer\" value=\"\/cp.pedrobrimonis.humanes\/index.php\/wp-json\/wp\/v2\/pages\/243\" \/>\t<\/form>\n\t<\/div><\/div>\n<\/div>\n","protected":false},"excerpt":{"rendered":"<p>Comedor escolar El comedor escolar es un servicio complementario de car\u00e1cter educativo que presta la Administraci\u00f3n educativa y que contribuye a una mejora de la calidad de la ense\u00f1anza. Adem\u00e1s &#8230;<\/p>\n","protected":false},"author":5,"featured_media":0,"parent":130,"menu_order":12,"comment_status":"closed","ping_status":"closed","template":"template-fullwidth.php","meta":{"footnotes":""},"folder":[],"class_list":["post-243","page","type-page","status-publish","hentry"],"rttpg_featured_image_url":null,"rttpg_author":{"display_name":"Eduardo Delgado Bernal","author_link":"https:\/\/site.educa.madrid.org\/cp.pedrobrimonis.humanes\/index.php\/author\/eduardo_delgado-bernal\/"},"rttpg_comment":0,"rttpg_category":false,"rttpg_excerpt":"Comedor escolar El comedor escolar es un servicio complementario de car\u00e1cter educativo que presta la Administraci\u00f3n educativa y que contribuye a una mejora de la calidad de la ense\u00f1anza. Adem\u00e1s ...","post_mailing_queue_ids":[],"_links":{"self":[{"href":"https:\/\/site.educa.madrid.org\/cp.pedrobrimonis.humanes\/index.php\/wp-json\/wp\/v2\/pages\/243","targetHints":{"allow":["GET"]}}],"collection":[{"href":"https:\/\/site.educa.madrid.org\/cp.pedrobrimonis.humanes\/index.php\/wp-json\/wp\/v2\/pages"}],"about":[{"href":"https:\/\/site.educa.madrid.org\/cp.pedrobrimonis.humanes\/index.php\/wp-json\/wp\/v2\/types\/page"}],"author":[{"embeddable":true,"href":"https:\/\/site.educa.madrid.org\/cp.pedrobrimonis.humanes\/index.php\/wp-json\/wp\/v2\/users\/5"}],"replies":[{"embeddable":true,"href":"https:\/\/site.educa.madrid.org\/cp.pedrobrimonis.humanes\/index.php\/wp-json\/wp\/v2\/comments?post=243"}],"version-history":[{"count":50,"href":"https:\/\/site.educa.madrid.org\/cp.pedrobrimonis.humanes\/index.php\/wp-json\/wp\/v2\/pages\/243\/revisions"}],"predecessor-version":[{"id":5240,"href":"https:\/\/site.educa.madrid.org\/cp.pedrobrimonis.humanes\/index.php\/wp-json\/wp\/v2\/pages\/243\/revisions\/5240"}],"up":[{"embeddable":true,"href":"https:\/\/site.educa.madrid.org\/cp.pedrobrimonis.humanes\/index.php\/wp-json\/wp\/v2\/pages\/130"}],"wp:attachment":[{"href":"https:\/\/site.educa.madrid.org\/cp.pedrobrimonis.humanes\/index.php\/wp-json\/wp\/v2\/media?parent=243"}],"wp:term":[{"taxonomy":"folder","embeddable":true,"href":"https:\/\/site.educa.madrid.org\/cp.pedrobrimonis.humanes\/index.php\/wp-json\/wp\/v2\/folder?post=243"}],"curies":[{"name":"wp","href":"https:\/\/api.w.org\/{rel}","templated":true}]}}