{"id":1460,"date":"2024-01-12T08:14:13","date_gmt":"2024-01-12T07:14:13","guid":{"rendered":"https:\/\/site.educa.madrid.org\/cp.pedroduque.madrid\/?page_id=1460"},"modified":"2026-03-09T22:11:03","modified_gmt":"2026-03-09T21:11:03","slug":"informacion-a-las-familias","status":"publish","type":"page","link":"https:\/\/site.educa.madrid.org\/cp.pedroduque.madrid\/index.php\/informacion-a-las-familias\/","title":{"rendered":"INFORMACI\u00d3N A LAS FAMILIAS"},"content":{"rendered":"\n<p>En cumplimiento de lo establecido en la Ley 1\/2022 de 10 de Febrero de, Maestra de Libertad Educativa de la Comunidad de Madrid y la Resoluci\u00f3n del 4 de diciembre de 2023, en este apartado se recoge la informaci\u00f3n a las familias que debe contener la p\u00e1gina web del centro. <\/p>\n\n\n\n<ul class=\"wp-block-list\">\n<li><a rel=\"noreferrer noopener\" href=\"https:\/\/site.educa.madrid.org\/cp.pedroduque.madrid\/index.php\/portada\/quienes-somos\/\" data-type=\"URL\" data-id=\"https:\/\/site.educa.madrid.org\/cp.pedroduque.madrid\/index.php\/portada\/quienes-somos\/\" target=\"_blank\">Quienes somos: Oferta educativa: ense\u00f1anzas, etapas y niveles.<\/a><\/li>\n\n\n\n<li><a rel=\"noreferrer noopener\" href=\"https:\/\/site.educa.madrid.org\/cp.pedroduque.madrid\/index.php\/portada\/documentos-del-centro\/\" data-type=\"URL\" data-id=\"https:\/\/site.educa.madrid.org\/cp.pedroduque.madrid\/index.php\/portada\/documentos-del-centro\/\" target=\"_blank\">L\u00edneas b\u00e1sicas del Proyecto Educativo, normas organizaci\u00f3n y funcionamiento<\/a>.<\/li>\n\n\n\n<li><a rel=\"noreferrer noopener\" href=\"https:\/\/site.educa.madrid.org\/cp.pedroduque.madrid\/index.php\/proyectos\/\" data-type=\"URL\" data-id=\"https:\/\/site.educa.madrid.org\/cp.pedroduque.madrid\/index.php\/proyectos\/\" target=\"_blank\">Programas y proyectos educativos que se desarrollan en el centro<\/a><\/li>\n\n\n\n<li><a href=\"https:\/\/site.educa.madrid.org\/cp.pedroduque.madrid\/index.php\/ser\/actividades-complementarias\/\" data-type=\"URL\" data-id=\"https:\/\/site.educa.madrid.org\/cp.pedroduque.madrid\/index.php\/ser\/actividades-complementarias\/\" target=\"_blank\" rel=\"noreferrer noopener\">Actividades Complementarias dentro del horario escolar.<\/a> <\/li>\n\n\n\n<li><a href=\"https:\/\/site.educa.madrid.org\/cp.pedroduque.madrid\/index.php\/ser\/\" data-type=\"URL\" data-id=\"https:\/\/site.educa.madrid.org\/cp.pedroduque.madrid\/index.php\/ser\/\" target=\"_blank\" rel=\"noreferrer noopener\">Servicios que prestan: Comedor, primeros del cole y extraescolares.<\/a><\/li>\n\n\n\n<li><a rel=\"noreferrer noopener\" href=\"https:\/\/site.educa.madrid.org\/cp.pedroduque.madrid\/index.php\/horarios\/\" data-type=\"URL\" data-id=\"https:\/\/site.educa.madrid.org\/cp.pedroduque.madrid\/index.php\/horarios\/\" target=\"_blank\">Horario, tel\u00e9fonos y correos de contacto del Equipo Directivo.<\/a><\/li>\n\n\n\n<li><a href=\"https:\/\/site.educa.madrid.org\/cp.pedroduque.madrid\/\/wp-content\/uploads\/cp.pedroduque.madrid\/2026\/03\/Resultados-2024-25-web.pdf\" data-type=\"link\" data-id=\"https:\/\/site.educa.madrid.org\/cp.pedroduque.madrid\/\/wp-content\/uploads\/cp.pedroduque.madrid\/2025\/03\/Resultados-2023-24-PAG-WEB.pdf\" target=\"_blank\" rel=\"noreferrer noopener\">Resultado de las pruebas de evaluaci\u00f3n externas de la Comunidad de Madrid<\/a>.<\/li>\n<\/ul>\n\n\n\n<p>Toda la informaci\u00f3n relativa al proceso de admisi\u00f3n del curso 2026\/27 la pueden encontrar en el siguiente enlace: <a href=\"https:\/\/site.educa.madrid.org\/cp.pedroduque.madrid\/index.php\/secretaria\/admision\/\" data-type=\"URL\" data-id=\"https:\/\/site.educa.madrid.org\/cp.pedroduque.madrid\/index.php\/secretaria\/admision\/\" target=\"_blank\" rel=\"noreferrer noopener\">ADMISI\u00d3N 2026\/2027<\/a><\/p>\n\n\n\n<p>Otras informaciones relevantes:<\/p>\n\n\n\n<ul class=\"wp-block-list\">\n<li>Colegio <strong>CEIPSO Pedro Duque<\/strong> adscripci\u00f3n directa al CEIPSO Pedro Duque y al Instituto de Adscripci\u00f3n M\u00faltiple IES Villablanca<\/li>\n\n\n\n<li><strong>Ubicaci\u00f3n del SAE asignado<\/strong>: \n<ul class=\"wp-block-list\">\n<li class=\"has-black-color has-text-color has-link-color wp-elements-c06d9df7df877f432c65c518b8f3a006\">SAE Madrid-Capital (escolarizaci\u00f3n ordinaria y NEE)<br>Calle Vitruvio n\u00ba 2<br>28006 Madrid 3\u00aa Planta<\/li>\n<\/ul>\n<\/li>\n<\/ul>\n\n\n\n<p><\/p>\n","protected":false},"excerpt":{"rendered":"<p>En cumplimiento de lo establecido en la Ley 1\/2022 de 10 de Febrero de, Maestra de Libertad Educativa de la Comunidad de Madrid y la Resoluci\u00f3n del 4 de diciembre de 2023, en este apartado se recoge la informaci\u00f3n a las familias que debe contener la p\u00e1gina web del centro. Toda la informaci\u00f3n relativa al [&hellip;]<\/p>\n","protected":false},"author":2,"featured_media":0,"parent":0,"menu_order":0,"comment_status":"closed","ping_status":"closed","template":"","meta":{"footnotes":""},"folder":[],"class_list":["post-1460","page","type-page","status-publish","hentry"],"rttpg_featured_image_url":null,"rttpg_author":{"display_name":"tic.cp.pedroduque.madrid","author_link":"https:\/\/site.educa.madrid.org\/cp.pedroduque.madrid\/index.php\/author\/cuenta_tic-cp-pedroduque-madrid\/"},"rttpg_comment":0,"rttpg_category":false,"rttpg_excerpt":"En cumplimiento de lo establecido en la Ley 1\/2022 de 10 de Febrero de, Maestra de Libertad Educativa de la Comunidad de Madrid y la Resoluci\u00f3n del 4 de diciembre de 2023, en este apartado se recoge la informaci\u00f3n a las familias que debe contener la p\u00e1gina web del centro. Toda la informaci\u00f3n relativa al&hellip;","post_mailing_queue_ids":[],"_links":{"self":[{"href":"https:\/\/site.educa.madrid.org\/cp.pedroduque.madrid\/index.php\/wp-json\/wp\/v2\/pages\/1460","targetHints":{"allow":["GET"]}}],"collection":[{"href":"https:\/\/site.educa.madrid.org\/cp.pedroduque.madrid\/index.php\/wp-json\/wp\/v2\/pages"}],"about":[{"href":"https:\/\/site.educa.madrid.org\/cp.pedroduque.madrid\/index.php\/wp-json\/wp\/v2\/types\/page"}],"author":[{"embeddable":true,"href":"https:\/\/site.educa.madrid.org\/cp.pedroduque.madrid\/index.php\/wp-json\/wp\/v2\/users\/2"}],"replies":[{"embeddable":true,"href":"https:\/\/site.educa.madrid.org\/cp.pedroduque.madrid\/index.php\/wp-json\/wp\/v2\/comments?post=1460"}],"version-history":[{"count":24,"href":"https:\/\/site.educa.madrid.org\/cp.pedroduque.madrid\/index.php\/wp-json\/wp\/v2\/pages\/1460\/revisions"}],"predecessor-version":[{"id":2242,"href":"https:\/\/site.educa.madrid.org\/cp.pedroduque.madrid\/index.php\/wp-json\/wp\/v2\/pages\/1460\/revisions\/2242"}],"wp:attachment":[{"href":"https:\/\/site.educa.madrid.org\/cp.pedroduque.madrid\/index.php\/wp-json\/wp\/v2\/media?parent=1460"}],"wp:term":[{"taxonomy":"folder","embeddable":true,"href":"https:\/\/site.educa.madrid.org\/cp.pedroduque.madrid\/index.php\/wp-json\/wp\/v2\/folder?post=1460"}],"curies":[{"name":"wp","href":"https:\/\/api.w.org\/{rel}","templated":true}]}}