{"id":1833,"date":"2025-03-08T14:12:59","date_gmt":"2025-03-08T13:12:59","guid":{"rendered":"https:\/\/site.educa.madrid.org\/cp.pedroduque.madrid\/?page_id=1833"},"modified":"2025-03-11T16:18:57","modified_gmt":"2025-03-11T15:18:57","slug":"educacion-secundaria","status":"publish","type":"page","link":"https:\/\/site.educa.madrid.org\/cp.pedroduque.madrid\/index.php\/educacion-secundaria\/","title":{"rendered":"EDUCACI\u00d3N SECUNDARIA"},"content":{"rendered":"<p>En el centro a partir del pr\u00f3ximo curso escolar 2025\/2026 se empezar\u00e1 a impartir las ense\u00f1anzas de 1\u00ba de ESO, en el curso 2026\/2027 comenzar\u00e1n a impartirse las ense\u00f1anzas de 2\u00ba de ESO.<\/p>\n<p>El centro ser\u00e1 l\u00ednea 3 en 1\u00ba de ESO.<\/p>\n<p>Los alumnos del CEIPSO Pedro Duque tendr\u00e1n su plaza reservada para 3\u00ba de ESO en el instituto de referencia IES Villablanca.<\/p>\n<p>Las ense\u00f1anzas que se impartir\u00e1n en 1\u00ba de ESO ser\u00e1n las marcadas por la normativa<\/p>\n<p><span style=\"color: #0000ff;\">Materias de 1\u00ba<\/span><\/p>\n<table>\n<tbody>\n<tr>\n<td width=\"192\"><span style=\"color: #0000ff;\">Lengua Castellana y Literatura<\/span><\/td>\n<\/tr>\n<tr>\n<td width=\"192\"><span style=\"color: #0000ff;\">Lengua Extranjera<\/span><\/td>\n<\/tr>\n<tr>\n<td width=\"192\"><span style=\"color: #0000ff;\">Matem\u00e1ticas<\/span><\/td>\n<\/tr>\n<tr>\n<td width=\"192\"><span style=\"color: #0000ff;\">Geograf\u00eda e Historia<\/span><\/td>\n<\/tr>\n<tr>\n<td width=\"192\"><span style=\"color: #0000ff;\">Educaci\u00f3n F\u00edsica<\/span><\/td>\n<\/tr>\n<tr>\n<td width=\"192\"><span style=\"color: #0000ff;\">Biolog\u00eda y Geolog\u00eda<\/span><\/td>\n<\/tr>\n<tr>\n<td width=\"192\"><span style=\"color: #0000ff;\">Educaci\u00f3n Pl\u00e1stica, Visual y Audiovisual<\/span><\/td>\n<\/tr>\n<tr>\n<td width=\"192\"><span style=\"color: #0000ff;\">M\u00fasica<\/span><\/td>\n<\/tr>\n<tr>\n<td width=\"192\"><span style=\"color: #0000ff;\">Optativa (1)<\/span><\/td>\n<\/tr>\n<tr>\n<td width=\"192\"><span style=\"color: #0000ff;\">Tutor\u00eda<\/span><\/td>\n<\/tr>\n<\/tbody>\n<\/table>\n<p>Las ense\u00f1anzas que se impartir\u00e1n en 2\u00ba de ESO ser\u00e1n las marcadas por la normativa<\/p>\n<p><span style=\"color: #808080;\">Materias de 2\u00ba<\/span><\/p>\n<table>\n<tbody>\n<tr>\n<td width=\"192\"><span style=\"color: #808080;\">Lengua Castellana y Literatura<\/span><\/td>\n<\/tr>\n<tr>\n<td width=\"192\"><span style=\"color: #808080;\">Lengua Extranjera<\/span><\/td>\n<\/tr>\n<tr>\n<td width=\"192\"><span style=\"color: #808080;\">Matem\u00e1ticas<\/span><\/td>\n<\/tr>\n<tr>\n<td width=\"192\"><span style=\"color: #808080;\">Geograf\u00eda e Historia<\/span><\/td>\n<\/tr>\n<tr>\n<td width=\"192\"><span style=\"color: #808080;\">Educaci\u00f3n F\u00edsica<\/span><\/td>\n<\/tr>\n<tr>\n<td width=\"192\"><span style=\"color: #808080;\">F\u00edsica y Qu\u00edmica<\/span><\/td>\n<\/tr>\n<tr>\n<td width=\"192\"><span style=\"color: #808080;\">Tecnolog\u00eda y Digitalizaci\u00f3n<\/span><\/td>\n<\/tr>\n<tr>\n<td width=\"192\"><span style=\"color: #808080;\">Educaci\u00f3n Pl\u00e1stica, Visual y Audiovisual<\/span><\/td>\n<\/tr>\n<tr>\n<td width=\"192\"><span style=\"color: #808080;\">Educaci\u00f3n en Valores C\u00edvicos y \u00c9ticos<\/span><\/td>\n<\/tr>\n<tr>\n<td width=\"192\"><span style=\"color: #808080;\">Religi\u00f3n \/ Atenci\u00f3n educativa<\/span><\/td>\n<\/tr>\n<tr>\n<td width=\"192\"><span style=\"color: #808080;\">Optativa (1)<\/span><\/td>\n<\/tr>\n<tr>\n<td width=\"192\"><span style=\"color: #808080;\">Tutor\u00eda<\/span><\/td>\n<\/tr>\n<\/tbody>\n<\/table>\n<p>Las materias optativas que impartir\u00e1 el centro no se han definido a\u00fan.<\/p>\n<p>Al ser un centro biling\u00fce Educaci\u00f3n Infantil Educaci\u00f3n Primaria, Educaci\u00f3n Secundaria tambi\u00e9n ser\u00e1 biling\u00fce, ofreciendo las dos modalidades de biling\u00fcismo.<\/p>\n<div id=\"programa-bilingue-espanol-ingles\" class=\"ds-1col entity entity-paragraphs-item paragraphs-item-column 12-columns anchor_link no_title col-md-12 view-mode-full clearfix\">\n<div id=\"column\" class=\"group-paragraph field-group-div\">\n<div class=\"paragraphs-items paragraphs-items-field-subparagraphs paragraphs-items-field-subparagraphs-full paragraphs-items-full\">\n<div class=\"field field-name-field-subparagraphs field-type-paragraphs field-label-hidden\">\n<div class=\"field-items\">\n<div class=\"field-item odd\">\n<div id=\"paragraph-item-id-293381\" class=\"ds-1col entity entity-paragraphs-item paragraphs-item-drop-down-list view-mode-tabs clearfix\">\n<div class=\"paragraphs-items paragraphs-items-field-subparagraphs paragraphs-items-field-subparagraphs-tabs paragraphs-items-tabs horizontal-tabs-processed\">\n<div class=\"tabbable horizontal-tabs clearfix bootstrap-tabs-processed\">\n<div class=\"horizontal-tabs-panes\">\n<div id=\"panel-293380\" class=\"panel panel-default form-wrapper horizontal-tabs-pane\" tabindex=\"0\" role=\"tabpanel\" aria-labelledby=\"tab-293380\">\n<div id=\"edit-group-paragraph-tab-1-293380-body\" class=\"panel-body panel-collapse collapse fade in\">\n<div id=\"paragraph-item-id-293380\" class=\"ds-1col entity entity-paragraphs-item paragraphs-item-title-text view-mode-tabs clearfix\">\n<div class=\"field field-name-field-description field-type-text-long field-label-hidden\">\n<div class=\"field-items\">\n<div class=\"field-item even\">\n<table border=\"10\" summary=\"rganizaci\u00f3n de las ense\u00f1anzas en la V\u00eda Programa Biling\u00fce y en la V\u00eda Secci\u00f3n Biling\u00fce.\" width=\"630\" cellspacing=\"10\" cellpadding=\"10\" align=\"center\">\n<caption>\n<h3 class=\"rtecenter\"><strong>Organizaci\u00f3n ense\u00f1anza biling\u00fce<\/strong><\/h3>\n<\/caption>\n<tbody>\n<tr>\n<td><strong>Organizaci\u00f3n de las ense\u00f1anzas en la V\u00eda Programa Biling\u00fce<\/strong><\/td>\n<td><strong>Organizaci\u00f3n de las ense\u00f1anzas en la V\u00eda Secci\u00f3n Biling\u00fce<\/strong><\/td>\n<\/tr>\n<tr>\n<td>1. La materia Primera Lengua Extranjera: Ingl\u00e9s se imparte los cinco d\u00edas lectivos de la semana, a raz\u00f3n de una hora diaria.<\/p>\n<p>2. Ense\u00f1anzas de otras materias en ingl\u00e9s. En 1\u00ba y 2\u00ba se imparte en ingl\u00e9s, al menos, una materia, a excepci\u00f3n de las siguientes: Matem\u00e1ticas, Lengua Castellana y Literatura, Lat\u00edn, Segunda Lengua Extranjera, Recuperaci\u00f3n de Lengua, Recuperaci\u00f3n de Matem\u00e1ticas y Ampliaci\u00f3n de Matem\u00e1ticas: Resoluci\u00f3n de Problemas<\/td>\n<td>La secci\u00f3n biling\u00fce acoge a los alumnos procedentes de colegios biling\u00fces cuyo nivel ling\u00fc\u00edstico garantiza el seguimiento de los contenidos que el Programa Biling\u00fce espa\u00f1ol-ingl\u00e9s establece para esta v\u00eda (como m\u00ednimo, ha de impartirse en lengua inglesa un tercio del curr\u00edculo)<\/p>\n<p>1. La materia Primera Lengua Extranjera: Ingl\u00e9s, cuyos contenidos se corresponden con los del curr\u00edculo de Ingl\u00e9s avanzado, se imparte los cinco d\u00edas lectivos de la semana, a raz\u00f3n de una hora diaria.<\/p>\n<p>2. Ense\u00f1anzas de otras materias en ingl\u00e9s: los alumnos que cursen ense\u00f1anzas en V\u00eda Secci\u00f3n Biling\u00fce podr\u00e1n cursar todas las materias en ingl\u00e9s, a excepci\u00f3n de Matem\u00e1ticas, Lengua Castellana y Literatura, Lat\u00edn, Segunda Lengua Extranjera, Recuperaci\u00f3n de Lengua, Recuperaci\u00f3n de Matem\u00e1ticas y Ampliaci\u00f3n de Matem\u00e1ticas: Resoluci\u00f3n de Problemas, siempre teniendo en cuenta que la ense\u00f1anza de las materias que se imparten en ingl\u00e9s junto con la de Primera Lengua Extranjera: Ingl\u00e9s, ocupan, al menos, un tercio del horario lectivo semanal.<\/td>\n<\/tr>\n<\/tbody>\n<\/table>\n<\/div>\n<\/div>\n<div class=\"field-items\">\n<div class=\"field-item even\">\n<p><sup>(1)<\/sup><cite>El funcionamiento de los institutos biling\u00fces de la Comunidad de Madrid viene regulado por la Orden 972\/2017, de 7 de abril, de la Consejer\u00eda de Educaci\u00f3n, Juventud y Deporte, por la que se regulan los institutos biling\u00fces espa\u00f1ol-ingl\u00e9s de la Comunidad de Madrid (<a href=\"https:\/\/www.google.com\/url?sa=t&amp;rct=j&amp;q=&amp;esrc=s&amp;source=web&amp;cd=&amp;cad=rja&amp;uact=8&amp;ved=2ahUKEwjt1Zz86-r0AhWImxQKHac1A2IQFnoECAIQAQ&amp;url=http%3A%2F%2Fw3.bocm.es%2Fboletin%2FCM_Orden_BOCM%2F2017%2F04%2F27%2FBOCM-20170427-11.PDF&amp;usg=AOvVaw26j2PnW-5quYPl3sNzJC9d\" target=\"_blank\" rel=\"noopener\"><em>enlace a la Orden 972\/2017<\/em><\/a>)<\/cite>.<\/p>\n<p>El horario est\u00e1 pendiente de asignaci\u00f3n<\/p>\n<\/div>\n<\/div>\n<\/div>\n<\/div>\n<\/div>\n<\/div>\n<\/div>\n<\/div>\n<\/div>\n<\/div>\n<\/div>\n<\/div>\n<\/div>\n<\/div>\n<\/div>\n<\/div>\n<div id=\"extension-programa-bilingue-espanol-ingles\" class=\"ds-1col entity entity-paragraphs-item paragraphs-item-column 12-columns anchor_link col-md-12 view-mode-full clearfix\">\n<div class=\"field field-name-field-paragraph-title field-type-text field-label-hidden\">\n<div class=\"field-items\">\n<p class=\"field-item even\">\n<\/div>\n<\/div>\n<\/div>\n","protected":false},"excerpt":{"rendered":"<p>En el centro a partir del pr\u00f3ximo curso escolar 2025\/2026 se empezar\u00e1 a impartir las ense\u00f1anzas de 1\u00ba de ESO, en el curso 2026\/2027 comenzar\u00e1n a impartirse las ense\u00f1anzas de 2\u00ba de ESO. El centro ser\u00e1 l\u00ednea 3 en 1\u00ba de ESO. Los alumnos del CEIPSO Pedro Duque tendr\u00e1n su plaza reservada para 3\u00ba de [&hellip;]<\/p>\n","protected":false},"author":2,"featured_media":0,"parent":0,"menu_order":0,"comment_status":"closed","ping_status":"closed","template":"","meta":{"footnotes":""},"folder":[50],"class_list":["post-1833","page","type-page","status-publish","hentry"],"rttpg_featured_image_url":null,"rttpg_author":{"display_name":"tic.cp.pedroduque.madrid","author_link":"https:\/\/site.educa.madrid.org\/cp.pedroduque.madrid\/index.php\/author\/cuenta_tic-cp-pedroduque-madrid\/"},"rttpg_comment":0,"rttpg_category":" <a href=\"https:\/\/site.educa.madrid.org\/cp.pedroduque.madrid\/?taxonomy=folder&#038;term=ensenanzas-1676996240\" rel=\"tag\">ENSE\u00d1ANZAS<\/a>","rttpg_excerpt":"En el centro a partir del pr\u00f3ximo curso escolar 2025\/2026 se empezar\u00e1 a impartir las ense\u00f1anzas de 1\u00ba de ESO, en el curso 2026\/2027 comenzar\u00e1n a impartirse las ense\u00f1anzas de 2\u00ba de ESO. El centro ser\u00e1 l\u00ednea 3 en 1\u00ba de ESO. Los alumnos del CEIPSO Pedro Duque tendr\u00e1n su plaza reservada para 3\u00ba de&hellip;","post_mailing_queue_ids":[],"_links":{"self":[{"href":"https:\/\/site.educa.madrid.org\/cp.pedroduque.madrid\/index.php\/wp-json\/wp\/v2\/pages\/1833","targetHints":{"allow":["GET"]}}],"collection":[{"href":"https:\/\/site.educa.madrid.org\/cp.pedroduque.madrid\/index.php\/wp-json\/wp\/v2\/pages"}],"about":[{"href":"https:\/\/site.educa.madrid.org\/cp.pedroduque.madrid\/index.php\/wp-json\/wp\/v2\/types\/page"}],"author":[{"embeddable":true,"href":"https:\/\/site.educa.madrid.org\/cp.pedroduque.madrid\/index.php\/wp-json\/wp\/v2\/users\/2"}],"replies":[{"embeddable":true,"href":"https:\/\/site.educa.madrid.org\/cp.pedroduque.madrid\/index.php\/wp-json\/wp\/v2\/comments?post=1833"}],"version-history":[{"count":5,"href":"https:\/\/site.educa.madrid.org\/cp.pedroduque.madrid\/index.php\/wp-json\/wp\/v2\/pages\/1833\/revisions"}],"predecessor-version":[{"id":1911,"href":"https:\/\/site.educa.madrid.org\/cp.pedroduque.madrid\/index.php\/wp-json\/wp\/v2\/pages\/1833\/revisions\/1911"}],"wp:attachment":[{"href":"https:\/\/site.educa.madrid.org\/cp.pedroduque.madrid\/index.php\/wp-json\/wp\/v2\/media?parent=1833"}],"wp:term":[{"taxonomy":"folder","embeddable":true,"href":"https:\/\/site.educa.madrid.org\/cp.pedroduque.madrid\/index.php\/wp-json\/wp\/v2\/folder?post=1833"}],"curies":[{"name":"wp","href":"https:\/\/api.w.org\/{rel}","templated":true}]}}