{"id":871,"date":"2023-02-21T17:23:59","date_gmt":"2023-02-21T16:23:59","guid":{"rendered":"https:\/\/site.educa.madrid.org\/cp.pedroduque.madrid\/?page_id=871"},"modified":"2025-03-08T20:41:45","modified_gmt":"2025-03-08T19:41:45","slug":"enlaces-de-interes","status":"publish","type":"page","link":"https:\/\/site.educa.madrid.org\/cp.pedroduque.madrid\/index.php\/familias\/enlaces-de-interes\/","title":{"rendered":"ENLACES DE INTER\u00c9S"},"content":{"rendered":"\n<p>En este apartado podr\u00e1s encontrar enlaces \u00fatiles y de inter\u00e9s.<\/p>\n\n\n\n<p><strong>Recursos legislativos.<\/strong><\/p>\n\n\n\n<ul class=\"wp-block-list\">\n<li><a data-original-attrs=\"{&quot;data-original-href&quot;:&quot;http:\/\/www.madrid.org\/dat_capital&quot;,&quot;target&quot;:&quot;_blank&quot;}\" href=\"https:\/\/www.educa2.madrid.org\/web\/direcciones-de-area\/dat-capital\"><b>D.A.T. Madrid-Capital<\/b><\/a><\/li>\n\n\n\n<li><a data-original-attrs=\"{&quot;data-original-href&quot;:&quot;http:\/\/www.madrid.org\/cs\/Satellite?c=CM_Agrupador_FP&amp;cid=1109266187254&amp;idConsejeria=1109266187254&amp;idListConsj=1109265444710&amp;language=es&amp;pagename=ComunidadMadrid%2FEstructura&quot;,&quot;target&quot;:&quot;_blank&quot;}\" href=\"https:\/\/www.comunidad.madrid\/centros\/consejeria-educacion-universidades-ciencia-portavocia\"><b>Consejer\u00eda de Educaci\u00f3n Universidades, Ciencia y Portavoc\u00eda de la Comunidad de Madrid<\/b><\/a><\/li>\n\n\n\n<li><b><a data-original-attrs=\"{&quot;data-original-href&quot;:&quot;https:\/\/mega.co.nz\/#!lEMXCSLI!zr7Dxeeh-wiCHS1Ql7a0flF2vvwqoo6iLxnQCw8pqiU&quot;,&quot;target&quot;:&quot;_blank&quot;}\" href=\"http:\/\/boe.es\/diario_boe\/txt.php?id=BOE-A-2020-17264\">LOMLOE<\/a><\/b><\/li>\n\n\n\n<li><b><a data-original-attrs=\"{&quot;data-original-href&quot;:&quot;http:\/\/www.madrid.org\/cs\/Satellite?c=CM_InfPractica_FA&amp;cid=1142329685640&amp;idConsejeria=1109266187254&amp;idListConsj=1109265444710&amp;idOrganismo=1142359974952&amp;language=es&amp;pagename=ComunidadMadrid%2FEstructura&quot;,&quot;target&quot;:&quot;_blank&quot;}\" href=\"https:\/\/www.comunidad.madrid\/servicios\/educacion\/disposiciones-vigentes-educacion-no-universitaria\">Normativa Reguladora de los Centros Docentes de Educaci\u00f3n Infantil y Primaria de la Comunidad de Madrid<\/a><\/b><\/li>\n<\/ul>\n\n\n\n<p><strong>Recursos educativos.<\/strong><\/p>\n\n\n\n<ul class=\"wp-block-list\">\n<li><a href=\"https:\/\/saposyprincesas.elmundo.es\">Revista \u00abSapos y Princesas\u00bb<\/a><\/li>\n\n\n\n<li><a href=\"https:\/\/es.educaplay.com\">Educaplay<\/a><\/li>\n\n\n\n<li><a href=\"https:\/\/es.liveworksheets.com\">Liveworksheets<\/a><\/li>\n\n\n\n<li><a href=\"https:\/\/www.youtube.com\/@HappyLearningEs\">YouTube &#8211; Happy Learning Espa\u00f1ol<\/a><\/li>\n\n\n\n<li><a href=\"https:\/\/museomadrid.com\/\" target=\"_blank\" rel=\"noopener\">Museos de Madrid<\/a><\/li>\n<\/ul>\n\n\n\n<div class=\"wp-block-cover aligncenter is-layout-flow wp-block-cover-is-layout-flow\"><span aria-hidden=\"true\" class=\"wp-block-cover__background has-background-dim\"><\/span><img loading=\"lazy\" decoding=\"async\" width=\"1024\" height=\"640\" class=\"wp-block-cover__image-background wp-image-1877\" alt=\"\" src=\"https:\/\/site.educa.madrid.org\/cp.pedroduque.madrid\/\/wp-content\/uploads\/cp.pedroduque.madrid\/2025\/03\/image-1024x640.png\" data-object-fit=\"cover\" srcset=\"https:\/\/site.educa.madrid.org\/cp.pedroduque.madrid\/\/wp-content\/uploads\/cp.pedroduque.madrid\/2025\/03\/image-1024x640.png 1024w, https:\/\/site.educa.madrid.org\/cp.pedroduque.madrid\/\/wp-content\/uploads\/cp.pedroduque.madrid\/2025\/03\/image-300x188.png 300w, https:\/\/site.educa.madrid.org\/cp.pedroduque.madrid\/\/wp-content\/uploads\/cp.pedroduque.madrid\/2025\/03\/image-768x480.png 768w, https:\/\/site.educa.madrid.org\/cp.pedroduque.madrid\/\/wp-content\/uploads\/cp.pedroduque.madrid\/2025\/03\/image.png 1080w\" sizes=\"auto, (max-width: 1024px) 100vw, 1024px\" \/><div class=\"wp-block-cover__inner-container\"><\/div><\/div>\n\n\n\n<p><a href=\"https:\/\/www.incibe.es\/aprendeciberseguridad\" data-type=\"link\" data-id=\"https:\/\/www.incibe.es\/aprendeciberseguridad\" target=\"_blank\" rel=\"noreferrer noopener\"> Incibe<\/a><\/p>\n\n\n\n<p><\/p>\n","protected":false},"excerpt":{"rendered":"<p>En este apartado podr\u00e1s encontrar enlaces \u00fatiles y de inter\u00e9s. Recursos legislativos. Recursos educativos. Incibe<\/p>\n","protected":false},"author":2,"featured_media":0,"parent":797,"menu_order":0,"comment_status":"closed","ping_status":"closed","template":"","meta":{"footnotes":""},"folder":[49],"class_list":["post-871","page","type-page","status-publish","hentry"],"rttpg_featured_image_url":null,"rttpg_author":{"display_name":"tic.cp.pedroduque.madrid","author_link":"https:\/\/site.educa.madrid.org\/cp.pedroduque.madrid\/index.php\/author\/cuenta_tic-cp-pedroduque-madrid\/"},"rttpg_comment":0,"rttpg_category":" <a href=\"https:\/\/site.educa.madrid.org\/cp.pedroduque.madrid\/?taxonomy=folder&#038;term=familias-1676996233\" rel=\"tag\">FAMILIAS<\/a>","rttpg_excerpt":"En este apartado podr\u00e1s encontrar enlaces \u00fatiles y de inter\u00e9s. Recursos legislativos. Recursos educativos. Incibe","post_mailing_queue_ids":[],"_links":{"self":[{"href":"https:\/\/site.educa.madrid.org\/cp.pedroduque.madrid\/index.php\/wp-json\/wp\/v2\/pages\/871","targetHints":{"allow":["GET"]}}],"collection":[{"href":"https:\/\/site.educa.madrid.org\/cp.pedroduque.madrid\/index.php\/wp-json\/wp\/v2\/pages"}],"about":[{"href":"https:\/\/site.educa.madrid.org\/cp.pedroduque.madrid\/index.php\/wp-json\/wp\/v2\/types\/page"}],"author":[{"embeddable":true,"href":"https:\/\/site.educa.madrid.org\/cp.pedroduque.madrid\/index.php\/wp-json\/wp\/v2\/users\/2"}],"replies":[{"embeddable":true,"href":"https:\/\/site.educa.madrid.org\/cp.pedroduque.madrid\/index.php\/wp-json\/wp\/v2\/comments?post=871"}],"version-history":[{"count":4,"href":"https:\/\/site.educa.madrid.org\/cp.pedroduque.madrid\/index.php\/wp-json\/wp\/v2\/pages\/871\/revisions"}],"predecessor-version":[{"id":1878,"href":"https:\/\/site.educa.madrid.org\/cp.pedroduque.madrid\/index.php\/wp-json\/wp\/v2\/pages\/871\/revisions\/1878"}],"up":[{"embeddable":true,"href":"https:\/\/site.educa.madrid.org\/cp.pedroduque.madrid\/index.php\/wp-json\/wp\/v2\/pages\/797"}],"wp:attachment":[{"href":"https:\/\/site.educa.madrid.org\/cp.pedroduque.madrid\/index.php\/wp-json\/wp\/v2\/media?parent=871"}],"wp:term":[{"taxonomy":"folder","embeddable":true,"href":"https:\/\/site.educa.madrid.org\/cp.pedroduque.madrid\/index.php\/wp-json\/wp\/v2\/folder?post=871"}],"curies":[{"name":"wp","href":"https:\/\/api.w.org\/{rel}","templated":true}]}}