{"id":3875,"date":"2022-11-08T14:01:34","date_gmt":"2022-11-08T13:01:34","guid":{"rendered":"https:\/\/site.educa.madrid.org\/cp.perezgaldos.mostoles\/?page_id=3875"},"modified":"2026-04-30T13:49:14","modified_gmt":"2026-04-30T11:49:14","slug":"secretaria","status":"publish","type":"page","link":"https:\/\/site.educa.madrid.org\/cp.perezgaldos.mostoles\/index.php\/secretaria\/","title":{"rendered":"Secretar\u00eda"},"content":{"rendered":"\n<div class=\"wp-block-columns is-layout-flex wp-container-core-columns-is-layout-9d6595d7 wp-block-columns-is-layout-flex\">\n<div class=\"wp-block-column is-layout-flow wp-block-column-is-layout-flow\">\n<h2 class=\"wp-block-heading\"><strong><mark style=\"background-color:rgba(0, 0, 0, 0);color:#3b5b8a\" class=\"has-inline-color\">ATENCI\u00d3N AL P\u00daBLICO<\/mark><\/strong><\/h2>\n\n\n\n<p><\/p>\n\n\n<div class=\"wp-block-image\">\n<figure class=\"alignright size-full is-resized\"><img loading=\"lazy\" decoding=\"async\" width=\"1310\" height=\"997\" src=\"https:\/\/site.educa.madrid.org\/cp.perezgaldos.mostoles\/\/wp-content\/uploads\/cp.perezgaldos.mostoles\/2026\/04\/unnamed.jpg\" alt=\"\" class=\"wp-image-5706\" style=\"aspect-ratio:1.313997609023338;width:347px;height:auto\" srcset=\"https:\/\/site.educa.madrid.org\/cp.perezgaldos.mostoles\/\/wp-content\/uploads\/cp.perezgaldos.mostoles\/2026\/04\/unnamed.jpg 1310w, https:\/\/site.educa.madrid.org\/cp.perezgaldos.mostoles\/\/wp-content\/uploads\/cp.perezgaldos.mostoles\/2026\/04\/unnamed-300x228.jpg 300w, https:\/\/site.educa.madrid.org\/cp.perezgaldos.mostoles\/\/wp-content\/uploads\/cp.perezgaldos.mostoles\/2026\/04\/unnamed-1024x779.jpg 1024w, https:\/\/site.educa.madrid.org\/cp.perezgaldos.mostoles\/\/wp-content\/uploads\/cp.perezgaldos.mostoles\/2026\/04\/unnamed-768x585.jpg 768w\" sizes=\"auto, (max-width: 1310px) 100vw, 1310px\" \/><\/figure>\n<\/div>\n\n\n<p><strong><mark style=\"background-color:rgba(0, 0, 0, 0);color:#f18b2f\" class=\"has-inline-color\">SECRETAR\u00cdA<\/mark><\/strong><\/p>\n\n\n\n<p><mark style=\"background-color:rgba(0, 0, 0, 0)\" class=\"has-inline-color has-black-color\">Octubre &#8211; Mayo:&nbsp; 9:10 a 10:00&nbsp; y 12:30 a 14:10<\/mark><\/p>\n\n\n\n<p><mark style=\"background-color:rgba(0, 0, 0, 0)\" class=\"has-inline-color has-black-color\">Septiembre y Junio: 9:10 a 9:45 y 11:45 a 13:10<\/mark><\/p>\n\n\n\n<p><strong><mark font-size=\"15px\" style=\"background-color:rgba(0, 0, 0, 0);color:#f18b2f\" class=\"has-inline-color\">CONTACTA CON SECRETAR\u00cdA<\/mark><\/strong><\/p>\n\n\n\n<p><span style=\"color: #3b5b8a; font-family: 'Open Sans', Arial, sans-serif; font-size: 15px;\"><strong>Tfno. 91 647 46 67<\/strong><\/span><\/p>\n\n\n\n<p><a style=\"color: #3b5b8a; text-decoration: none; font-family: 'Open Sans', Arial, sans-serif; font-size: 15px;\" href=\"mailto:secretaria.cp.perezgaldos.mostoles@educa.madrid.org\"><strong>secretaria.cp.perezgaldos.mostoles@educa.madrid.org<\/strong><\/a><\/p>\n\n\n\n<p><strong><mark style=\"background-color:rgba(0, 0, 0, 0);color:#f18b2f\" class=\"has-inline-color\">DIRECCI\u00d3N Y JEFATURA DE ESTUDIOS<\/mark><\/strong><\/p>\n\n\n\n<p><mark style=\"background-color:rgba(0, 0, 0, 0)\" class=\"has-inline-color has-black-color\">Octubre &#8211; Mayo:&nbsp;martes 11:00 a 11:45&nbsp; jueves 9:30 a 10:30<\/mark><\/p>\n\n\n\n<p><mark style=\"background-color:rgba(0, 0, 0, 0)\" class=\"has-inline-color has-black-color\">Septiembre y Junio: martes10:30 a 11:15 &#8211; jueves 9:45 a 10:30<\/mark><\/p>\n\n\n\n<p><mark style=\"background-color:rgba(0, 0, 0, 0)\" class=\"has-inline-color has-black-color\">Se debe solicitar cita en los siguientes correos:<\/mark><\/p>\n\n\n\n<p><a style=\"color: #3b5b8a; text-decoration: none; font-family: 'Open Sans', Arial, sans-serif; font-size: 15px;\" href=\"mailto:jestudios.cp.perezgaldos.mostoles@educa.madrid.org\"> <strong>jestudios.cp.perezgaldos.mostoles@educa.madrid.org<\/strong><\/a><\/p>\n\n\n\n<p><a style=\"color: #3b5b8a; text-decoration: none; font-family: 'Open Sans', Arial, sans-serif; font-size: 15px;\" href=\"mailto:cp.perezgaldos.mostoles@educa.madrid.org\"><strong>cp.perezgaldos.mostoles@educa.madrid.org<\/strong><\/a><\/p>\n\n\n\n<p><\/p>\n\n\n\n<p><mark style=\"background-color:rgba(0, 0, 0, 0)\" class=\"has-inline-color has-black-color\"><strong>Con el fin de agilizar los tr\u00e1mites pueden solicitar justificante de asistencia a reuniones a trav\u00e9s del correo electr\u00f3nico en el mismo d\u00eda o anteriores y pasar a recogerlo por secretar\u00eda antes de asistir a su reuni\u00f3n.<\/strong><\/mark><a style=\"color: #3b5b8a; text-decoration: none; font-family: 'Open Sans', Arial, sans-serif; font-size: 15px;\" href=\"mailto:cp.perezgaldos.mostoles@educa.madrid.org\"><br><\/a><\/p>\n<\/div>\n<\/div>\n\n\n\n<p><\/p>\n\n\n<div class=\"wp-block-image\">\n<figure class=\"alignright size-full is-resized\"><img loading=\"lazy\" decoding=\"async\" width=\"404\" height=\"205\" src=\"https:\/\/site.educa.madrid.org\/cp.perezgaldos.mostoles\/\/wp-content\/uploads\/cp.perezgaldos.mostoles\/2026\/03\/Captura-de-pantalla-2026-03-25-104407-1.png\" alt=\"\" class=\"wp-image-5581\" style=\"width:90px;height:auto\" srcset=\"https:\/\/site.educa.madrid.org\/cp.perezgaldos.mostoles\/\/wp-content\/uploads\/cp.perezgaldos.mostoles\/2026\/03\/Captura-de-pantalla-2026-03-25-104407-1.png 404w, https:\/\/site.educa.madrid.org\/cp.perezgaldos.mostoles\/\/wp-content\/uploads\/cp.perezgaldos.mostoles\/2026\/03\/Captura-de-pantalla-2026-03-25-104407-1-300x152.png 300w\" sizes=\"auto, (max-width: 404px) 100vw, 404px\" \/><\/figure>\n<\/div>\n\n\n<p><\/p>\n","protected":false},"excerpt":{"rendered":"<p>ATENCI\u00d3N AL P\u00daBLICO SECRETAR\u00cdA Octubre &#8211; Mayo:&nbsp; 9:10 a 10:00&nbsp; y 12:30 a 14:10 Septiembre y Junio: 9:10 a 9:45 y 11:45 a 13:10 CONTACTA CON SECRETAR\u00cdA Tfno. 91 647 &#8230;<\/p>\n","protected":false},"author":3,"featured_media":0,"parent":0,"menu_order":0,"comment_status":"closed","ping_status":"closed","template":"","meta":{"footnotes":""},"folder":[],"class_list":["post-3875","page","type-page","status-publish","hentry"],"rttpg_featured_image_url":null,"rttpg_author":{"display_name":"cp.perezgaldos.mostoles","author_link":"https:\/\/site.educa.madrid.org\/cp.perezgaldos.mostoles\/index.php\/author\/cuenta_cp-perezgaldos-mostoles\/"},"rttpg_comment":0,"rttpg_category":false,"rttpg_excerpt":"ATENCI\u00d3N AL P\u00daBLICO SECRETAR\u00cdA Octubre &#8211; Mayo:&nbsp; 9:10 a 10:00&nbsp; y 12:30 a 14:10 Septiembre y Junio: 9:10 a 9:45 y 11:45 a 13:10 CONTACTA CON SECRETAR\u00cdA Tfno. 91 647 ...","post_mailing_queue_ids":[],"_links":{"self":[{"href":"https:\/\/site.educa.madrid.org\/cp.perezgaldos.mostoles\/index.php\/wp-json\/wp\/v2\/pages\/3875","targetHints":{"allow":["GET"]}}],"collection":[{"href":"https:\/\/site.educa.madrid.org\/cp.perezgaldos.mostoles\/index.php\/wp-json\/wp\/v2\/pages"}],"about":[{"href":"https:\/\/site.educa.madrid.org\/cp.perezgaldos.mostoles\/index.php\/wp-json\/wp\/v2\/types\/page"}],"author":[{"embeddable":true,"href":"https:\/\/site.educa.madrid.org\/cp.perezgaldos.mostoles\/index.php\/wp-json\/wp\/v2\/users\/3"}],"replies":[{"embeddable":true,"href":"https:\/\/site.educa.madrid.org\/cp.perezgaldos.mostoles\/index.php\/wp-json\/wp\/v2\/comments?post=3875"}],"version-history":[{"count":50,"href":"https:\/\/site.educa.madrid.org\/cp.perezgaldos.mostoles\/index.php\/wp-json\/wp\/v2\/pages\/3875\/revisions"}],"predecessor-version":[{"id":5888,"href":"https:\/\/site.educa.madrid.org\/cp.perezgaldos.mostoles\/index.php\/wp-json\/wp\/v2\/pages\/3875\/revisions\/5888"}],"wp:attachment":[{"href":"https:\/\/site.educa.madrid.org\/cp.perezgaldos.mostoles\/index.php\/wp-json\/wp\/v2\/media?parent=3875"}],"wp:term":[{"taxonomy":"folder","embeddable":true,"href":"https:\/\/site.educa.madrid.org\/cp.perezgaldos.mostoles\/index.php\/wp-json\/wp\/v2\/folder?post=3875"}],"curies":[{"name":"wp","href":"https:\/\/api.w.org\/{rel}","templated":true}]}}