{"id":4904,"date":"2025-05-21T11:01:13","date_gmt":"2025-05-21T09:01:13","guid":{"rendered":"https:\/\/site.educa.madrid.org\/cp.perezgaldos.mostoles\/?page_id=4904"},"modified":"2026-04-30T15:02:22","modified_gmt":"2026-04-30T13:02:22","slug":"novedades","status":"publish","type":"page","link":"https:\/\/site.educa.madrid.org\/cp.perezgaldos.mostoles\/index.php\/novedades\/","title":{"rendered":"Novedades"},"content":{"rendered":"<div class=\"wp-block-image\">\n<figure class=\"aligncenter size-large is-resized\"><img loading=\"lazy\" decoding=\"async\" width=\"1024\" height=\"244\" src=\"https:\/\/site.educa.madrid.org\/cp.perezgaldos.mostoles\/\/wp-content\/uploads\/cp.perezgaldos.mostoles\/2025\/05\/Informacion-Importante-1024x244.png\" alt=\"\" class=\"wp-image-4995\" style=\"width:744px;height:auto\" srcset=\"https:\/\/site.educa.madrid.org\/cp.perezgaldos.mostoles\/\/wp-content\/uploads\/cp.perezgaldos.mostoles\/2025\/05\/Informacion-Importante-1024x244.png 1024w, https:\/\/site.educa.madrid.org\/cp.perezgaldos.mostoles\/\/wp-content\/uploads\/cp.perezgaldos.mostoles\/2025\/05\/Informacion-Importante-300x71.png 300w, https:\/\/site.educa.madrid.org\/cp.perezgaldos.mostoles\/\/wp-content\/uploads\/cp.perezgaldos.mostoles\/2025\/05\/Informacion-Importante-768x183.png 768w, https:\/\/site.educa.madrid.org\/cp.perezgaldos.mostoles\/\/wp-content\/uploads\/cp.perezgaldos.mostoles\/2025\/05\/Informacion-Importante-1536x366.png 1536w, https:\/\/site.educa.madrid.org\/cp.perezgaldos.mostoles\/\/wp-content\/uploads\/cp.perezgaldos.mostoles\/2025\/05\/Informacion-Importante.png 1747w\" sizes=\"auto, (max-width: 1024px) 100vw, 1024px\" \/><\/figure>\n<\/div>\n\n<div class=\"wp-block-image\">\n<figure class=\"aligncenter size-large\"><a href=\"https:\/\/site.educa.madrid.org\/cp.perezgaldos.mostoles\/index.php\/2026\/02\/25\/carrera-de-la-paz\/\"><img loading=\"lazy\" decoding=\"async\" width=\"724\" height=\"1024\" src=\"https:\/\/site.educa.madrid.org\/cp.perezgaldos.mostoles\/\/wp-content\/uploads\/cp.perezgaldos.mostoles\/2026\/02\/PAZ-27-724x1024.jpg\" alt=\"\" class=\"wp-image-5353\" srcset=\"https:\/\/site.educa.madrid.org\/cp.perezgaldos.mostoles\/\/wp-content\/uploads\/cp.perezgaldos.mostoles\/2026\/02\/PAZ-27-724x1024.jpg 724w, https:\/\/site.educa.madrid.org\/cp.perezgaldos.mostoles\/\/wp-content\/uploads\/cp.perezgaldos.mostoles\/2026\/02\/PAZ-27-212x300.jpg 212w, https:\/\/site.educa.madrid.org\/cp.perezgaldos.mostoles\/\/wp-content\/uploads\/cp.perezgaldos.mostoles\/2026\/02\/PAZ-27-768x1086.jpg 768w, https:\/\/site.educa.madrid.org\/cp.perezgaldos.mostoles\/\/wp-content\/uploads\/cp.perezgaldos.mostoles\/2026\/02\/PAZ-27-1086x1536.jpg 1086w, https:\/\/site.educa.madrid.org\/cp.perezgaldos.mostoles\/\/wp-content\/uploads\/cp.perezgaldos.mostoles\/2026\/02\/PAZ-27.jpg 1131w\" sizes=\"auto, (max-width: 724px) 100vw, 724px\" \/><\/a><\/figure>\n<\/div>\n\n<div class=\"wp-block-image\">\n<figure class=\"aligncenter size-large\"><a href=\"https:\/\/forms.gle\/wFX3EfdBzuHVje5R7\"><img loading=\"lazy\" decoding=\"async\" width=\"724\" height=\"1024\" src=\"https:\/\/site.educa.madrid.org\/cp.perezgaldos.mostoles\/\/wp-content\/uploads\/cp.perezgaldos.mostoles\/2026\/01\/Copia-de-CEIP-Benito-Perez-Galdos-1-724x1024.jpg\" alt=\"\" class=\"wp-image-5265\" srcset=\"https:\/\/site.educa.madrid.org\/cp.perezgaldos.mostoles\/\/wp-content\/uploads\/cp.perezgaldos.mostoles\/2026\/01\/Copia-de-CEIP-Benito-Perez-Galdos-1-724x1024.jpg 724w, https:\/\/site.educa.madrid.org\/cp.perezgaldos.mostoles\/\/wp-content\/uploads\/cp.perezgaldos.mostoles\/2026\/01\/Copia-de-CEIP-Benito-Perez-Galdos-1-212x300.jpg 212w, https:\/\/site.educa.madrid.org\/cp.perezgaldos.mostoles\/\/wp-content\/uploads\/cp.perezgaldos.mostoles\/2026\/01\/Copia-de-CEIP-Benito-Perez-Galdos-1-768x1086.jpg 768w, https:\/\/site.educa.madrid.org\/cp.perezgaldos.mostoles\/\/wp-content\/uploads\/cp.perezgaldos.mostoles\/2026\/01\/Copia-de-CEIP-Benito-Perez-Galdos-1-1086x1536.jpg 1086w, https:\/\/site.educa.madrid.org\/cp.perezgaldos.mostoles\/\/wp-content\/uploads\/cp.perezgaldos.mostoles\/2026\/01\/Copia-de-CEIP-Benito-Perez-Galdos-1.jpg 1414w\" sizes=\"auto, (max-width: 724px) 100vw, 724px\" \/><\/a><\/figure>\n<\/div>\n\n<div class=\"wp-block-image\">\n<figure class=\"aligncenter size-large\"><img loading=\"lazy\" decoding=\"async\" width=\"724\" height=\"1024\" src=\"https:\/\/site.educa.madrid.org\/cp.perezgaldos.mostoles\/\/wp-content\/uploads\/cp.perezgaldos.mostoles\/2026\/02\/Cartel-fiesta-carnaval-ilustracion-juvenil-colorido-1-724x1024.jpg\" alt=\"\" class=\"wp-image-5307\" srcset=\"https:\/\/site.educa.madrid.org\/cp.perezgaldos.mostoles\/\/wp-content\/uploads\/cp.perezgaldos.mostoles\/2026\/02\/Cartel-fiesta-carnaval-ilustracion-juvenil-colorido-1-724x1024.jpg 724w, https:\/\/site.educa.madrid.org\/cp.perezgaldos.mostoles\/\/wp-content\/uploads\/cp.perezgaldos.mostoles\/2026\/02\/Cartel-fiesta-carnaval-ilustracion-juvenil-colorido-1-212x300.jpg 212w, https:\/\/site.educa.madrid.org\/cp.perezgaldos.mostoles\/\/wp-content\/uploads\/cp.perezgaldos.mostoles\/2026\/02\/Cartel-fiesta-carnaval-ilustracion-juvenil-colorido-1-768x1086.jpg 768w, https:\/\/site.educa.madrid.org\/cp.perezgaldos.mostoles\/\/wp-content\/uploads\/cp.perezgaldos.mostoles\/2026\/02\/Cartel-fiesta-carnaval-ilustracion-juvenil-colorido-1-1086x1536.jpg 1086w, https:\/\/site.educa.madrid.org\/cp.perezgaldos.mostoles\/\/wp-content\/uploads\/cp.perezgaldos.mostoles\/2026\/02\/Cartel-fiesta-carnaval-ilustracion-juvenil-colorido-1-1448x2048.jpg 1448w, https:\/\/site.educa.madrid.org\/cp.perezgaldos.mostoles\/\/wp-content\/uploads\/cp.perezgaldos.mostoles\/2026\/02\/Cartel-fiesta-carnaval-ilustracion-juvenil-colorido-1.jpg 1587w\" sizes=\"auto, (max-width: 724px) 100vw, 724px\" \/><\/figure>\n<\/div>\n\n<div class=\"wp-block-image aligncenter size-large\">\n<figure ><img loading=\"lazy\" decoding=\"async\" width=\"724\" height=\"1024\" src=\"https:\/\/site.educa.madrid.org\/cp.perezgaldos.mostoles\/\/wp-content\/uploads\/cp.perezgaldos.mostoles\/2026\/02\/HEMOS-RECAUDADO-102118-E-1-724x1024.jpg\" alt=\"\" class=\"wp-image-5305\" srcset=\"https:\/\/site.educa.madrid.org\/cp.perezgaldos.mostoles\/\/wp-content\/uploads\/cp.perezgaldos.mostoles\/2026\/02\/HEMOS-RECAUDADO-102118-E-1-724x1024.jpg 724w, https:\/\/site.educa.madrid.org\/cp.perezgaldos.mostoles\/\/wp-content\/uploads\/cp.perezgaldos.mostoles\/2026\/02\/HEMOS-RECAUDADO-102118-E-1-212x300.jpg 212w, https:\/\/site.educa.madrid.org\/cp.perezgaldos.mostoles\/\/wp-content\/uploads\/cp.perezgaldos.mostoles\/2026\/02\/HEMOS-RECAUDADO-102118-E-1-768x1087.jpg 768w, https:\/\/site.educa.madrid.org\/cp.perezgaldos.mostoles\/\/wp-content\/uploads\/cp.perezgaldos.mostoles\/2026\/02\/HEMOS-RECAUDADO-102118-E-1-1085x1536.jpg 1085w, https:\/\/site.educa.madrid.org\/cp.perezgaldos.mostoles\/\/wp-content\/uploads\/cp.perezgaldos.mostoles\/2026\/02\/HEMOS-RECAUDADO-102118-E-1.jpg 1447w\" sizes=\"auto, (max-width: 724px) 100vw, 724px\" \/><\/figure>\n<\/div>\n\n\n<figure class=\"wp-block-gallery has-nested-images columns-default is-cropped wp-block-gallery-1 is-layout-flex wp-block-gallery-is-layout-flex\">\n<figure class=\"wp-block-image size-large\"><img loading=\"lazy\" decoding=\"async\" width=\"2048\" height=\"1447\" data-id=\"5321\" src=\"https:\/\/site.educa.madrid.org\/cp.perezgaldos.mostoles\/\/wp-content\/uploads\/cp.perezgaldos.mostoles\/2026\/02\/HEMOS-RECAUDADO-102118-E-edited.jpg\" alt=\"\" class=\"wp-image-5321\" srcset=\"https:\/\/site.educa.madrid.org\/cp.perezgaldos.mostoles\/\/wp-content\/uploads\/cp.perezgaldos.mostoles\/2026\/02\/HEMOS-RECAUDADO-102118-E-edited.jpg 2048w, https:\/\/site.educa.madrid.org\/cp.perezgaldos.mostoles\/\/wp-content\/uploads\/cp.perezgaldos.mostoles\/2026\/02\/HEMOS-RECAUDADO-102118-E-edited-300x212.jpg 300w, https:\/\/site.educa.madrid.org\/cp.perezgaldos.mostoles\/\/wp-content\/uploads\/cp.perezgaldos.mostoles\/2026\/02\/HEMOS-RECAUDADO-102118-E-edited-1024x724.jpg 1024w, https:\/\/site.educa.madrid.org\/cp.perezgaldos.mostoles\/\/wp-content\/uploads\/cp.perezgaldos.mostoles\/2026\/02\/HEMOS-RECAUDADO-102118-E-edited-768x543.jpg 768w, https:\/\/site.educa.madrid.org\/cp.perezgaldos.mostoles\/\/wp-content\/uploads\/cp.perezgaldos.mostoles\/2026\/02\/HEMOS-RECAUDADO-102118-E-edited-1536x1085.jpg 1536w\" sizes=\"auto, (max-width: 2048px) 100vw, 2048px\" \/><\/figure>\n<\/figure>\n\n\n\n<p><\/p>\n\n\n\n<p><strong><a style=\"color: #f18b2f;\" href=\"https:\/\/site.educa.madrid.org\/cp.perezgaldos.mostoles\/wp-content\/uploads\/cp.perezgaldos.mostoles\/2025\/07\/LISTADO-DE-LIBROS-EP-CURSO-2025-26-compl.pdf\">LISTADO DE LIBROS EP CURSO 2025-26<\/a><\/strong><\/p>\n\n\n\n<p><strong><a href=\"https:\/\/sede.comunidad.madrid\/ayudas-becas-subvenciones\/becas-comedor-escolar-2026-2027\" style=\"color: #f18b2f;\">BECAS COMEDOR 26-27<\/a><\/strong><\/p>\n\n\n\n<p>Les informamos que se han convocado las becas de comedor para el curso 2025\/26.<\/p>\n\n\n\n<p>La administraci\u00f3n recomienda que todo el proceso se realice telem\u00e1ticamente en la p\u00e1gina de la Comunidad de Madrid.<\/p>\n\n\n\n<p><strong style=\"color: #f18b2f;\">DAR DE BAJA COMEDOR<\/strong><strong><br><\/strong>Ultimo d\u00eda para dar de baja el servicio de comedor en junio: 23 mayo<\/p>\n\n\n\n<p><strong style=\"color: #f18b2f;\">PLAZO SOLICITUD COMEDOR CURSO 26-27<br><\/strong>Comienza la solicitud de comedor para septiembre: 2 al 19 de junio<br><br><strong style=\"color: #f18b2f;\">ADMITIDOS PARA EL CURSO 26-27<br><\/strong>-Fecha de matriculaci\u00f3n de los admitidos en el proceso de admisi\u00f3n: 11 al 25 de junio<\/p>\n\n\n\n<p>-El d\u00eda 15 de septiembre la psic\u00f3loga del Ayuntamiento impartir\u00e1 una charla en el Centro dirigida a las familias de los alumnos de tres a\u00f1os.<\/p>\n\n\n\n<p>-Ayuda libros de texto y material did\u00e1ctico Educaci\u00f3n Infantil para alumnos en desventaja socioecon\u00f3mica para el curso 2025\/26 (fecha de entrega hasta el 26 de junio)<\/p>\n\n\n\n<p><strong><a href=\"https:\/\/site.educa.madrid.org\/cp.perezgaldos.mostoles\/wp-content\/uploads\/cp.perezgaldos.mostoles\/2025\/06\/solicitud-25-26.pdf\" style=\"color: #f18b2f;\">ENLACE A SOLICITUD<\/a> <\/strong><\/p>\n\n\n\n<p><\/p>\n","protected":false},"excerpt":{"rendered":"<p>LISTADO DE LIBROS EP CURSO 2025-26 BECAS COMEDOR 26-27 Les informamos que se han convocado las becas de comedor para el curso 2025\/26. La administraci\u00f3n recomienda que todo el proceso &#8230;<\/p>\n","protected":false},"author":3,"featured_media":0,"parent":0,"menu_order":0,"comment_status":"closed","ping_status":"closed","template":"","meta":{"footnotes":""},"folder":[],"class_list":["post-4904","page","type-page","status-publish","hentry"],"rttpg_featured_image_url":null,"rttpg_author":{"display_name":"cp.perezgaldos.mostoles","author_link":"https:\/\/site.educa.madrid.org\/cp.perezgaldos.mostoles\/index.php\/author\/cuenta_cp-perezgaldos-mostoles\/"},"rttpg_comment":0,"rttpg_category":false,"rttpg_excerpt":"LISTADO DE LIBROS EP CURSO 2025-26 BECAS COMEDOR 26-27 Les informamos que se han convocado las becas de comedor para el curso 2025\/26. La administraci\u00f3n recomienda que todo el proceso ...","post_mailing_queue_ids":[],"_links":{"self":[{"href":"https:\/\/site.educa.madrid.org\/cp.perezgaldos.mostoles\/index.php\/wp-json\/wp\/v2\/pages\/4904","targetHints":{"allow":["GET"]}}],"collection":[{"href":"https:\/\/site.educa.madrid.org\/cp.perezgaldos.mostoles\/index.php\/wp-json\/wp\/v2\/pages"}],"about":[{"href":"https:\/\/site.educa.madrid.org\/cp.perezgaldos.mostoles\/index.php\/wp-json\/wp\/v2\/types\/page"}],"author":[{"embeddable":true,"href":"https:\/\/site.educa.madrid.org\/cp.perezgaldos.mostoles\/index.php\/wp-json\/wp\/v2\/users\/3"}],"replies":[{"embeddable":true,"href":"https:\/\/site.educa.madrid.org\/cp.perezgaldos.mostoles\/index.php\/wp-json\/wp\/v2\/comments?post=4904"}],"version-history":[{"count":39,"href":"https:\/\/site.educa.madrid.org\/cp.perezgaldos.mostoles\/index.php\/wp-json\/wp\/v2\/pages\/4904\/revisions"}],"predecessor-version":[{"id":5899,"href":"https:\/\/site.educa.madrid.org\/cp.perezgaldos.mostoles\/index.php\/wp-json\/wp\/v2\/pages\/4904\/revisions\/5899"}],"wp:attachment":[{"href":"https:\/\/site.educa.madrid.org\/cp.perezgaldos.mostoles\/index.php\/wp-json\/wp\/v2\/media?parent=4904"}],"wp:term":[{"taxonomy":"folder","embeddable":true,"href":"https:\/\/site.educa.madrid.org\/cp.perezgaldos.mostoles\/index.php\/wp-json\/wp\/v2\/folder?post=4904"}],"curies":[{"name":"wp","href":"https:\/\/api.w.org\/{rel}","templated":true}]}}