{"id":1031,"date":"2025-02-08T12:58:26","date_gmt":"2025-02-08T11:58:26","guid":{"rendered":"https:\/\/site.educa.madrid.org\/cp.principesdeasturias.pozuelodealarcon\/?page_id=1031"},"modified":"2025-07-04T09:04:02","modified_gmt":"2025-07-04T07:04:02","slug":"calendarios","status":"publish","type":"page","link":"https:\/\/site.educa.madrid.org\/cp.principesdeasturias.pozuelodealarcon\/index.php\/calendarios\/","title":{"rendered":"CALENDARIO"},"content":{"rendered":"\n<figure class=\"wp-block-image size-large\"><img loading=\"lazy\" decoding=\"async\" width=\"1024\" height=\"341\" src=\"https:\/\/site.educa.madrid.org\/cp.principesdeasturias.pozuelodealarcon\/\/wp-content\/uploads\/cp.principesdeasturias.pozuelodealarcon\/2025\/07\/ENCABEZADO_-CALENDARIO-1024x341.png\" alt=\"\" class=\"wp-image-1840\" srcset=\"https:\/\/site.educa.madrid.org\/cp.principesdeasturias.pozuelodealarcon\/\/wp-content\/uploads\/cp.principesdeasturias.pozuelodealarcon\/2025\/07\/ENCABEZADO_-CALENDARIO-1024x341.png 1024w, https:\/\/site.educa.madrid.org\/cp.principesdeasturias.pozuelodealarcon\/\/wp-content\/uploads\/cp.principesdeasturias.pozuelodealarcon\/2025\/07\/ENCABEZADO_-CALENDARIO-300x100.png 300w, https:\/\/site.educa.madrid.org\/cp.principesdeasturias.pozuelodealarcon\/\/wp-content\/uploads\/cp.principesdeasturias.pozuelodealarcon\/2025\/07\/ENCABEZADO_-CALENDARIO-768x256.png 768w, https:\/\/site.educa.madrid.org\/cp.principesdeasturias.pozuelodealarcon\/\/wp-content\/uploads\/cp.principesdeasturias.pozuelodealarcon\/2025\/07\/ENCABEZADO_-CALENDARIO.png 1500w\" sizes=\"auto, (max-width: 1024px) 100vw, 1024px\" \/><\/figure>\n\n\n\n<hr class=\"wp-block-separator has-alpha-channel-opacity is-style-dots\"\/>\n\n\n\n<p>Consulta aqu\u00ed las fechas clave del curso acad\u00e9mico: inicio y fin de las clases, periodos vacacionales, d\u00edas festivos y otras jornadas no lectivas.<br>El calendario oficial es establecido por la <strong>Comunidad de Madrid<\/strong> y se actualiza cada curso escolar.<\/p>\n\n\n\n<p><a href=\"https:\/\/www.educa2.madrid.org\/web\/calendario-escolar-de-la-comunidad-de-madrid\/calendario-escolar-24-25\" data-type=\"link\" data-id=\"https:\/\/www.educa2.madrid.org\/web\/calendario-escolar-de-la-comunidad-de-madrid\/calendario-escolar-24-25\" target=\"_blank\" rel=\"noreferrer noopener\">Accede al CALENDARIO ESCOLAR 2025-2026<\/a><\/p>\n\n\n\n<hr class=\"wp-block-separator has-alpha-channel-opacity is-style-dots\"\/>\n\n\n\n<div data-wp-interactive=\"core\/file\" class=\"wp-block-file\"><object data-wp-bind--hidden=\"!state.hasPdfPreview\" hidden class=\"wp-block-file__embed\" data=\"https:\/\/site.educa.madrid.org\/cp.principesdeasturias.pozuelodealarcon\/\/wp-content\/uploads\/cp.principesdeasturias.pozuelodealarcon\/2025\/07\/Calendario_escolar_2025-2026.pdf\" type=\"application\/pdf\" style=\"width:100%;height:780px\" aria-label=\"Incrustado de Calendario_escolar_2025-2026.\"><\/object><a id=\"wp-block-file--media-95549b12-6cda-4ef4-a88d-47a0f168d7ec\" href=\"https:\/\/site.educa.madrid.org\/cp.principesdeasturias.pozuelodealarcon\/\/wp-content\/uploads\/cp.principesdeasturias.pozuelodealarcon\/2025\/07\/Calendario_escolar_2025-2026.pdf\">Calendario_escolar_2025-2026<\/a><a href=\"https:\/\/site.educa.madrid.org\/cp.principesdeasturias.pozuelodealarcon\/\/wp-content\/uploads\/cp.principesdeasturias.pozuelodealarcon\/2025\/07\/Calendario_escolar_2025-2026.pdf\" class=\"wp-block-file__button wp-element-button\" download aria-describedby=\"wp-block-file--media-95549b12-6cda-4ef4-a88d-47a0f168d7ec\">Descarga<\/a><\/div>\n","protected":false},"excerpt":{"rendered":"<p>Consulta aqu\u00ed las fechas clave del curso acad\u00e9mico: inicio y fin de las clases, periodos vacacionales, d\u00edas festivos y otras jornadas no lectivas.El calendario oficial es establecido por la Comunidad de Madrid y se actualiza cada curso escolar. Accede al CALENDARIO ESCOLAR 2025-2026<\/p>\n","protected":false},"author":2,"featured_media":0,"parent":0,"menu_order":0,"comment_status":"closed","ping_status":"closed","template":"","meta":{"footnotes":""},"folder":[],"class_list":["post-1031","page","type-page","status-publish","hentry"],"rttpg_featured_image_url":null,"rttpg_author":{"display_name":"tic.cp.principesdeasturias.pozuelodealarcon","author_link":"https:\/\/site.educa.madrid.org\/cp.principesdeasturias.pozuelodealarcon\/index.php\/author\/cuenta_tic-cp-principesdeasturias-pozuelodealarcon\/"},"rttpg_comment":0,"rttpg_category":false,"rttpg_excerpt":"Consulta aqu\u00ed las fechas clave del curso acad\u00e9mico: inicio y fin de las clases, periodos vacacionales, d\u00edas festivos y otras jornadas no lectivas.El calendario oficial es establecido por la Comunidad de Madrid y se actualiza cada curso escolar. Accede al CALENDARIO ESCOLAR 2025-2026","post_mailing_queue_ids":[],"_links":{"self":[{"href":"https:\/\/site.educa.madrid.org\/cp.principesdeasturias.pozuelodealarcon\/index.php\/wp-json\/wp\/v2\/pages\/1031","targetHints":{"allow":["GET"]}}],"collection":[{"href":"https:\/\/site.educa.madrid.org\/cp.principesdeasturias.pozuelodealarcon\/index.php\/wp-json\/wp\/v2\/pages"}],"about":[{"href":"https:\/\/site.educa.madrid.org\/cp.principesdeasturias.pozuelodealarcon\/index.php\/wp-json\/wp\/v2\/types\/page"}],"author":[{"embeddable":true,"href":"https:\/\/site.educa.madrid.org\/cp.principesdeasturias.pozuelodealarcon\/index.php\/wp-json\/wp\/v2\/users\/2"}],"replies":[{"embeddable":true,"href":"https:\/\/site.educa.madrid.org\/cp.principesdeasturias.pozuelodealarcon\/index.php\/wp-json\/wp\/v2\/comments?post=1031"}],"version-history":[{"count":8,"href":"https:\/\/site.educa.madrid.org\/cp.principesdeasturias.pozuelodealarcon\/index.php\/wp-json\/wp\/v2\/pages\/1031\/revisions"}],"predecessor-version":[{"id":1860,"href":"https:\/\/site.educa.madrid.org\/cp.principesdeasturias.pozuelodealarcon\/index.php\/wp-json\/wp\/v2\/pages\/1031\/revisions\/1860"}],"wp:attachment":[{"href":"https:\/\/site.educa.madrid.org\/cp.principesdeasturias.pozuelodealarcon\/index.php\/wp-json\/wp\/v2\/media?parent=1031"}],"wp:term":[{"taxonomy":"folder","embeddable":true,"href":"https:\/\/site.educa.madrid.org\/cp.principesdeasturias.pozuelodealarcon\/index.php\/wp-json\/wp\/v2\/folder?post=1031"}],"curies":[{"name":"wp","href":"https:\/\/api.w.org\/{rel}","templated":true}]}}

<figure class="wp-block-image size-large"><img loading="lazy" decoding="async" width="1024" height="341" src="https://site.educa.madrid.org/cp.principesdeasturias.pozuelodealarcon//wp-content/uploads/cp.principesdeasturias.pozuelodealarcon/2025/07/ENCABEZADO_-CALENDARIO-1024x341.png" alt="" class="wp-image-1840" srcset="https://site.educa.madrid.org/cp.principesdeasturias.pozuelodealarcon//wp-content/uploads/cp.principesdeasturias.pozuelodealarcon/2025/07/ENCABEZADO_-CALENDARIO-1024x341.png 1024w, https://site.educa.madrid.org/cp.principesdeasturias.pozuelodealarcon//wp-content/uploads/cp.principesdeasturias.pozuelodealarcon/2025/07/ENCABEZADO_-CALENDARIO-300x100.png 300w, https://site.educa.madrid.org/cp.principesdeasturias.pozuelodealarcon//wp-content/uploads/cp.principesdeasturias.pozuelodealarcon/2025/07/ENCABEZADO_-CALENDARIO-768x256.png 768w, https://site.educa.madrid.org/cp.principesdeasturias.pozuelodealarcon//wp-content/uploads/cp.principesdeasturias.pozuelodealarcon/2025/07/ENCABEZADO_-CALENDARIO.png 1500w" sizes="auto, (max-width: 1024px) 100vw, 1024px" /></figure>



<hr class="wp-block-separator has-alpha-channel-opacity is-style-dots"/>



<p>Consulta aquí las fechas clave del curso académico: inicio y fin de las clases, periodos vacacionales, días festivos y otras jornadas no lectivas.<br>El calendario oficial es establecido por la <strong>Comunidad de Madrid</strong> y se actualiza cada curso escolar.</p>



<p><a href="https://www.educa2.madrid.org/web/calendario-escolar-de-la-comunidad-de-madrid/calendario-escolar-24-25" data-type="link" data-id="https://www.educa2.madrid.org/web/calendario-escolar-de-la-comunidad-de-madrid/calendario-escolar-24-25" target="_blank" rel="noreferrer noopener">Accede al CALENDARIO ESCOLAR 2025-2026</a></p>



<hr class="wp-block-separator has-alpha-channel-opacity is-style-dots"/>



<div data-wp-interactive="core/file" class="wp-block-file"><object data-wp-bind--hidden="!state.hasPdfPreview" hidden class="wp-block-file__embed" data="https://site.educa.madrid.org/cp.principesdeasturias.pozuelodealarcon//wp-content/uploads/cp.principesdeasturias.pozuelodealarcon/2025/07/Calendario_escolar_2025-2026.pdf" type="application/pdf" style="width:100%;height:780px" aria-label="Incrustado de Calendario_escolar_2025-2026."></object><a id="wp-block-file--media-95549b12-6cda-4ef4-a88d-47a0f168d7ec" href="https://site.educa.madrid.org/cp.principesdeasturias.pozuelodealarcon//wp-content/uploads/cp.principesdeasturias.pozuelodealarcon/2025/07/Calendario_escolar_2025-2026.pdf">Calendario_escolar_2025-2026</a><a href="https://site.educa.madrid.org/cp.principesdeasturias.pozuelodealarcon//wp-content/uploads/cp.principesdeasturias.pozuelodealarcon/2025/07/Calendario_escolar_2025-2026.pdf" class="wp-block-file__button wp-element-button" download aria-describedby="wp-block-file--media-95549b12-6cda-4ef4-a88d-47a0f168d7ec">Descarga</a></div>

<p>Consulta aquí las fechas clave del curso académico: inicio y fin de las clases, periodos vacacionales, días festivos y otras jornadas no lectivas.El calendario oficial es establecido por la Comunidad de Madrid y se actualiza cada curso escolar. Accede al CALENDARIO ESCOLAR 2025-2026</p>

Consulta aquí las fechas clave del curso académico: inicio y fin de las clases, periodos vacacionales, días festivos y otras jornadas no lectivas.El calendario oficial es establecido por la Comunidad de Madrid y se actualiza cada curso escolar. Accede al CALENDARIO ESCOLAR 2025-2026
