{"id":1118,"date":"2025-02-10T23:43:04","date_gmt":"2025-02-10T22:43:04","guid":{"rendered":"https:\/\/site.educa.madrid.org\/cp.principesdeasturias.pozuelodealarcon\/?page_id=1118"},"modified":"2025-02-10T23:46:43","modified_gmt":"2025-02-10T22:46:43","slug":"proyectos","status":"publish","type":"page","link":"https:\/\/site.educa.madrid.org\/cp.principesdeasturias.pozuelodealarcon\/index.php\/proyectos\/","title":{"rendered":"PROYECTOS"},"content":{"rendered":"<div id=\"pl-gb1118-6a9b34b5e2178\"  class=\"panel-layout\" ><div id=\"pg-gb1118-6a9b34b5e2178-0\"  class=\"panel-grid panel-no-style\" ><div id=\"pgc-gb1118-6a9b34b5e2178-0-0\"  class=\"panel-grid-cell\" ><div id=\"panel-gb1118-6a9b34b5e2178-0-0-0\" class=\"so-panel widget widget_text panel-first-child panel-last-child\" data-index=\"0\" >\t\t\t<div class=\"textwidget\"><h3 class=\"text-align-right\"><span class=\"\">\u00abTenemos un plan estrat\u00e9gico. Se llama hacer las cosas bien\u201d\u00a0\u00a0<\/span><\/h3>\n<h3 class=\"text-align-right\">Herb Kelleher<\/h3>\n<\/div>\n\t\t<\/div><\/div><div id=\"pgc-gb1118-6a9b34b5e2178-0-1\"  class=\"panel-grid-cell\" ><div id=\"panel-gb1118-6a9b34b5e2178-0-1-0\" class=\"so-panel widget widget_text panel-first-child panel-last-child\" data-index=\"1\" >\t\t\t<div class=\"textwidget\"><p class=\"text-align-left\"><span class=\"\">Partimos de\u00a0<\/span>una idea, un plan o un programa<span class=\"\">\u00a0para realizar acciones que complementen la educaci\u00f3n, es decir, la instrucci\u00f3n o la formaci\u00f3n que se desarrolla dentro del marco de un proceso de ense\u00f1anza y aprendizaje.<\/span><\/p>\n<p class=\"text-align-left\">\n<p class=\"text-align-left\"><span class=\"\">El repertorio es\u00a0<\/span>amplio, diverso y enriquecedor<span class=\"\">\u00a0para nuestra comunidad educativa abarcando distintos saberes.\u00a0<\/span>Te invitamos a conocerlos<span class=\"\">\u00a0en las secciones de este men\u00fa.<\/span><\/p>\n<\/div>\n\t\t<\/div><\/div><\/div><\/div>","protected":false},"excerpt":{"rendered":"<p>\u00abTenemos un plan estrat\u00e9gico. Se llama hacer las cosas bien\u201d\u00a0\u00a0 Herb Kelleher Partimos de\u00a0una idea, un plan o un programa\u00a0para realizar acciones que complementen la educaci\u00f3n, es decir, la instrucci\u00f3n o la formaci\u00f3n que se desarrolla dentro del marco de un proceso de ense\u00f1anza y aprendizaje. El repertorio es\u00a0amplio, diverso y enriquecedor\u00a0para nuestra comunidad educativa<\/p><\/div>\n<div class=\"blog-btn\"><a href=\"https:\/\/site.educa.madrid.org\/cp.principesdeasturias.pozuelodealarcon\/index.php\/proyectos\/\" class=\"home-blog-btn\">Leer m\u00e1s<\/a><\/p>\n","protected":false},"author":2,"featured_media":0,"parent":0,"menu_order":0,"comment_status":"closed","ping_status":"closed","template":"","meta":{"footnotes":""},"folder":[],"class_list":["post-1118","page","type-page","status-publish","hentry"],"rttpg_featured_image_url":null,"rttpg_author":{"display_name":"tic.cp.principesdeasturias.pozuelodealarcon","author_link":"https:\/\/site.educa.madrid.org\/cp.principesdeasturias.pozuelodealarcon\/index.php\/author\/cuenta_tic-cp-principesdeasturias-pozuelodealarcon\/"},"rttpg_comment":0,"rttpg_category":false,"rttpg_excerpt":"\"Tenemos un plan estrat\u00e9gico. Se llama hacer las cosas bien\u201d\u00a0\u00a0 Herb Kelleher Partimos de\u00a0una idea, un plan o un programa\u00a0para realizar acciones que complementen la educaci\u00f3n, es decir, la instrucci\u00f3n o la formaci\u00f3n que se desarrolla dentro del marco de un proceso de ense\u00f1anza y aprendizaje. El repertorio es\u00a0amplio, diverso y enriquecedor\u00a0para nuestra comunidad educativaLeer&hellip;","post_mailing_queue_ids":[],"_links":{"self":[{"href":"https:\/\/site.educa.madrid.org\/cp.principesdeasturias.pozuelodealarcon\/index.php\/wp-json\/wp\/v2\/pages\/1118","targetHints":{"allow":["GET"]}}],"collection":[{"href":"https:\/\/site.educa.madrid.org\/cp.principesdeasturias.pozuelodealarcon\/index.php\/wp-json\/wp\/v2\/pages"}],"about":[{"href":"https:\/\/site.educa.madrid.org\/cp.principesdeasturias.pozuelodealarcon\/index.php\/wp-json\/wp\/v2\/types\/page"}],"author":[{"embeddable":true,"href":"https:\/\/site.educa.madrid.org\/cp.principesdeasturias.pozuelodealarcon\/index.php\/wp-json\/wp\/v2\/users\/2"}],"replies":[{"embeddable":true,"href":"https:\/\/site.educa.madrid.org\/cp.principesdeasturias.pozuelodealarcon\/index.php\/wp-json\/wp\/v2\/comments?post=1118"}],"version-history":[{"count":5,"href":"https:\/\/site.educa.madrid.org\/cp.principesdeasturias.pozuelodealarcon\/index.php\/wp-json\/wp\/v2\/pages\/1118\/revisions"}],"predecessor-version":[{"id":1124,"href":"https:\/\/site.educa.madrid.org\/cp.principesdeasturias.pozuelodealarcon\/index.php\/wp-json\/wp\/v2\/pages\/1118\/revisions\/1124"}],"wp:attachment":[{"href":"https:\/\/site.educa.madrid.org\/cp.principesdeasturias.pozuelodealarcon\/index.php\/wp-json\/wp\/v2\/media?parent=1118"}],"wp:term":[{"taxonomy":"folder","embeddable":true,"href":"https:\/\/site.educa.madrid.org\/cp.principesdeasturias.pozuelodealarcon\/index.php\/wp-json\/wp\/v2\/folder?post=1118"}],"curies":[{"name":"wp","href":"https:\/\/api.w.org\/{rel}","templated":true}]}}

<div id="pl-gb1118-6a9b34b5e2178"  class="panel-layout" ><div id="pg-gb1118-6a9b34b5e2178-0"  class="panel-grid panel-no-style" ><div id="pgc-gb1118-6a9b34b5e2178-0-0"  class="panel-grid-cell" ><div id="panel-gb1118-6a9b34b5e2178-0-0-0" class="so-panel widget widget_text panel-first-child panel-last-child" data-index="0" >			<div class="textwidget"><h3 class="text-align-right"><span class="">«Tenemos un plan estratégico. Se llama hacer las cosas bien”  </span></h3>
<h3 class="text-align-right">Herb Kelleher</h3>
</div>
		</div></div><div id="pgc-gb1118-6a9b34b5e2178-0-1"  class="panel-grid-cell" ><div id="panel-gb1118-6a9b34b5e2178-0-1-0" class="so-panel widget widget_text panel-first-child panel-last-child" data-index="1" >			<div class="textwidget"><p class="text-align-left"><span class="">Partimos de </span>una idea, un plan o un programa<span class=""> para realizar acciones que complementen la educación, es decir, la instrucción o la formación que se desarrolla dentro del marco de un proceso de enseñanza y aprendizaje.</span></p>
<p class="text-align-left">
<p class="text-align-left"><span class="">El repertorio es </span>amplio, diverso y enriquecedor<span class=""> para nuestra comunidad educativa abarcando distintos saberes. </span>Te invitamos a conocerlos<span class=""> en las secciones de este menú.</span></p>
</div>
		</div></div></div></div>

<p>«Tenemos un plan estratégico. Se llama hacer las cosas bien”   Herb Kelleher Partimos de una idea, un plan o un programa para realizar acciones que complementen la educación, es decir, la instrucción o la formación que se desarrolla dentro del marco de un proceso de enseñanza y aprendizaje. El repertorio es amplio, diverso y enriquecedor para nuestra comunidad educativa</p></div>
<div class="blog-btn"><a href="https://site.educa.madrid.org/cp.principesdeasturias.pozuelodealarcon/index.php/proyectos/" class="home-blog-btn">Leer más</a></p>

"Tenemos un plan estratégico. Se llama hacer las cosas bien”   Herb Kelleher Partimos de una idea, un plan o un programa para realizar acciones que complementen la educación, es decir, la instrucción o la formación que se desarrolla dentro del marco de un proceso de enseñanza y aprendizaje. El repertorio es amplio, diverso y enriquecedor para nuestra comunidad educativaLeer&hellip;
