{"id":2800,"date":"2021-07-01T10:01:12","date_gmt":"2021-07-01T10:01:12","guid":{"rendered":"https:\/\/site.educa.madrid.org\/cp.sanjuandelacruz.madrid\/?page_id=2800"},"modified":"2025-09-02T13:33:11","modified_gmt":"2025-09-02T11:33:11","slug":"calendario-2","status":"publish","type":"page","link":"https:\/\/site.educa.madrid.org\/cp.sanjuandelacruz.madrid\/index.php\/calendario-2\/","title":{"rendered":"CALENDARIO"},"content":{"rendered":"\n<p>El calendario del centro es el calendario oficial de la Comunidad de Madrid, siendo para el <mark style=\"background-color:rgba(0, 0, 0, 0)\" class=\"has-inline-color has-vivid-red-color\"><strong>curso 25\/2<\/strong><\/mark>6 el publicado en la <a href=\"https:\/\/www.educa2.madrid.org\/web\/educamadrid\/principal\/files\/504c1bf5-007a-45bf-a07d-fe4e6d721bd3\/BOCM-20250513-17.pdf?t=1747121687347\">Orden 1476\/202<\/a>5, de 4 de mayo, del Consejero de Educaci\u00f3n y Juventud, por la que se establece el calendario escolar para el curso 2025-2026 en los centros educativos no universitarios sostenidos con Fondos P\u00fablicos de la Comunidad de Madrid.<\/p>\n\n\n\n<p>El comienzo de curso se establece para los centros de Educaci\u00f3n Infantil y Primaria en el <strong><mark style=\"background-color:rgba(0, 0, 0, 0)\" class=\"has-inline-color has-vivid-red-color\">8 de septiembre<\/mark><\/strong> y finaliza el <strong><mark style=\"background-color:rgba(0, 0, 0, 0)\" class=\"has-inline-color has-vivid-red-color\">19 de junio<\/mark>.<\/strong><\/p>\n\n\n\n<figure class=\"wp-block-image size-full\"><img loading=\"lazy\" decoding=\"async\" width=\"560\" height=\"788\" src=\"https:\/\/site.educa.madrid.org\/cp.sanjuandelacruz.madrid\/\/wp-content\/uploads\/cp.sanjuandelacruz.madrid\/2025\/09\/image.png\" alt=\"\" class=\"wp-image-5949\" srcset=\"https:\/\/site.educa.madrid.org\/cp.sanjuandelacruz.madrid\/\/wp-content\/uploads\/cp.sanjuandelacruz.madrid\/2025\/09\/image.png 560w, https:\/\/site.educa.madrid.org\/cp.sanjuandelacruz.madrid\/\/wp-content\/uploads\/cp.sanjuandelacruz.madrid\/2025\/09\/image-213x300.png 213w\" sizes=\"auto, (max-width: 560px) 100vw, 560px\" \/><\/figure>\n\n\n\n<div style=\"height:32px\" aria-hidden=\"true\" class=\"wp-block-spacer\"><\/div>\n\n\n\n<div style=\"height:32px\" aria-hidden=\"true\" class=\"wp-block-spacer\"><\/div>\n\n\n\n<p>A estas fechas hay que a\u00f1adir las fiestas que en el \u00e1mbito de sus competencias determine para el a\u00f1o 2026, el Ayuntamiento de Madrid (habitualmente el 15 de mayo).<\/p>\n","protected":false},"excerpt":{"rendered":"<p>El calendario del centro es el calendario oficial de la Comunidad de Madrid, siendo para el curso 25\/26 el publicado en la Orden 1476\/2025, de 4 de mayo, del Consejero de Educaci\u00f3n y Juventud, por la que se establece el calendario escolar para el curso 2025-2026 en los centros educativos no universitarios sostenidos con Fondos<\/p><\/div>\n<div class=\"blog-btn\"><a href=\"https:\/\/site.educa.madrid.org\/cp.sanjuandelacruz.madrid\/index.php\/calendario-2\/\" class=\"home-blog-btn\">Leer m\u00e1s<\/a><\/p>\n","protected":false},"author":5,"featured_media":0,"parent":0,"menu_order":0,"comment_status":"closed","ping_status":"closed","template":"","meta":{"footnotes":""},"folder":[],"class_list":["post-2800","page","type-page","status-publish","hentry"],"rttpg_featured_image_url":null,"rttpg_author":{"display_name":"jestudios","author_link":"https:\/\/site.educa.madrid.org\/cp.sanjuandelacruz.madrid\/index.php\/author\/cuenta_jestudios-cp-sanjuandelacruz-madrid\/"},"rttpg_comment":0,"rttpg_category":false,"rttpg_excerpt":"El calendario del centro es el calendario oficial de la Comunidad de Madrid, siendo para el curso 25\/26 el publicado en la Orden 1476\/2025, de 4 de mayo, del Consejero de Educaci\u00f3n y Juventud, por la que se establece el calendario escolar para el curso 2025-2026 en los centros educativos no universitarios sostenidos con FondosLeer&hellip;","post_mailing_queue_ids":[],"_links":{"self":[{"href":"https:\/\/site.educa.madrid.org\/cp.sanjuandelacruz.madrid\/index.php\/wp-json\/wp\/v2\/pages\/2800","targetHints":{"allow":["GET"]}}],"collection":[{"href":"https:\/\/site.educa.madrid.org\/cp.sanjuandelacruz.madrid\/index.php\/wp-json\/wp\/v2\/pages"}],"about":[{"href":"https:\/\/site.educa.madrid.org\/cp.sanjuandelacruz.madrid\/index.php\/wp-json\/wp\/v2\/types\/page"}],"author":[{"embeddable":true,"href":"https:\/\/site.educa.madrid.org\/cp.sanjuandelacruz.madrid\/index.php\/wp-json\/wp\/v2\/users\/5"}],"replies":[{"embeddable":true,"href":"https:\/\/site.educa.madrid.org\/cp.sanjuandelacruz.madrid\/index.php\/wp-json\/wp\/v2\/comments?post=2800"}],"version-history":[{"count":13,"href":"https:\/\/site.educa.madrid.org\/cp.sanjuandelacruz.madrid\/index.php\/wp-json\/wp\/v2\/pages\/2800\/revisions"}],"predecessor-version":[{"id":5951,"href":"https:\/\/site.educa.madrid.org\/cp.sanjuandelacruz.madrid\/index.php\/wp-json\/wp\/v2\/pages\/2800\/revisions\/5951"}],"wp:attachment":[{"href":"https:\/\/site.educa.madrid.org\/cp.sanjuandelacruz.madrid\/index.php\/wp-json\/wp\/v2\/media?parent=2800"}],"wp:term":[{"taxonomy":"folder","embeddable":true,"href":"https:\/\/site.educa.madrid.org\/cp.sanjuandelacruz.madrid\/index.php\/wp-json\/wp\/v2\/folder?post=2800"}],"curies":[{"name":"wp","href":"https:\/\/api.w.org\/{rel}","templated":true}]}}