{"id":540,"date":"2019-08-10T15:44:05","date_gmt":"2019-08-10T15:44:05","guid":{"rendered":"https:\/\/site.educa.madrid.org\/cp.sanjuandelacruz.madrid\/?page_id=540"},"modified":"2019-09-14T07:39:29","modified_gmt":"2019-09-14T07:39:29","slug":"comunidad-educativa","status":"publish","type":"page","link":"https:\/\/site.educa.madrid.org\/cp.sanjuandelacruz.madrid\/index.php\/comunidad-educativa\/","title":{"rendered":"ALUMNADO"},"content":{"rendered":"\n<p>El Colegio San Juan de la Cruz es un centro de l\u00ednea uno, es decir, un grupo por nivel:<\/p>\n\n\n\n<ul class=\"wp-block-list\"><li><strong>Tres unidades de infantil: 3 , 4 y 5 a\u00f1os<\/strong><\/li><li><strong>Seis de primaria: de 1\u00ba a 6\u00ba<\/strong><\/li><\/ul>\n\n\n\n<p>Es un colegio peque\u00f1o en el que est\u00e1n matriculados aproximadamente 180 alumnos. Esta caracter\u00edstica hace que podamos ofrecer una atenci\u00f3n m\u00e1s individualizada, tanto a nuestros alumnos como a sus familias, dentro de un ambiente agradable y familiar.<\/p>\n","protected":false},"excerpt":{"rendered":"<p>El Colegio San Juan de la Cruz es un centro de l\u00ednea uno, es decir, un grupo por nivel: Tres unidades de infantil: 3 , 4 y 5 a\u00f1os Seis de primaria: de 1\u00ba a 6\u00ba Es un colegio peque\u00f1o en el que est\u00e1n matriculados aproximadamente 180 alumnos. Esta caracter\u00edstica hace que podamos ofrecer una<\/p><\/div>\n<div class=\"blog-btn\"><a href=\"https:\/\/site.educa.madrid.org\/cp.sanjuandelacruz.madrid\/index.php\/comunidad-educativa\/\" class=\"home-blog-btn\">Leer m\u00e1s<\/a><\/p>\n","protected":false},"author":2,"featured_media":0,"parent":0,"menu_order":0,"comment_status":"closed","ping_status":"closed","template":"","meta":{"footnotes":""},"folder":[],"class_list":["post-540","page","type-page","status-publish","hentry"],"rttpg_featured_image_url":null,"rttpg_author":{"display_name":"Cuenta TIC","author_link":"https:\/\/site.educa.madrid.org\/cp.sanjuandelacruz.madrid\/index.php\/author\/cuenta_tic-cp-sanjuandelacruz-madrid\/"},"rttpg_comment":0,"rttpg_category":false,"rttpg_excerpt":"El Colegio San Juan de la Cruz es un centro de l\u00ednea uno, es decir, un grupo por nivel: Tres unidades de infantil: 3 , 4 y 5 a\u00f1os Seis de primaria: de 1\u00ba a 6\u00ba Es un colegio peque\u00f1o en el que est\u00e1n matriculados aproximadamente 180 alumnos. Esta caracter\u00edstica hace que podamos ofrecer unaLeer&hellip;","post_mailing_queue_ids":[],"_links":{"self":[{"href":"https:\/\/site.educa.madrid.org\/cp.sanjuandelacruz.madrid\/index.php\/wp-json\/wp\/v2\/pages\/540","targetHints":{"allow":["GET"]}}],"collection":[{"href":"https:\/\/site.educa.madrid.org\/cp.sanjuandelacruz.madrid\/index.php\/wp-json\/wp\/v2\/pages"}],"about":[{"href":"https:\/\/site.educa.madrid.org\/cp.sanjuandelacruz.madrid\/index.php\/wp-json\/wp\/v2\/types\/page"}],"author":[{"embeddable":true,"href":"https:\/\/site.educa.madrid.org\/cp.sanjuandelacruz.madrid\/index.php\/wp-json\/wp\/v2\/users\/2"}],"replies":[{"embeddable":true,"href":"https:\/\/site.educa.madrid.org\/cp.sanjuandelacruz.madrid\/index.php\/wp-json\/wp\/v2\/comments?post=540"}],"version-history":[{"count":3,"href":"https:\/\/site.educa.madrid.org\/cp.sanjuandelacruz.madrid\/index.php\/wp-json\/wp\/v2\/pages\/540\/revisions"}],"predecessor-version":[{"id":804,"href":"https:\/\/site.educa.madrid.org\/cp.sanjuandelacruz.madrid\/index.php\/wp-json\/wp\/v2\/pages\/540\/revisions\/804"}],"wp:attachment":[{"href":"https:\/\/site.educa.madrid.org\/cp.sanjuandelacruz.madrid\/index.php\/wp-json\/wp\/v2\/media?parent=540"}],"wp:term":[{"taxonomy":"folder","embeddable":true,"href":"https:\/\/site.educa.madrid.org\/cp.sanjuandelacruz.madrid\/index.php\/wp-json\/wp\/v2\/folder?post=540"}],"curies":[{"name":"wp","href":"https:\/\/api.w.org\/{rel}","templated":true}]}}