{"id":5940,"date":"2025-08-29T20:49:31","date_gmt":"2025-08-29T18:49:31","guid":{"rendered":"https:\/\/site.educa.madrid.org\/cp.sanjuandelacruz.madrid\/?page_id=5940"},"modified":"2025-08-29T20:49:31","modified_gmt":"2025-08-29T18:49:31","slug":"actividades-complementarias-celebraciones-curso-2023-24-2-2","status":"publish","type":"page","link":"https:\/\/site.educa.madrid.org\/cp.sanjuandelacruz.madrid\/index.php\/actividades-complementarias-celebraciones-curso-2023-24-2-2\/","title":{"rendered":"ACTIVIDADES COMPLEMENTARIAS: CELEBRACIONES CURSO 2025-26"},"content":{"rendered":"\n<p class=\"has-text-align-center has-very-light-gray-color has-luminous-vivid-orange-background-color has-text-color has-background has-large-font-size\"><strong>HALLOWEEN<\/strong><\/p>\n\n\n\n<p class=\"has-text-align-center has-very-light-gray-color has-vivid-green-cyan-background-color has-text-color has-background has-large-font-size\"><strong>NAVIDAD<\/strong><\/p>\n\n\n\n<p class=\"has-text-align-center has-very-light-gray-color has-vivid-cyan-blue-background-color has-text-color has-background has-large-font-size\"><strong>D\u00cdA DE LA PAZ<\/strong><\/p>\n\n\n\n<p class=\"has-text-align-center has-very-light-gray-color has-luminous-vivid-amber-background-color has-text-color has-background has-large-font-size\"><strong>CARNAVAL<\/strong><\/p>\n\n\n\n<p class=\"has-text-align-center has-very-light-gray-color has-vivid-purple-background-color has-text-color has-background has-large-font-size\"><strong>D\u00cdA DE LA MUJER<\/strong><\/p>\n\n\n\n<p class=\"has-text-align-center has-very-light-gray-color has-light-green-cyan-background-color has-text-color has-background\" style=\"font-size:34px\"><strong> SEMANA CULTURAL<\/strong><\/p>\n\n\n\n<p class=\"has-text-align-center has-very-light-gray-color has-pale-pink-background-color has-text-color has-background has-large-font-size\"><strong>D\u00cdA DEL LIBRO<\/strong><\/p>\n\n\n\n<p class=\"has-text-align-center has-very-light-gray-color has-vivid-red-background-color has-text-color has-background\" style=\"font-size:34px\"><strong>SAN ISIDRO <\/strong><\/p>\n\n\n\n<p class=\"has-text-align-center has-very-light-gray-color has-pale-cyan-blue-background-color has-text-color has-background has-large-font-size\"><strong>FIN DE CURSO<\/strong><\/p>\n","protected":false},"excerpt":{"rendered":"<p>HALLOWEEN NAVIDAD D\u00cdA DE LA PAZ CARNAVAL D\u00cdA DE LA MUJER SEMANA CULTURAL D\u00cdA DEL LIBRO SAN ISIDRO FIN DE CURSO<\/p>\n","protected":false},"author":2,"featured_media":0,"parent":0,"menu_order":0,"comment_status":"closed","ping_status":"closed","template":"","meta":{"footnotes":""},"folder":[],"class_list":["post-5940","page","type-page","status-publish","hentry"],"rttpg_featured_image_url":null,"rttpg_author":{"display_name":"Cuenta TIC","author_link":"https:\/\/site.educa.madrid.org\/cp.sanjuandelacruz.madrid\/index.php\/author\/cuenta_tic-cp-sanjuandelacruz-madrid\/"},"rttpg_comment":0,"rttpg_category":false,"rttpg_excerpt":"HALLOWEEN NAVIDAD D\u00cdA DE LA PAZ CARNAVAL D\u00cdA DE LA MUJER SEMANA CULTURAL D\u00cdA DEL LIBRO SAN ISIDRO FIN DE CURSO","post_mailing_queue_ids":[],"_links":{"self":[{"href":"https:\/\/site.educa.madrid.org\/cp.sanjuandelacruz.madrid\/index.php\/wp-json\/wp\/v2\/pages\/5940","targetHints":{"allow":["GET"]}}],"collection":[{"href":"https:\/\/site.educa.madrid.org\/cp.sanjuandelacruz.madrid\/index.php\/wp-json\/wp\/v2\/pages"}],"about":[{"href":"https:\/\/site.educa.madrid.org\/cp.sanjuandelacruz.madrid\/index.php\/wp-json\/wp\/v2\/types\/page"}],"author":[{"embeddable":true,"href":"https:\/\/site.educa.madrid.org\/cp.sanjuandelacruz.madrid\/index.php\/wp-json\/wp\/v2\/users\/2"}],"replies":[{"embeddable":true,"href":"https:\/\/site.educa.madrid.org\/cp.sanjuandelacruz.madrid\/index.php\/wp-json\/wp\/v2\/comments?post=5940"}],"version-history":[{"count":1,"href":"https:\/\/site.educa.madrid.org\/cp.sanjuandelacruz.madrid\/index.php\/wp-json\/wp\/v2\/pages\/5940\/revisions"}],"predecessor-version":[{"id":5941,"href":"https:\/\/site.educa.madrid.org\/cp.sanjuandelacruz.madrid\/index.php\/wp-json\/wp\/v2\/pages\/5940\/revisions\/5941"}],"wp:attachment":[{"href":"https:\/\/site.educa.madrid.org\/cp.sanjuandelacruz.madrid\/index.php\/wp-json\/wp\/v2\/media?parent=5940"}],"wp:term":[{"taxonomy":"folder","embeddable":true,"href":"https:\/\/site.educa.madrid.org\/cp.sanjuandelacruz.madrid\/index.php\/wp-json\/wp\/v2\/folder?post=5940"}],"curies":[{"name":"wp","href":"https:\/\/api.w.org\/{rel}","templated":true}]}}