{"id":1697,"date":"2020-07-22T09:46:33","date_gmt":"2020-07-22T07:46:33","guid":{"rendered":"https:\/\/www.colegiosansebastianmeco.es\/?page_id=1697"},"modified":"2023-03-28T13:46:28","modified_gmt":"2023-03-28T11:46:28","slug":"aprendizaje-cooperativo","status":"publish","type":"page","link":"https:\/\/site.educa.madrid.org\/cp.sansebastian.meco\/index.php\/aprendizaje-cooperativo\/","title":{"rendered":"Aprendizaje cooperativo"},"content":{"rendered":"<h3>Solos llegamos m\u00e1s r\u00e1pido pero juntos llegamos m\u00e1s lejos.<\/h3>\n\n\n<figure class=\"wp-block-image size-full is-resized\"><img loading=\"lazy\" decoding=\"async\" src=\"https:\/\/site.educa.madrid.org\/cp.sansebastian.meco\/\/wp-content\/uploads\/cp.sansebastian.meco\/2023\/02\/cropped-logoweb2.jpg\" alt=\"\" class=\"wp-image-5395\" width=\"213\" height=\"213\" srcset=\"https:\/\/site.educa.madrid.org\/cp.sansebastian.meco\/\/wp-content\/uploads\/cp.sansebastian.meco\/2023\/02\/cropped-logoweb2.jpg 512w, https:\/\/site.educa.madrid.org\/cp.sansebastian.meco\/\/wp-content\/uploads\/cp.sansebastian.meco\/2023\/02\/cropped-logoweb2-300x300.jpg 300w, https:\/\/site.educa.madrid.org\/cp.sansebastian.meco\/\/wp-content\/uploads\/cp.sansebastian.meco\/2023\/02\/cropped-logoweb2-150x150.jpg 150w, https:\/\/site.educa.madrid.org\/cp.sansebastian.meco\/\/wp-content\/uploads\/cp.sansebastian.meco\/2023\/02\/cropped-logoweb2-400x400.jpg 400w, https:\/\/site.educa.madrid.org\/cp.sansebastian.meco\/\/wp-content\/uploads\/cp.sansebastian.meco\/2023\/02\/cropped-logoweb2-100x100.jpg 100w, https:\/\/site.educa.madrid.org\/cp.sansebastian.meco\/\/wp-content\/uploads\/cp.sansebastian.meco\/2023\/02\/cropped-logoweb2-270x270.jpg 270w, https:\/\/site.educa.madrid.org\/cp.sansebastian.meco\/\/wp-content\/uploads\/cp.sansebastian.meco\/2023\/02\/cropped-logoweb2-192x192.jpg 192w, https:\/\/site.educa.madrid.org\/cp.sansebastian.meco\/\/wp-content\/uploads\/cp.sansebastian.meco\/2023\/02\/cropped-logoweb2-180x180.jpg 180w, https:\/\/site.educa.madrid.org\/cp.sansebastian.meco\/\/wp-content\/uploads\/cp.sansebastian.meco\/2023\/02\/cropped-logoweb2-32x32.jpg 32w\" sizes=\"auto, (max-width: 213px) 100vw, 213px\" \/><\/figure>\n\n\n\n<p>Utilizamos <strong>metodolog\u00edas activas<\/strong> como el aprendizaje cooperativo y el aprendizaje por proyectos. A trav\u00e9s de las cuales el alumnado tiene un papel m\u00e1s activo siendo protagonistas de su propio aprendizaje dejando de ser meros receptores de contenidos.\u00a0<\/p>\n\n\n\n<p>El objetivo es que los escolares aprendan m\u00e1s y mejor reduciendo el fracaso escolar, fomentando la participaci\u00f3n a trav\u00e9s de la motivaci\u00f3n y mejorando los resultados acad\u00e9micos, siempre con el respaldo de la formaci\u00f3n continua del profesorado. Queremos que nuestra metodolog\u00eda sea acorde con la sociedad actual y que se prepare a nuestro alumnado para el futuro.<\/p>\n\n\n\n<p>El aprendizaje cooperativo es una metodolog\u00eda que se basa en peque\u00f1os grupos de trabajo, seleccionados de forma intencional, que permiten a los alumnos trabajar juntos en la consecuci\u00f3n de metas comunes, beneficiosas para todos los participantes.<\/p>\n\n\n\n<p>Las caracter\u00edsticas generales son:<\/p>\n\n\n\n<ul class=\"wp-block-list\"><li>Es una metodolog\u00eda activa.<\/li><li>Est\u00e1 basada en la experiencia e interacci\u00f3n entre los alumnos.<\/li><li>El rol del profesor se basa en la supervisi\u00f3n activa y no directiva tanto del proceso de aprendizaje, como de las interacciones entre los alumnos.<\/li><li>Posibilita que el alumnado aprenda unos de otros, as\u00ed como del profesor y del entorno.<\/li><li>El aprendizaje cooperativo hace hincapi\u00e9 en las relaciones interpersonales y en la experiencia colectiva como fuentes del crecimiento social y cognitivo de los estudiantes. Para conseguirlo, propone un acercamiento muy \u201cestructurado\u201d al trabajo de grupo.<\/li><\/ul>\n","protected":false},"excerpt":{"rendered":"<p>Solos llegamos m\u00e1s r\u00e1pido pero juntos llegamos m\u00e1s lejos. Utilizamos metodolog\u00edas activas como el aprendizaje cooperativo y el aprendizaje por proyectos. A [&hellip;]<\/p>\n","protected":false},"author":7,"featured_media":5378,"parent":0,"menu_order":0,"comment_status":"closed","ping_status":"closed","template":"","meta":{"footnotes":""},"folder":[],"class_list":["post-1697","page","type-page","status-publish","has-post-thumbnail","hentry"],"rttpg_featured_image_url":{"full":["https:\/\/site.educa.madrid.org\/cp.sansebastian.meco\/\/wp-content\/uploads\/cp.sansebastian.meco\/2023\/02\/cooperativov2-e1595842283575-scaled.jpg",2560,1438,false],"landscape":["https:\/\/site.educa.madrid.org\/cp.sansebastian.meco\/\/wp-content\/uploads\/cp.sansebastian.meco\/2023\/02\/cooperativov2-e1595842283575-scaled.jpg",2560,1438,false],"portraits":["https:\/\/site.educa.madrid.org\/cp.sansebastian.meco\/\/wp-content\/uploads\/cp.sansebastian.meco\/2023\/02\/cooperativov2-e1595842283575-scaled.jpg",2560,1438,false],"thumbnail":["https:\/\/site.educa.madrid.org\/cp.sansebastian.meco\/\/wp-content\/uploads\/cp.sansebastian.meco\/2023\/02\/cooperativov2-e1595842283575-150x150.jpg",150,150,true],"medium":["https:\/\/site.educa.madrid.org\/cp.sansebastian.meco\/\/wp-content\/uploads\/cp.sansebastian.meco\/2023\/02\/cooperativov2-e1595842283575-300x168.jpg",300,168,true],"large":["https:\/\/site.educa.madrid.org\/cp.sansebastian.meco\/\/wp-content\/uploads\/cp.sansebastian.meco\/2023\/02\/cooperativov2-e1595842283575-1024x575.jpg",1024,575,true],"thumblist":["https:\/\/site.educa.madrid.org\/cp.sansebastian.meco\/\/wp-content\/uploads\/cp.sansebastian.meco\/2023\/02\/cooperativov2-e1595842283575-300x300.jpg",300,300,true],"thumbrelated":["https:\/\/site.educa.madrid.org\/cp.sansebastian.meco\/\/wp-content\/uploads\/cp.sansebastian.meco\/2023\/02\/cooperativov2-e1595842283575-scaled.jpg",500,281,false],"meccarouselthumb":["https:\/\/site.educa.madrid.org\/cp.sansebastian.meco\/\/wp-content\/uploads\/cp.sansebastian.meco\/2023\/02\/cooperativov2-e1595842283575-474x324.jpg",474,324,true],"gridsquare":["https:\/\/site.educa.madrid.org\/cp.sansebastian.meco\/\/wp-content\/uploads\/cp.sansebastian.meco\/2023\/02\/cooperativov2-e1595842283575-391x260.jpg",391,260,true],"tileview":["https:\/\/site.educa.madrid.org\/cp.sansebastian.meco\/\/wp-content\/uploads\/cp.sansebastian.meco\/2023\/02\/cooperativov2-e1595842283575-300x400.jpg",300,400,true],"1536x1536":["https:\/\/site.educa.madrid.org\/cp.sansebastian.meco\/\/wp-content\/uploads\/cp.sansebastian.meco\/2023\/02\/cooperativov2-e1595842283575-1536x863.jpg",1536,863,true],"2048x2048":["https:\/\/site.educa.madrid.org\/cp.sansebastian.meco\/\/wp-content\/uploads\/cp.sansebastian.meco\/2023\/02\/cooperativov2-e1595842283575-2048x1150.jpg",2048,1150,true],"sydney-large-thumb":["https:\/\/site.educa.madrid.org\/cp.sansebastian.meco\/\/wp-content\/uploads\/cp.sansebastian.meco\/2023\/02\/cooperativov2-e1595842283575-scaled.jpg",1000,562,false],"sydney-medium-thumb":["https:\/\/site.educa.madrid.org\/cp.sansebastian.meco\/\/wp-content\/uploads\/cp.sansebastian.meco\/2023\/02\/cooperativov2-e1595842283575-scaled.jpg",550,309,false],"sydney-small-thumb":["https:\/\/site.educa.madrid.org\/cp.sansebastian.meco\/\/wp-content\/uploads\/cp.sansebastian.meco\/2023\/02\/cooperativov2-e1595842283575-scaled.jpg",230,129,false],"sydney-service-thumb":["https:\/\/site.educa.madrid.org\/cp.sansebastian.meco\/\/wp-content\/uploads\/cp.sansebastian.meco\/2023\/02\/cooperativov2-e1595842283575-scaled.jpg",350,197,false],"sydney-mas-thumb":["https:\/\/site.educa.madrid.org\/cp.sansebastian.meco\/\/wp-content\/uploads\/cp.sansebastian.meco\/2023\/02\/cooperativov2-e1595842283575-scaled.jpg",480,270,false],"sow-carousel-default":["https:\/\/site.educa.madrid.org\/cp.sansebastian.meco\/\/wp-content\/uploads\/cp.sansebastian.meco\/2023\/02\/cooperativov2-e1595842283575-272x182.jpg",272,182,true],"sow-post-carousel-overlay-theme":["https:\/\/site.educa.madrid.org\/cp.sansebastian.meco\/\/wp-content\/uploads\/cp.sansebastian.meco\/2023\/02\/cooperativov2-e1595842283575-scaled.jpg",360,202,false],"sow-post-carousel-cards-theme":["https:\/\/site.educa.madrid.org\/cp.sansebastian.meco\/\/wp-content\/uploads\/cp.sansebastian.meco\/2023\/02\/cooperativov2-e1595842283575-scaled.jpg",360,202,false],"rt_custom":["https:\/\/site.educa.madrid.org\/cp.sansebastian.meco\/\/wp-content\/uploads\/cp.sansebastian.meco\/2023\/02\/cooperativov2-e1595842283575-scaled.jpg",2560,1438,false]},"rttpg_author":{"display_name":"Made","author_link":"https:\/\/site.educa.madrid.org\/cp.sansebastian.meco\/index.php\/author\/made\/"},"rttpg_comment":0,"rttpg_category":false,"rttpg_excerpt":"Solos llegamos m\u00e1s r\u00e1pido pero juntos llegamos m\u00e1s lejos. Utilizamos metodolog\u00edas activas como el aprendizaje cooperativo y el aprendizaje por proyectos. A [&hellip;]","post_mailing_queue_ids":[],"_links":{"self":[{"href":"https:\/\/site.educa.madrid.org\/cp.sansebastian.meco\/index.php\/wp-json\/wp\/v2\/pages\/1697","targetHints":{"allow":["GET"]}}],"collection":[{"href":"https:\/\/site.educa.madrid.org\/cp.sansebastian.meco\/index.php\/wp-json\/wp\/v2\/pages"}],"about":[{"href":"https:\/\/site.educa.madrid.org\/cp.sansebastian.meco\/index.php\/wp-json\/wp\/v2\/types\/page"}],"author":[{"embeddable":true,"href":"https:\/\/site.educa.madrid.org\/cp.sansebastian.meco\/index.php\/wp-json\/wp\/v2\/users\/7"}],"replies":[{"embeddable":true,"href":"https:\/\/site.educa.madrid.org\/cp.sansebastian.meco\/index.php\/wp-json\/wp\/v2\/comments?post=1697"}],"version-history":[{"count":2,"href":"https:\/\/site.educa.madrid.org\/cp.sansebastian.meco\/index.php\/wp-json\/wp\/v2\/pages\/1697\/revisions"}],"predecessor-version":[{"id":6003,"href":"https:\/\/site.educa.madrid.org\/cp.sansebastian.meco\/index.php\/wp-json\/wp\/v2\/pages\/1697\/revisions\/6003"}],"wp:featuredmedia":[{"embeddable":true,"href":"https:\/\/site.educa.madrid.org\/cp.sansebastian.meco\/index.php\/wp-json\/wp\/v2\/media\/5378"}],"wp:attachment":[{"href":"https:\/\/site.educa.madrid.org\/cp.sansebastian.meco\/index.php\/wp-json\/wp\/v2\/media?parent=1697"}],"wp:term":[{"taxonomy":"folder","embeddable":true,"href":"https:\/\/site.educa.madrid.org\/cp.sansebastian.meco\/index.php\/wp-json\/wp\/v2\/folder?post=1697"}],"curies":[{"name":"wp","href":"https:\/\/api.w.org\/{rel}","templated":true}]}}