{"id":3460,"date":"2022-02-28T10:52:41","date_gmt":"2022-02-28T09:52:41","guid":{"rendered":"https:\/\/www.colegiosansebastianmeco.es\/?page_id=3460"},"modified":"2022-02-28T10:52:41","modified_gmt":"2022-02-28T09:52:41","slug":"proyecto-patio","status":"publish","type":"page","link":"https:\/\/site.educa.madrid.org\/cp.sansebastian.meco\/index.php\/proyecto-patio\/","title":{"rendered":"Proyecto Patio"},"content":{"rendered":"<p>En los recreos del CEIP San Sebasti\u00e1n no solo se juega al f\u00fatbol. Tanto en los patios de infantil como en los de primaria existen distintas zonas de juego dotadas de materiales adaptados a las edades del alumnado, permitiendo a los escolares desarrollar al m\u00e1ximo sus capacidades individuales y sociales en el momento de descanso o recreo a media ma\u00f1ana.<\/p>\n<p>En <strong>infantil<\/strong>, contamos con el circuito para motos, patinetes y triciclos; zona de f\u00fatbol y baloncesto; zona de pizarras; zona de palas y cubos; zona de casitas y, por \u00faltimo la zona del columpio.<\/p>\n<p><img loading=\"lazy\" decoding=\"async\" class=\"alignnone wp-image-291 size-full\" src=\"https:\/\/www.colegiosansebastianmeco.es\/wp-content\/uploads\/2019\/05\/proyecto.patio_.jpg\" alt=\"\" width=\"1280\" height=\"720\" \/><\/p>\n<p>En <strong>primaria<\/strong>, son los mismos alumnos y alumnas quienes de forma voluntaria a partir de 2\u00ba de primaria se encargan de coordinar las distintas zonas de juego fomentando as\u00ed la responsabilidad y el esp\u00edritu emprendedor, supervisados por dos maestros del colegio. Contamos con: zona roc\u00f3dromo, rinc\u00f3n de baile, rinc\u00f3n de cocinitas, rinc\u00f3n de construcciones, rinc\u00f3n de baile, zona pizarras, f\u00fatbol,\u00a0 combas y gomas, zona de raquetas, voleibol, bal\u00f3n prisionero, piquet, zona peonzas&#8230; Hay algunos rincones o zonas fijos y otros que van cambiando en funci\u00f3n de las necesidades o modas del momento.<\/p>\n","protected":false},"excerpt":{"rendered":"<p>En los recreos del CEIP San Sebasti\u00e1n no solo se juega al f\u00fatbol. Tanto en los patios de infantil como en los [&hellip;]<\/p>\n","protected":false},"author":7,"featured_media":291,"parent":0,"menu_order":0,"comment_status":"closed","ping_status":"closed","template":"","meta":{"footnotes":""},"folder":[],"class_list":["post-3460","page","type-page","status-publish","has-post-thumbnail","hentry"],"rttpg_featured_image_url":null,"rttpg_author":{"display_name":"Made","author_link":"https:\/\/site.educa.madrid.org\/cp.sansebastian.meco\/index.php\/author\/made\/"},"rttpg_comment":0,"rttpg_category":false,"rttpg_excerpt":"En los recreos del CEIP San Sebasti\u00e1n no solo se juega al f\u00fatbol. Tanto en los patios de infantil como en los [&hellip;]","post_mailing_queue_ids":[],"_links":{"self":[{"href":"https:\/\/site.educa.madrid.org\/cp.sansebastian.meco\/index.php\/wp-json\/wp\/v2\/pages\/3460","targetHints":{"allow":["GET"]}}],"collection":[{"href":"https:\/\/site.educa.madrid.org\/cp.sansebastian.meco\/index.php\/wp-json\/wp\/v2\/pages"}],"about":[{"href":"https:\/\/site.educa.madrid.org\/cp.sansebastian.meco\/index.php\/wp-json\/wp\/v2\/types\/page"}],"author":[{"embeddable":true,"href":"https:\/\/site.educa.madrid.org\/cp.sansebastian.meco\/index.php\/wp-json\/wp\/v2\/users\/7"}],"replies":[{"embeddable":true,"href":"https:\/\/site.educa.madrid.org\/cp.sansebastian.meco\/index.php\/wp-json\/wp\/v2\/comments?post=3460"}],"version-history":[{"count":0,"href":"https:\/\/site.educa.madrid.org\/cp.sansebastian.meco\/index.php\/wp-json\/wp\/v2\/pages\/3460\/revisions"}],"wp:featuredmedia":[{"embeddable":true,"href":"https:\/\/site.educa.madrid.org\/cp.sansebastian.meco\/index.php\/wp-json\/"}],"wp:attachment":[{"href":"https:\/\/site.educa.madrid.org\/cp.sansebastian.meco\/index.php\/wp-json\/wp\/v2\/media?parent=3460"}],"wp:term":[{"taxonomy":"folder","embeddable":true,"href":"https:\/\/site.educa.madrid.org\/cp.sansebastian.meco\/index.php\/wp-json\/wp\/v2\/folder?post=3460"}],"curies":[{"name":"wp","href":"https:\/\/api.w.org\/{rel}","templated":true}]}}