{"id":7423,"date":"2024-01-30T15:08:34","date_gmt":"2024-01-30T14:08:34","guid":{"rendered":"https:\/\/site.educa.madrid.org\/cp.sansebastian.meco\/?page_id=7423"},"modified":"2025-10-14T16:54:39","modified_gmt":"2025-10-14T14:54:39","slug":"auxiliares-conversacion","status":"publish","type":"page","link":"https:\/\/site.educa.madrid.org\/cp.sansebastian.meco\/index.php\/auxiliares-conversacion\/","title":{"rendered":"Auxiliares Conversaci\u00f3n"},"content":{"rendered":"<div class=\"wp-block-image\">\n<figure class=\"aligncenter size-large is-resized\"><a href=\"https:\/\/site.educa.madrid.org\/cp.sansebastian.meco\/\/wp-content\/uploads\/cp.sansebastian.meco\/2024\/01\/auxiliares.png\"><img loading=\"lazy\" decoding=\"async\" width=\"1024\" height=\"724\" src=\"https:\/\/site.educa.madrid.org\/cp.sansebastian.meco\/\/wp-content\/uploads\/cp.sansebastian.meco\/2024\/01\/auxiliares-1024x724.png\" alt=\"\" class=\"wp-image-7428\" style=\"aspect-ratio:1.4537037037037037;width:216px;height:auto\" srcset=\"https:\/\/site.educa.madrid.org\/cp.sansebastian.meco\/\/wp-content\/uploads\/cp.sansebastian.meco\/2024\/01\/auxiliares-1024x724.png 1024w, https:\/\/site.educa.madrid.org\/cp.sansebastian.meco\/\/wp-content\/uploads\/cp.sansebastian.meco\/2024\/01\/auxiliares-300x212.png 300w, https:\/\/site.educa.madrid.org\/cp.sansebastian.meco\/\/wp-content\/uploads\/cp.sansebastian.meco\/2024\/01\/auxiliares-768x543.png 768w, https:\/\/site.educa.madrid.org\/cp.sansebastian.meco\/\/wp-content\/uploads\/cp.sansebastian.meco\/2024\/01\/auxiliares-1536x1086.png 1536w, https:\/\/site.educa.madrid.org\/cp.sansebastian.meco\/\/wp-content\/uploads\/cp.sansebastian.meco\/2024\/01\/auxiliares-2048x1448.png 2048w, https:\/\/site.educa.madrid.org\/cp.sansebastian.meco\/\/wp-content\/uploads\/cp.sansebastian.meco\/2024\/01\/auxiliares-1000x707.png 1000w, https:\/\/site.educa.madrid.org\/cp.sansebastian.meco\/\/wp-content\/uploads\/cp.sansebastian.meco\/2024\/01\/auxiliares-230x163.png 230w, https:\/\/site.educa.madrid.org\/cp.sansebastian.meco\/\/wp-content\/uploads\/cp.sansebastian.meco\/2024\/01\/auxiliares-350x247.png 350w, https:\/\/site.educa.madrid.org\/cp.sansebastian.meco\/\/wp-content\/uploads\/cp.sansebastian.meco\/2024\/01\/auxiliares-480x339.png 480w\" sizes=\"auto, (max-width: 1024px) 100vw, 1024px\" \/><\/a><\/figure>\n<\/div>\n\n\n<h3 class=\"wp-block-heading\">Te presentamos a nuestros auxiliares para este curso:<\/h3>\n\n\n\n<div class=\"wp-block-media-text alignwide is-stacked-on-mobile\" style=\"grid-template-columns:45% auto\"><figure class=\"wp-block-media-text__media\"><a href=\"https:\/\/site.educa.madrid.org\/cp.sansebastian.meco\/\/wp-content\/uploads\/cp.sansebastian.meco\/2024\/10\/anjali.png\"><img loading=\"lazy\" decoding=\"async\" width=\"1024\" height=\"724\" src=\"https:\/\/site.educa.madrid.org\/cp.sansebastian.meco\/\/wp-content\/uploads\/cp.sansebastian.meco\/2024\/10\/anjali-1024x724.png\" alt=\"\" class=\"wp-image-8417 size-full\" srcset=\"https:\/\/site.educa.madrid.org\/cp.sansebastian.meco\/\/wp-content\/uploads\/cp.sansebastian.meco\/2024\/10\/anjali-1024x724.png 1024w, https:\/\/site.educa.madrid.org\/cp.sansebastian.meco\/\/wp-content\/uploads\/cp.sansebastian.meco\/2024\/10\/anjali-300x212.png 300w, https:\/\/site.educa.madrid.org\/cp.sansebastian.meco\/\/wp-content\/uploads\/cp.sansebastian.meco\/2024\/10\/anjali-768x543.png 768w, https:\/\/site.educa.madrid.org\/cp.sansebastian.meco\/\/wp-content\/uploads\/cp.sansebastian.meco\/2024\/10\/anjali-1536x1086.png 1536w, https:\/\/site.educa.madrid.org\/cp.sansebastian.meco\/\/wp-content\/uploads\/cp.sansebastian.meco\/2024\/10\/anjali-2048x1448.png 2048w, https:\/\/site.educa.madrid.org\/cp.sansebastian.meco\/\/wp-content\/uploads\/cp.sansebastian.meco\/2024\/10\/anjali-1000x707.png 1000w, https:\/\/site.educa.madrid.org\/cp.sansebastian.meco\/\/wp-content\/uploads\/cp.sansebastian.meco\/2024\/10\/anjali-230x163.png 230w, https:\/\/site.educa.madrid.org\/cp.sansebastian.meco\/\/wp-content\/uploads\/cp.sansebastian.meco\/2024\/10\/anjali-350x247.png 350w, https:\/\/site.educa.madrid.org\/cp.sansebastian.meco\/\/wp-content\/uploads\/cp.sansebastian.meco\/2024\/10\/anjali-480x339.png 480w\" sizes=\"auto, (max-width: 1024px) 100vw, 1024px\" \/><\/a><\/figure><div class=\"wp-block-media-text__content\">\n<p>Hello! My name is <strong>Anjali <\/strong>and I am a language assistant here at Colegio de San Sebastian. I am from Chicago, USA and have recently graduated from university in Massachusetts with&nbsp;my&nbsp;bachelor&#8217;s degree. I love art, music, spending time outside, playing and watching sports, and meeting new people. I&#8217;m very much looking forward to spending this school year here with everyone!<\/p>\n<\/div><\/div>\n\n\n\n<hr class=\"wp-block-separator has-alpha-channel-opacity\"\/>\n\n\n\n<div class=\"wp-block-media-text alignwide is-stacked-on-mobile\" style=\"grid-template-columns:45% auto\"><figure class=\"wp-block-media-text__media\"><a href=\"https:\/\/site.educa.madrid.org\/cp.sansebastian.meco\/\/wp-content\/uploads\/cp.sansebastian.meco\/2025\/09\/charlie.2.png\"><img loading=\"lazy\" decoding=\"async\" width=\"1024\" height=\"724\" src=\"https:\/\/site.educa.madrid.org\/cp.sansebastian.meco\/\/wp-content\/uploads\/cp.sansebastian.meco\/2025\/09\/charlie.2-1024x724.png\" alt=\"\" class=\"wp-image-9241 size-full\" srcset=\"https:\/\/site.educa.madrid.org\/cp.sansebastian.meco\/\/wp-content\/uploads\/cp.sansebastian.meco\/2025\/09\/charlie.2-1024x724.png 1024w, https:\/\/site.educa.madrid.org\/cp.sansebastian.meco\/\/wp-content\/uploads\/cp.sansebastian.meco\/2025\/09\/charlie.2-300x212.png 300w, https:\/\/site.educa.madrid.org\/cp.sansebastian.meco\/\/wp-content\/uploads\/cp.sansebastian.meco\/2025\/09\/charlie.2-768x543.png 768w, https:\/\/site.educa.madrid.org\/cp.sansebastian.meco\/\/wp-content\/uploads\/cp.sansebastian.meco\/2025\/09\/charlie.2-1536x1086.png 1536w, https:\/\/site.educa.madrid.org\/cp.sansebastian.meco\/\/wp-content\/uploads\/cp.sansebastian.meco\/2025\/09\/charlie.2-2048x1448.png 2048w, https:\/\/site.educa.madrid.org\/cp.sansebastian.meco\/\/wp-content\/uploads\/cp.sansebastian.meco\/2025\/09\/charlie.2-1000x707.png 1000w, https:\/\/site.educa.madrid.org\/cp.sansebastian.meco\/\/wp-content\/uploads\/cp.sansebastian.meco\/2025\/09\/charlie.2-230x163.png 230w, https:\/\/site.educa.madrid.org\/cp.sansebastian.meco\/\/wp-content\/uploads\/cp.sansebastian.meco\/2025\/09\/charlie.2-350x247.png 350w, https:\/\/site.educa.madrid.org\/cp.sansebastian.meco\/\/wp-content\/uploads\/cp.sansebastian.meco\/2025\/09\/charlie.2-480x339.png 480w\" sizes=\"auto, (max-width: 1024px) 100vw, 1024px\" \/><\/a><\/figure><div class=\"wp-block-media-text__content\">\n<p>Hello, I am <strong>Charlie<\/strong>, an English Aux this year at Colegio San Sebastian Meco. I am from the Chicago Area in a small town named Glencoe. I love studying history and politics&nbsp;and cannot wait to pass my knowledge&nbsp;of the English language down to the children at Colegio San Sebastian this year. When not working I love to play sports, hike, ski and spend quality time with friends and family. One fun fact&nbsp;about me is I have an identical twin who is also an English assistant in Torrejon De Ardoz.&nbsp;I cannot wait to meet all the students and get to work with you all!!!<\/p>\n<\/div><\/div>\n\n\n\n<hr class=\"wp-block-separator has-alpha-channel-opacity\"\/>\n\n\n\n<div class=\"wp-block-media-text alignwide is-stacked-on-mobile\" style=\"grid-template-columns:45% auto\"><figure class=\"wp-block-media-text__media\"><a href=\"https:\/\/site.educa.madrid.org\/cp.sansebastian.meco\/\/wp-content\/uploads\/cp.sansebastian.meco\/2025\/10\/Copia-de-Copia-de-Copia-de-Copia-de-Poster-Horizontal-Clase-de-Ingles-Azul-y-Rojo-1.png\"><img loading=\"lazy\" decoding=\"async\" width=\"1024\" height=\"724\" src=\"https:\/\/site.educa.madrid.org\/cp.sansebastian.meco\/\/wp-content\/uploads\/cp.sansebastian.meco\/2025\/10\/Copia-de-Copia-de-Copia-de-Copia-de-Poster-Horizontal-Clase-de-Ingles-Azul-y-Rojo-1-1024x724.png\" alt=\"\" class=\"wp-image-9281 size-full\" srcset=\"https:\/\/site.educa.madrid.org\/cp.sansebastian.meco\/\/wp-content\/uploads\/cp.sansebastian.meco\/2025\/10\/Copia-de-Copia-de-Copia-de-Copia-de-Poster-Horizontal-Clase-de-Ingles-Azul-y-Rojo-1-1024x724.png 1024w, https:\/\/site.educa.madrid.org\/cp.sansebastian.meco\/\/wp-content\/uploads\/cp.sansebastian.meco\/2025\/10\/Copia-de-Copia-de-Copia-de-Copia-de-Poster-Horizontal-Clase-de-Ingles-Azul-y-Rojo-1-300x212.png 300w, https:\/\/site.educa.madrid.org\/cp.sansebastian.meco\/\/wp-content\/uploads\/cp.sansebastian.meco\/2025\/10\/Copia-de-Copia-de-Copia-de-Copia-de-Poster-Horizontal-Clase-de-Ingles-Azul-y-Rojo-1-768x543.png 768w, https:\/\/site.educa.madrid.org\/cp.sansebastian.meco\/\/wp-content\/uploads\/cp.sansebastian.meco\/2025\/10\/Copia-de-Copia-de-Copia-de-Copia-de-Poster-Horizontal-Clase-de-Ingles-Azul-y-Rojo-1-1536x1086.png 1536w, https:\/\/site.educa.madrid.org\/cp.sansebastian.meco\/\/wp-content\/uploads\/cp.sansebastian.meco\/2025\/10\/Copia-de-Copia-de-Copia-de-Copia-de-Poster-Horizontal-Clase-de-Ingles-Azul-y-Rojo-1-2048x1448.png 2048w, https:\/\/site.educa.madrid.org\/cp.sansebastian.meco\/\/wp-content\/uploads\/cp.sansebastian.meco\/2025\/10\/Copia-de-Copia-de-Copia-de-Copia-de-Poster-Horizontal-Clase-de-Ingles-Azul-y-Rojo-1-1000x707.png 1000w, https:\/\/site.educa.madrid.org\/cp.sansebastian.meco\/\/wp-content\/uploads\/cp.sansebastian.meco\/2025\/10\/Copia-de-Copia-de-Copia-de-Copia-de-Poster-Horizontal-Clase-de-Ingles-Azul-y-Rojo-1-230x163.png 230w, https:\/\/site.educa.madrid.org\/cp.sansebastian.meco\/\/wp-content\/uploads\/cp.sansebastian.meco\/2025\/10\/Copia-de-Copia-de-Copia-de-Copia-de-Poster-Horizontal-Clase-de-Ingles-Azul-y-Rojo-1-350x247.png 350w, https:\/\/site.educa.madrid.org\/cp.sansebastian.meco\/\/wp-content\/uploads\/cp.sansebastian.meco\/2025\/10\/Copia-de-Copia-de-Copia-de-Copia-de-Poster-Horizontal-Clase-de-Ingles-Azul-y-Rojo-1-480x339.png 480w\" sizes=\"auto, (max-width: 1024px) 100vw, 1024px\" \/><\/a><\/figure><div class=\"wp-block-media-text__content\">\n<p>Hi, I&#8217;m <strong>Michelle <\/strong>from East Los Angeles. I&#8217;ve been living in Madrid for four years and have been working with students for 5 years. Outside of the classroom I enjoy exploring the city and finding a cozy bench to sit and either write in my journal or read. If you don&#8217;t find me exploring the city you will find me sharing a great or absurd conversation with a friend while drinking coffee and eating a slice of banana bread at a local caf\u00e9. This year I look forward to collaborating with my co- teachers and learn students&#8217; learning styles to better approach their needs. To foster a dynamic and fun environment&nbsp;where students feel comfortable making mistakes and view English learning in a positive way.<\/p>\n<\/div><\/div>\n\n\n\n<hr class=\"wp-block-separator has-alpha-channel-opacity\"\/>\n\n\n\n<div class=\"wp-block-media-text alignwide is-stacked-on-mobile\" style=\"grid-template-columns:45% auto\"><figure class=\"wp-block-media-text__media\"><a href=\"https:\/\/site.educa.madrid.org\/cp.sansebastian.meco\/\/wp-content\/uploads\/cp.sansebastian.meco\/2025\/10\/Copia-de-Copia-de-Copia-de-Copia-de-Poster-Horizontal-Clase-de-Ingles-Azul-y-Rojo-3.png\"><img loading=\"lazy\" decoding=\"async\" width=\"1024\" height=\"724\" src=\"https:\/\/site.educa.madrid.org\/cp.sansebastian.meco\/\/wp-content\/uploads\/cp.sansebastian.meco\/2025\/10\/Copia-de-Copia-de-Copia-de-Copia-de-Poster-Horizontal-Clase-de-Ingles-Azul-y-Rojo-3-1024x724.png\" alt=\"\" class=\"wp-image-9286 size-full\" srcset=\"https:\/\/site.educa.madrid.org\/cp.sansebastian.meco\/\/wp-content\/uploads\/cp.sansebastian.meco\/2025\/10\/Copia-de-Copia-de-Copia-de-Copia-de-Poster-Horizontal-Clase-de-Ingles-Azul-y-Rojo-3-1024x724.png 1024w, https:\/\/site.educa.madrid.org\/cp.sansebastian.meco\/\/wp-content\/uploads\/cp.sansebastian.meco\/2025\/10\/Copia-de-Copia-de-Copia-de-Copia-de-Poster-Horizontal-Clase-de-Ingles-Azul-y-Rojo-3-300x212.png 300w, https:\/\/site.educa.madrid.org\/cp.sansebastian.meco\/\/wp-content\/uploads\/cp.sansebastian.meco\/2025\/10\/Copia-de-Copia-de-Copia-de-Copia-de-Poster-Horizontal-Clase-de-Ingles-Azul-y-Rojo-3-768x543.png 768w, https:\/\/site.educa.madrid.org\/cp.sansebastian.meco\/\/wp-content\/uploads\/cp.sansebastian.meco\/2025\/10\/Copia-de-Copia-de-Copia-de-Copia-de-Poster-Horizontal-Clase-de-Ingles-Azul-y-Rojo-3-1536x1086.png 1536w, https:\/\/site.educa.madrid.org\/cp.sansebastian.meco\/\/wp-content\/uploads\/cp.sansebastian.meco\/2025\/10\/Copia-de-Copia-de-Copia-de-Copia-de-Poster-Horizontal-Clase-de-Ingles-Azul-y-Rojo-3-2048x1448.png 2048w, https:\/\/site.educa.madrid.org\/cp.sansebastian.meco\/\/wp-content\/uploads\/cp.sansebastian.meco\/2025\/10\/Copia-de-Copia-de-Copia-de-Copia-de-Poster-Horizontal-Clase-de-Ingles-Azul-y-Rojo-3-1000x707.png 1000w, https:\/\/site.educa.madrid.org\/cp.sansebastian.meco\/\/wp-content\/uploads\/cp.sansebastian.meco\/2025\/10\/Copia-de-Copia-de-Copia-de-Copia-de-Poster-Horizontal-Clase-de-Ingles-Azul-y-Rojo-3-230x163.png 230w, https:\/\/site.educa.madrid.org\/cp.sansebastian.meco\/\/wp-content\/uploads\/cp.sansebastian.meco\/2025\/10\/Copia-de-Copia-de-Copia-de-Copia-de-Poster-Horizontal-Clase-de-Ingles-Azul-y-Rojo-3-350x247.png 350w, https:\/\/site.educa.madrid.org\/cp.sansebastian.meco\/\/wp-content\/uploads\/cp.sansebastian.meco\/2025\/10\/Copia-de-Copia-de-Copia-de-Copia-de-Poster-Horizontal-Clase-de-Ingles-Azul-y-Rojo-3-480x339.png 480w\" sizes=\"auto, (max-width: 1024px) 100vw, 1024px\" \/><\/a><\/figure><div class=\"wp-block-media-text__content\">\n<p>Hi! My name is <strong>Molly <\/strong>and I am an auxiliar de conversaci\u00f3n at San Sebasti\u00e1n school this year. &nbsp;I&#8217;m from Chicago, IL, USA (go White Sox!)&nbsp;<\/p>\n\n\n\n<p>I have 5+ years of experience as an arts educator, tutor and substitute teacher. &nbsp;In my spare time, I love writing and directing films, playing softball with my family and cooking.&nbsp;<\/p>\n\n\n\n<p>The best teachers I had growing up challenged me academically and encouraged me to be a kinder and more empathetic person. I hope I can do the same for students this year. &nbsp;I&#8217;m so grateful to be here!&nbsp;<\/p>\n<\/div><\/div>\n\n\n\n<hr class=\"wp-block-separator has-alpha-channel-opacity\"\/>\n\n\n\n<div class=\"wp-block-media-text alignwide is-stacked-on-mobile\" style=\"grid-template-columns:45% auto\"><figure class=\"wp-block-media-text__media\"><a href=\"https:\/\/site.educa.madrid.org\/cp.sansebastian.meco\/\/wp-content\/uploads\/cp.sansebastian.meco\/2025\/10\/ashlie.png\"><img loading=\"lazy\" decoding=\"async\" width=\"1024\" height=\"724\" src=\"https:\/\/site.educa.madrid.org\/cp.sansebastian.meco\/\/wp-content\/uploads\/cp.sansebastian.meco\/2025\/10\/ashlie-1024x724.png\" alt=\"\" class=\"wp-image-9293 size-full\" srcset=\"https:\/\/site.educa.madrid.org\/cp.sansebastian.meco\/\/wp-content\/uploads\/cp.sansebastian.meco\/2025\/10\/ashlie-1024x724.png 1024w, https:\/\/site.educa.madrid.org\/cp.sansebastian.meco\/\/wp-content\/uploads\/cp.sansebastian.meco\/2025\/10\/ashlie-300x212.png 300w, https:\/\/site.educa.madrid.org\/cp.sansebastian.meco\/\/wp-content\/uploads\/cp.sansebastian.meco\/2025\/10\/ashlie-768x543.png 768w, https:\/\/site.educa.madrid.org\/cp.sansebastian.meco\/\/wp-content\/uploads\/cp.sansebastian.meco\/2025\/10\/ashlie-1536x1086.png 1536w, https:\/\/site.educa.madrid.org\/cp.sansebastian.meco\/\/wp-content\/uploads\/cp.sansebastian.meco\/2025\/10\/ashlie-2048x1448.png 2048w, https:\/\/site.educa.madrid.org\/cp.sansebastian.meco\/\/wp-content\/uploads\/cp.sansebastian.meco\/2025\/10\/ashlie-1000x707.png 1000w, https:\/\/site.educa.madrid.org\/cp.sansebastian.meco\/\/wp-content\/uploads\/cp.sansebastian.meco\/2025\/10\/ashlie-230x163.png 230w, https:\/\/site.educa.madrid.org\/cp.sansebastian.meco\/\/wp-content\/uploads\/cp.sansebastian.meco\/2025\/10\/ashlie-350x247.png 350w, https:\/\/site.educa.madrid.org\/cp.sansebastian.meco\/\/wp-content\/uploads\/cp.sansebastian.meco\/2025\/10\/ashlie-480x339.png 480w\" sizes=\"auto, (max-width: 1024px) 100vw, 1024px\" \/><\/a><\/figure><div class=\"wp-block-media-text__content\">\n<p>My name is <strong>Ashlie<\/strong>, and I will be an English Language Assistant at your school for the 25-26 academic year. I am from a small town in Northern California called Healdsburg. I got my Bachelor&#8217;s degree\u00a0in English at UC Davis. Then, I moved to the Los Angeles area to go to school for my teaching credential. In my free time I enjoy going on walks, taking photos of nature, and watching a good movie. I also enjoy rooting for my favorite sports teams &#8211; The Golden State Warriors, San Francisco 49ers, and San Francisco Giants. Lastly, I really love animals. Back home I have four cats, and\u00a0I also keep chickens and ducks for eggs. I am very excited to meet the students and start working with you all in a few weeks!!\u00a0<\/p>\n<\/div><\/div>\n\n\n\n<hr class=\"wp-block-separator has-alpha-channel-opacity\"\/>\n\n\n\n<div class=\"wp-block-media-text alignwide is-stacked-on-mobile\" style=\"grid-template-columns:45% auto\"><figure class=\"wp-block-media-text__media\"><a href=\"https:\/\/site.educa.madrid.org\/cp.sansebastian.meco\/\/wp-content\/uploads\/cp.sansebastian.meco\/2025\/10\/sean.png\"><img loading=\"lazy\" decoding=\"async\" width=\"1024\" height=\"724\" src=\"https:\/\/site.educa.madrid.org\/cp.sansebastian.meco\/\/wp-content\/uploads\/cp.sansebastian.meco\/2025\/10\/sean-1024x724.png\" alt=\"\" class=\"wp-image-9296 size-full\" srcset=\"https:\/\/site.educa.madrid.org\/cp.sansebastian.meco\/\/wp-content\/uploads\/cp.sansebastian.meco\/2025\/10\/sean-1024x724.png 1024w, https:\/\/site.educa.madrid.org\/cp.sansebastian.meco\/\/wp-content\/uploads\/cp.sansebastian.meco\/2025\/10\/sean-300x212.png 300w, https:\/\/site.educa.madrid.org\/cp.sansebastian.meco\/\/wp-content\/uploads\/cp.sansebastian.meco\/2025\/10\/sean-768x543.png 768w, https:\/\/site.educa.madrid.org\/cp.sansebastian.meco\/\/wp-content\/uploads\/cp.sansebastian.meco\/2025\/10\/sean-1536x1086.png 1536w, https:\/\/site.educa.madrid.org\/cp.sansebastian.meco\/\/wp-content\/uploads\/cp.sansebastian.meco\/2025\/10\/sean-2048x1448.png 2048w, https:\/\/site.educa.madrid.org\/cp.sansebastian.meco\/\/wp-content\/uploads\/cp.sansebastian.meco\/2025\/10\/sean-1000x707.png 1000w, https:\/\/site.educa.madrid.org\/cp.sansebastian.meco\/\/wp-content\/uploads\/cp.sansebastian.meco\/2025\/10\/sean-230x163.png 230w, https:\/\/site.educa.madrid.org\/cp.sansebastian.meco\/\/wp-content\/uploads\/cp.sansebastian.meco\/2025\/10\/sean-350x247.png 350w, https:\/\/site.educa.madrid.org\/cp.sansebastian.meco\/\/wp-content\/uploads\/cp.sansebastian.meco\/2025\/10\/sean-480x339.png 480w\" sizes=\"auto, (max-width: 1024px) 100vw, 1024px\" \/><\/a><\/figure><div class=\"wp-block-media-text__content\">\n<p>Hello! My name is <strong>Sean<\/strong>, and I am from Boston, Massachusetts. I studied marketing, information systems, and psychology in college and have always had a love for teaching! In my free time, I like to do anything outdoors, whether its running, hiking, or\u00a0traveling. A fun fact about me is I have lived in over 15 different places throughout my life, and I&#8217;m so excited to pass on what I&#8217;ve learned to the children at Colegio San Sebastian Meco this year!<\/p>\n<\/div><\/div>\n\n\n\n<hr class=\"wp-block-separator has-alpha-channel-opacity\"\/>\n\n\n\n<p>En el CEIP San Sebasti\u00e1n contamos con <strong>6&nbsp;auxiliares de conversaci\u00f3n nativos<\/strong> que colaboran en las \u00e1reas que se imparten en ingl\u00e9s con el profesorado. Se trata de un valioso recurso humano que potencia el proceso de comunicaci\u00f3n en lengua inglesa.&nbsp;<\/p>\n\n\n\n<p>Entre las funciones de los auxiliares de conversaci\u00f3n cabe destacar:&nbsp;<\/p>\n\n\n\n<ul class=\"wp-block-list\">\n<li>Reforzar las destrezas orales del alumnado en la lengua extranjera.<\/li>\n\n\n\n<li>Fomentar el inter\u00e9s del alumnado por la lengua, la cultura y civilizaci\u00f3n de su pa\u00eds de origen<br>as\u00ed como el intercambio cultural.<\/li>\n\n\n\n<li>Realizar pr\u00e1cticas espec\u00edficas de conversaci\u00f3n.<\/li>\n\n\n\n<li>Aportar recursos did\u00e1cticos, especialmente material originario de su pa\u00eds.<\/li>\n\n\n\n<li>Participar en actividades como: charlas, presentaciones en clase, proyectos interdisciplinares,\u00a0 eventos deportivos, viajes de estudios&#8230;<\/li>\n<\/ul>\n","protected":false},"excerpt":{"rendered":"<p>Te presentamos a nuestros auxiliares para este curso: Hello! My name is Anjali and I am a language assistant here at Colegio [&hellip;]<\/p>\n","protected":false},"author":3,"featured_media":0,"parent":0,"menu_order":0,"comment_status":"closed","ping_status":"closed","template":"","meta":{"footnotes":""},"folder":[],"class_list":["post-7423","page","type-page","status-publish","hentry"],"rttpg_featured_image_url":null,"rttpg_author":{"display_name":"cp.sansebastian.meco","author_link":"https:\/\/site.educa.madrid.org\/cp.sansebastian.meco\/index.php\/author\/cuenta_cp-sansebastian-meco\/"},"rttpg_comment":0,"rttpg_category":false,"rttpg_excerpt":"Te presentamos a nuestros auxiliares para este curso: Hello! My name is Anjali and I am a language assistant here at Colegio [&hellip;]","post_mailing_queue_ids":[],"_links":{"self":[{"href":"https:\/\/site.educa.madrid.org\/cp.sansebastian.meco\/index.php\/wp-json\/wp\/v2\/pages\/7423","targetHints":{"allow":["GET"]}}],"collection":[{"href":"https:\/\/site.educa.madrid.org\/cp.sansebastian.meco\/index.php\/wp-json\/wp\/v2\/pages"}],"about":[{"href":"https:\/\/site.educa.madrid.org\/cp.sansebastian.meco\/index.php\/wp-json\/wp\/v2\/types\/page"}],"author":[{"embeddable":true,"href":"https:\/\/site.educa.madrid.org\/cp.sansebastian.meco\/index.php\/wp-json\/wp\/v2\/users\/3"}],"replies":[{"embeddable":true,"href":"https:\/\/site.educa.madrid.org\/cp.sansebastian.meco\/index.php\/wp-json\/wp\/v2\/comments?post=7423"}],"version-history":[{"count":19,"href":"https:\/\/site.educa.madrid.org\/cp.sansebastian.meco\/index.php\/wp-json\/wp\/v2\/pages\/7423\/revisions"}],"predecessor-version":[{"id":9298,"href":"https:\/\/site.educa.madrid.org\/cp.sansebastian.meco\/index.php\/wp-json\/wp\/v2\/pages\/7423\/revisions\/9298"}],"wp:attachment":[{"href":"https:\/\/site.educa.madrid.org\/cp.sansebastian.meco\/index.php\/wp-json\/wp\/v2\/media?parent=7423"}],"wp:term":[{"taxonomy":"folder","embeddable":true,"href":"https:\/\/site.educa.madrid.org\/cp.sansebastian.meco\/index.php\/wp-json\/wp\/v2\/folder?post=7423"}],"curies":[{"name":"wp","href":"https:\/\/api.w.org\/{rel}","templated":true}]}}