{"id":7638,"date":"2024-04-03T11:52:06","date_gmt":"2024-04-03T09:52:06","guid":{"rendered":"https:\/\/site.educa.madrid.org\/cp.sansebastian.meco\/?page_id=7638"},"modified":"2026-04-14T16:48:43","modified_gmt":"2026-04-14T14:48:43","slug":"prueba-ingles-6o-cambridge","status":"publish","type":"page","link":"https:\/\/site.educa.madrid.org\/cp.sansebastian.meco\/index.php\/prueba-ingles-6o-cambridge\/","title":{"rendered":"Prueba Ingl\u00e9s 6\u00ba Cambridge"},"content":{"rendered":"\n<p>Esta prueba organizada por Cambridge es&nbsp;<strong>obligatoria<\/strong>&nbsp;para el alumnado de 6\u00ba de primaria (niveles A2 y B1)&nbsp; y determina su posible incorporaci\u00f3n a la v\u00eda Secci\u00f3n biling\u00fce de un instituto biling\u00fce espa\u00f1ol \u2013 ingl\u00e9s. Adem\u00e1s se obtiene titulaci\u00f3n de forma gratuita.<\/p>\n\n\n\n<hr class=\"wp-block-separator has-alpha-channel-opacity\"\/>\n\n\n<div class=\"wp-block-image\">\n<figure class=\"aligncenter size-large is-resized\"><img loading=\"lazy\" decoding=\"async\" width=\"1024\" height=\"724\" src=\"https:\/\/site.educa.madrid.org\/cp.sansebastian.meco\/\/wp-content\/uploads\/cp.sansebastian.meco\/2026\/03\/pruebas.cambridge-1024x724.png\" alt=\"\" class=\"wp-image-9580\" style=\"width:580px;height:auto\" srcset=\"https:\/\/site.educa.madrid.org\/cp.sansebastian.meco\/\/wp-content\/uploads\/cp.sansebastian.meco\/2026\/03\/pruebas.cambridge-1024x724.png 1024w, https:\/\/site.educa.madrid.org\/cp.sansebastian.meco\/\/wp-content\/uploads\/cp.sansebastian.meco\/2026\/03\/pruebas.cambridge-300x212.png 300w, https:\/\/site.educa.madrid.org\/cp.sansebastian.meco\/\/wp-content\/uploads\/cp.sansebastian.meco\/2026\/03\/pruebas.cambridge-768x543.png 768w, https:\/\/site.educa.madrid.org\/cp.sansebastian.meco\/\/wp-content\/uploads\/cp.sansebastian.meco\/2026\/03\/pruebas.cambridge-1536x1086.png 1536w, https:\/\/site.educa.madrid.org\/cp.sansebastian.meco\/\/wp-content\/uploads\/cp.sansebastian.meco\/2026\/03\/pruebas.cambridge-1000x707.png 1000w, https:\/\/site.educa.madrid.org\/cp.sansebastian.meco\/\/wp-content\/uploads\/cp.sansebastian.meco\/2026\/03\/pruebas.cambridge-230x163.png 230w, https:\/\/site.educa.madrid.org\/cp.sansebastian.meco\/\/wp-content\/uploads\/cp.sansebastian.meco\/2026\/03\/pruebas.cambridge-350x247.png 350w, https:\/\/site.educa.madrid.org\/cp.sansebastian.meco\/\/wp-content\/uploads\/cp.sansebastian.meco\/2026\/03\/pruebas.cambridge-480x339.png 480w, https:\/\/site.educa.madrid.org\/cp.sansebastian.meco\/\/wp-content\/uploads\/cp.sansebastian.meco\/2026\/03\/pruebas.cambridge.png 2000w\" sizes=\"auto, (max-width: 1024px) 100vw, 1024px\" \/><\/figure>\n<\/div>\n\n\n<hr class=\"wp-block-separator has-alpha-channel-opacity\"\/>\n\n\n\n<p>Esta prueba organizada por Cambridge es&nbsp;<strong>obligatoria<\/strong>&nbsp;para el alumnado de 6\u00ba de primaria (niveles A2 y B1)&nbsp; y determina su posible incorporaci\u00f3n a la v\u00eda Secci\u00f3n biling\u00fce de un instituto biling\u00fce espa\u00f1ol \u2013 ingl\u00e9s. Adem\u00e1s se obtiene titulaci\u00f3n de forma gratuita.<\/p>\n\n\n\n<p><strong><u>Lunes 13 de abril:<\/u><\/strong>&nbsp;Parte escrita de ambas pruebas.&nbsp;De 9:00 a 11:30 PET&nbsp;y de&nbsp;12:00 a 13:45 KET.&nbsp;<strong>Los primeros alumnos\/as que hagan la prueba&nbsp; PET este d\u00eda deber\u00e1n acudir al colegio a las 8:40<\/strong>&nbsp;con el fin de que a las 9:00 comience el examen.&nbsp;<strong>Se avisar\u00e1 previamente por parte del profesorado al alumnado que tenga que venir antes.<\/strong><\/p>\n\n\n\n<p><strong><u>Jueves 16 de abril:<\/u><\/strong>&nbsp;Parte oral. Las pruebas&nbsp;KET se realizar\u00e1n de 9:30 a 11:33&nbsp;y&nbsp;PET de 11:33 a 13:14.<\/p>\n\n\n\n<p><strong><u>Dispositivos electr\u00f3nicos<\/u><\/strong><\/p>\n\n\n\n<p>Los candidatos no pueden tener ning\u00fan dispositivo electr\u00f3nico en el aula (tel\u00e9fono, tablet, port\u00e1til etc) tampoco ning\u00fan tipo de reloj.<\/p>\n\n\n\n<p><strong><u>Material de escritura<\/u><\/strong><\/p>\n\n\n\n<p>Los candidatos deben llevarse al examen el d\u00eda de la partes escritas el siguiente material:<br>-A2 lapicero, goma de borrar, sacapuntas.<br>-B1\/B2\/C1 lapicero, goma de borrar, sacapuntas, bol\u00edgrafo negro o azul no borrable.<\/p>\n\n\n\n<p><strong>Identificaci\u00f3n.<\/strong><\/p>\n\n\n\n<p>El centro les entregar\u00e1 los carnets de estudiante para que se puedan identificar.<\/p>\n\n\n\n<h3 class=\"wp-block-heading has-vivid-cyan-blue-color has-white-background-color has-text-color has-background has-link-color has-large-font-size wp-elements-74d7102e15635f1d62d966039ec87e6d\">Resultados Curso 24-25<\/h3>\n\n\n\n<figure class=\"wp-block-video\"><video height=\"1080\" style=\"aspect-ratio: 1920 \/ 1080;\" width=\"1920\" controls src=\"https:\/\/site.educa.madrid.org\/cp.sansebastian.meco\/\/wp-content\/uploads\/cp.sansebastian.meco\/2025\/06\/RESULTADOS.PRUEBA.CAMBRIDGE.CURSO_.24-25.mp4\"><\/video><\/figure>\n\n\n\n<hr class=\"wp-block-separator has-alpha-channel-opacity\"\/>\n\n\n\n<figure class=\"wp-block-image size-large\"><img loading=\"lazy\" decoding=\"async\" width=\"1024\" height=\"724\" src=\"https:\/\/site.educa.madrid.org\/cp.sansebastian.meco\/\/wp-content\/uploads\/cp.sansebastian.meco\/2024\/09\/RESULTADOS.PRUEBAS.CAMBRIDGE.23-24-1024x724.png\" alt=\"\" class=\"wp-image-8300\" srcset=\"https:\/\/site.educa.madrid.org\/cp.sansebastian.meco\/\/wp-content\/uploads\/cp.sansebastian.meco\/2024\/09\/RESULTADOS.PRUEBAS.CAMBRIDGE.23-24-1024x724.png 1024w, https:\/\/site.educa.madrid.org\/cp.sansebastian.meco\/\/wp-content\/uploads\/cp.sansebastian.meco\/2024\/09\/RESULTADOS.PRUEBAS.CAMBRIDGE.23-24-300x212.png 300w, https:\/\/site.educa.madrid.org\/cp.sansebastian.meco\/\/wp-content\/uploads\/cp.sansebastian.meco\/2024\/09\/RESULTADOS.PRUEBAS.CAMBRIDGE.23-24-768x543.png 768w, https:\/\/site.educa.madrid.org\/cp.sansebastian.meco\/\/wp-content\/uploads\/cp.sansebastian.meco\/2024\/09\/RESULTADOS.PRUEBAS.CAMBRIDGE.23-24-1536x1086.png 1536w, https:\/\/site.educa.madrid.org\/cp.sansebastian.meco\/\/wp-content\/uploads\/cp.sansebastian.meco\/2024\/09\/RESULTADOS.PRUEBAS.CAMBRIDGE.23-24-1000x707.png 1000w, https:\/\/site.educa.madrid.org\/cp.sansebastian.meco\/\/wp-content\/uploads\/cp.sansebastian.meco\/2024\/09\/RESULTADOS.PRUEBAS.CAMBRIDGE.23-24-230x163.png 230w, https:\/\/site.educa.madrid.org\/cp.sansebastian.meco\/\/wp-content\/uploads\/cp.sansebastian.meco\/2024\/09\/RESULTADOS.PRUEBAS.CAMBRIDGE.23-24-350x247.png 350w, https:\/\/site.educa.madrid.org\/cp.sansebastian.meco\/\/wp-content\/uploads\/cp.sansebastian.meco\/2024\/09\/RESULTADOS.PRUEBAS.CAMBRIDGE.23-24-480x339.png 480w, https:\/\/site.educa.madrid.org\/cp.sansebastian.meco\/\/wp-content\/uploads\/cp.sansebastian.meco\/2024\/09\/RESULTADOS.PRUEBAS.CAMBRIDGE.23-24.png 2000w\" sizes=\"auto, (max-width: 1024px) 100vw, 1024px\" \/><\/figure>\n\n\n\n<p>Os dejamos un v\u00eddeo publicado en la Mediateca con el detalle de los resultados del curso pasado.<\/p>\n\n\n\n<div class=\"wp-block-buttons is-content-justification-center is-layout-flex wp-container-core-buttons-is-layout-16018d1d wp-block-buttons-is-layout-flex\">\n<div class=\"wp-block-button has-custom-font-size is-style-fill has-small-font-size\"><a class=\"wp-block-button__link has-black-color has-pale-cyan-blue-background-color has-text-color has-background has-link-color wp-element-button\" href=\"https:\/\/mediateca.educa.madrid.org\/video\/hs62sawb62j1ec3e\" target=\"_blank\" rel=\"noreferrer noopener\">haz clic aqu\u00ed para ver los resultados del curso pasado con m\u00e1s detalle<\/a><\/div>\n<\/div>\n\n\n\n<hr class=\"wp-block-separator has-alpha-channel-opacity\"\/>\n\n\n\n<p class=\"has-cyan-bluish-gray-background-color has-background\"><strong>MUY IMPORTANTE: Es necesario<\/strong>&nbsp;actualizar las fotograf\u00edas de la aplicaci\u00f3n Roble, deben ser tipo DNI, actuales y que se pueda identificar adecuadamente al alumnado.<\/p>\n\n\n\n<hr class=\"wp-block-separator has-alpha-channel-opacity\"\/>\n\n\n\n<p><strong><u>D\u00eda 1:<\/u><\/strong>&nbsp;Parte escrita de ambas pruebas.&nbsp;<\/p>\n\n\n\n<p><strong><u>D\u00eda 2:<\/u><\/strong>&nbsp;Parte oral. Las pruebas&nbsp;KET se realizar\u00e1n de 9:00 a 10:54&nbsp;y&nbsp;PET de 11:00 hasta finalizar.&nbsp;<\/p>\n\n\n\n<p>Desde Cambridge (empresa encargada de la realizaci\u00f3n de las pruebas de acreditaci\u00f3n del nivel de ingl\u00e9s del alumnado de 6\u00ba) nos informa que existe la posibilidad de que las pruebas orales puedan ser grabadas para una posible reclamaci\u00f3n de la calificaci\u00f3n de la prueba. La grabaci\u00f3n ha sido solicitada por la Consejer\u00eda y solo se utilizar\u00e1 en caso de una solicitud de revisi\u00f3n de calificaciones y el abono de las tasas correspondientes de parte del solicitante, aqu\u00ed dejo un enlace con informaci\u00f3n al respecto&nbsp;<a href=\"https:\/\/urldefense.com\/v3\/__https:\/cambridgemb.com\/examenes-certificaciones-test-oficiales-exams\/reclamaciones-cambridge-english\/__;!!D9dNQwwGXtA!T3gd4n2-zmt0ULUPUW42E_-YfvrKYNfc_gRcNiH7Zq37gnMwOL-s3MAe2VEbeHdVUMXXHpPuZDxIxMD6CzxZCOJH6gta85pj7AElfeIHhKsGcQ$\" target=\"_blank\" rel=\"noreferrer noopener\">https:\/\/cambridgemb.com\/examenes-certificaciones-test-oficiales-exams\/reclamaciones-cambridge-english\/<\/a>.<\/p>\n\n\n\n<ul class=\"wp-block-list\">\n<li><strong>ACLARACI\u00d3N: LAS TASAS SOLO DEBER\u00c1N ABONARSE EN CASO DE GESTIONAR LA RECLAMACI\u00d3N, EN CASO CONTRARIO NO SER\u00c1 NECESARIO.<\/strong><\/li>\n<\/ul>\n\n\n\n<p>No se realizar\u00e1 ninguna grabaci\u00f3n en video de ning\u00fan examen de expresi\u00f3n oral, solo se har\u00e1n grabaciones de audio. Todas las grabaciones se almacenar\u00e1n de forma segura en un medio f\u00edsico en las oficinas del centro de ex\u00e1menes. Una vez que el per\u00edodo de consultas de resultados haya terminado, todas las grabaciones ser\u00e1n destruidas de forma segura. Si un estudiante no proporciona un formulario de consentimiento firmado, su examen de expresi\u00f3n oral no ser\u00e1 grabado ni el de su pareja (ya que la grabaci\u00f3n tiene que ser autorizado por ambos candidatos) incluso si el otro candidato ha proporcionado un formulario de consentimiento firmado. La pareja de candidatos tendr\u00e1n que entregar sus formularios a los examinadores de la prueba oral conforme entren en la sala de examen oral. Esta autorizaci\u00f3n quedar\u00e1 con los examinadores y se guardar\u00e1 en las oficinas del centro examinador.<\/p>\n\n\n\n<div class=\"wp-block-buttons is-content-justification-center is-layout-flex wp-container-core-buttons-is-layout-16018d1d wp-block-buttons-is-layout-flex\">\n<div class=\"wp-block-button is-style-fill\"><a class=\"wp-block-button__link wp-element-button\" href=\"https:\/\/site.educa.madrid.org\/cp.sansebastian.meco\/\/wp-content\/uploads\/cp.sansebastian.meco\/2024\/04\/Consent-form-Sp.pdf\" target=\"_blank\" rel=\"noreferrer noopener\">CONSENTIMIENTO GRABACI\u00d3N<\/a><\/div>\n<\/div>\n\n\n\n<hr class=\"wp-block-separator has-alpha-channel-opacity\"\/>\n\n\n\n<div class=\"wp-block-buttons is-layout-flex wp-block-buttons-is-layout-flex\">\n<div class=\"wp-block-button has-custom-font-size is-style-outline has-small-font-size is-style-outline--1\"><a class=\"wp-block-button__link has-black-color has-text-color wp-element-button\" href=\"https:\/\/site.educa.madrid.org\/cp.sansebastian.meco\/\/wp-content\/uploads\/cp.sansebastian.meco\/2024\/01\/resultados.pruebas.externas.ingles.sexto_.22-23.ceip_.sansebastian.pdf\" target=\"_blank\" rel=\"noreferrer noopener\">RESULTADOS PRUEBAS EXTERNAS CURSO 22-23<\/a><\/div>\n<\/div>\n","protected":false},"excerpt":{"rendered":"<p>Esta prueba organizada por Cambridge es&nbsp;obligatoria&nbsp;para el alumnado de 6\u00ba de primaria (niveles A2 y B1)&nbsp; y determina su posible incorporaci\u00f3n a [&hellip;]<\/p>\n","protected":false},"author":3,"featured_media":0,"parent":0,"menu_order":0,"comment_status":"closed","ping_status":"closed","template":"","meta":{"footnotes":""},"folder":[],"class_list":["post-7638","page","type-page","status-publish","hentry"],"rttpg_featured_image_url":null,"rttpg_author":{"display_name":"cp.sansebastian.meco","author_link":"https:\/\/site.educa.madrid.org\/cp.sansebastian.meco\/index.php\/author\/cuenta_cp-sansebastian-meco\/"},"rttpg_comment":0,"rttpg_category":false,"rttpg_excerpt":"Esta prueba organizada por Cambridge es&nbsp;obligatoria&nbsp;para el alumnado de 6\u00ba de primaria (niveles A2 y B1)&nbsp; y determina su posible incorporaci\u00f3n a [&hellip;]","post_mailing_queue_ids":[],"_links":{"self":[{"href":"https:\/\/site.educa.madrid.org\/cp.sansebastian.meco\/index.php\/wp-json\/wp\/v2\/pages\/7638","targetHints":{"allow":["GET"]}}],"collection":[{"href":"https:\/\/site.educa.madrid.org\/cp.sansebastian.meco\/index.php\/wp-json\/wp\/v2\/pages"}],"about":[{"href":"https:\/\/site.educa.madrid.org\/cp.sansebastian.meco\/index.php\/wp-json\/wp\/v2\/types\/page"}],"author":[{"embeddable":true,"href":"https:\/\/site.educa.madrid.org\/cp.sansebastian.meco\/index.php\/wp-json\/wp\/v2\/users\/3"}],"replies":[{"embeddable":true,"href":"https:\/\/site.educa.madrid.org\/cp.sansebastian.meco\/index.php\/wp-json\/wp\/v2\/comments?post=7638"}],"version-history":[{"count":10,"href":"https:\/\/site.educa.madrid.org\/cp.sansebastian.meco\/index.php\/wp-json\/wp\/v2\/pages\/7638\/revisions"}],"predecessor-version":[{"id":9626,"href":"https:\/\/site.educa.madrid.org\/cp.sansebastian.meco\/index.php\/wp-json\/wp\/v2\/pages\/7638\/revisions\/9626"}],"wp:attachment":[{"href":"https:\/\/site.educa.madrid.org\/cp.sansebastian.meco\/index.php\/wp-json\/wp\/v2\/media?parent=7638"}],"wp:term":[{"taxonomy":"folder","embeddable":true,"href":"https:\/\/site.educa.madrid.org\/cp.sansebastian.meco\/index.php\/wp-json\/wp\/v2\/folder?post=7638"}],"curies":[{"name":"wp","href":"https:\/\/api.w.org\/{rel}","templated":true}]}}