{"id":7647,"date":"2024-04-03T12:05:55","date_gmt":"2024-04-03T10:05:55","guid":{"rendered":"https:\/\/site.educa.madrid.org\/cp.sansebastian.meco\/?page_id=7647"},"modified":"2026-04-14T16:46:40","modified_gmt":"2026-04-14T14:46:40","slug":"pruebas-4o-y-6o-comunidad-de-madrid","status":"publish","type":"page","link":"https:\/\/site.educa.madrid.org\/cp.sansebastian.meco\/index.php\/pruebas-4o-y-6o-comunidad-de-madrid\/","title":{"rendered":"Pruebas 4\u00ba y 6\u00ba Comunidad de Madrid"},"content":{"rendered":"<div class=\"wp-block-image\">\n<figure class=\"aligncenter size-large is-resized\"><img loading=\"lazy\" decoding=\"async\" width=\"1024\" height=\"724\" src=\"https:\/\/site.educa.madrid.org\/cp.sansebastian.meco\/\/wp-content\/uploads\/cp.sansebastian.meco\/2026\/03\/pruebas-1024x724.png\" alt=\"\" class=\"wp-image-9582\" style=\"width:558px;height:auto\" srcset=\"https:\/\/site.educa.madrid.org\/cp.sansebastian.meco\/\/wp-content\/uploads\/cp.sansebastian.meco\/2026\/03\/pruebas-1024x724.png 1024w, https:\/\/site.educa.madrid.org\/cp.sansebastian.meco\/\/wp-content\/uploads\/cp.sansebastian.meco\/2026\/03\/pruebas-300x212.png 300w, https:\/\/site.educa.madrid.org\/cp.sansebastian.meco\/\/wp-content\/uploads\/cp.sansebastian.meco\/2026\/03\/pruebas-768x543.png 768w, https:\/\/site.educa.madrid.org\/cp.sansebastian.meco\/\/wp-content\/uploads\/cp.sansebastian.meco\/2026\/03\/pruebas-1536x1086.png 1536w, https:\/\/site.educa.madrid.org\/cp.sansebastian.meco\/\/wp-content\/uploads\/cp.sansebastian.meco\/2026\/03\/pruebas-1000x707.png 1000w, https:\/\/site.educa.madrid.org\/cp.sansebastian.meco\/\/wp-content\/uploads\/cp.sansebastian.meco\/2026\/03\/pruebas-230x163.png 230w, https:\/\/site.educa.madrid.org\/cp.sansebastian.meco\/\/wp-content\/uploads\/cp.sansebastian.meco\/2026\/03\/pruebas-350x247.png 350w, https:\/\/site.educa.madrid.org\/cp.sansebastian.meco\/\/wp-content\/uploads\/cp.sansebastian.meco\/2026\/03\/pruebas-480x339.png 480w, https:\/\/site.educa.madrid.org\/cp.sansebastian.meco\/\/wp-content\/uploads\/cp.sansebastian.meco\/2026\/03\/pruebas.png 2000w\" sizes=\"auto, (max-width: 1024px) 100vw, 1024px\" \/><\/figure>\n<\/div>\n\n\n<hr class=\"wp-block-separator has-alpha-channel-opacity\"\/>\n\n\n\n<p>Las pruebas de diagn\u00f3stico de 4\u00ba y 6\u00ba de primaria ser\u00e1n los d\u00edas 14 y 15 de abril.<\/p>\n\n\n\n<p>Estas pruebas eval\u00faan&nbsp;el grado de dominio de las competencias clave en comunicaci\u00f3n pluriling\u00fce, comunicaci\u00f3n ling\u00fc\u00edstica, competencia matem\u00e1tica, competencia en ciencia, tecnolog\u00eda e ingenier\u00eda y competencia personal, social y de aprender a aprender.<\/p>\n\n\n\n<p>Estas evaluaciones tienen en la Comunidad de Madrid un&nbsp;<strong><u>car\u00e1cter orientador, formativo, informativo e interno, siendo realizadas en todos los centros educativos y debiendo participar en ellas todo el alumnado matriculado en los cursos en los que se realiza<\/u><\/strong>.<\/p>\n\n\n\n<p>La Comunidad de Madrid realiza un curso m\u00e1s las pruebas que durante dos jornadas evaluar\u00e1n los conocimientos de los estudiantes de <strong>4\u00ba de Educaci\u00f3n Primaria <\/strong>y 2\u00ba de Secundaria, como indica la ley estatal, adem\u00e1s de los de<strong> 6\u00ba de Primaria <\/strong>y 4\u00ba de ESO por decisi\u00f3n del Gobierno regional.<\/p>\n\n\n\n<p>Esta medida, con este mismo formato por tercer a\u00f1o consecutivo, <strong>tiene como objetivo comprobar el nivel de los estudiantes no solo en los cursos intermedios, sino tambi\u00e9n al finalizar ambas etapas en todos los centros p\u00fablicos, concertados y privados. La finalidad de las evaluaciones es comprobar el grado de dominio de las competencias clave en comunicaci\u00f3n ling\u00fc\u00edstica, lenguas extranjeras, matem\u00e1ticas, ciencia,<\/strong> tecnolog\u00eda e ingenier\u00eda, <strong>adem\u00e1s de habilidades personales y sociales.<\/strong><\/p>\n\n\n\n<p><strong>As\u00ed, en las de Primaria se tomar\u00e1 como referente el grado de adquisici\u00f3n de las competencias espec\u00edficas en las \u00e1reas de Lengua Castellana y Literatura, Lengua Extranjera Ingl\u00e9s, Matem\u00e1ticas y Ciencias Sociales.<\/strong> Por otra parte, en Educaci\u00f3n Secundaria Obligatoria se har\u00e1 con las materias de Lengua Castellana y Literatura, Lengua Extranjera Ingl\u00e9s, Matem\u00e1ticas y Geograf\u00eda e Historia.<\/p>\n\n\n\n<p><strong>El desarrollo de la evaluaci\u00f3n est\u00e1 supervisado por los docentes de cada colegio<\/strong> e instituto, con el apoyo del personal de la Inspecci\u00f3n Educativa, las direcciones de \u00c1rea Territoriales y la Direcci\u00f3n General de Biling\u00fcismo y Calidad de la Ense\u00f1anza. Adem\u00e1s, los colegios e institutos madrile\u00f1os podr\u00e1n estudiar los resultados obtenidos por sus alumnos y utilizar ese an\u00e1lisis para aplicar planes de refuerzo y mejora del rendimiento acad\u00e9mico en cada asignatura.<\/p>\n\n\n\n<hr class=\"wp-block-separator has-alpha-channel-opacity\"\/>\n\n\n\n<h3 class=\"wp-block-heading has-vivid-cyan-blue-color has-text-color has-link-color wp-elements-bcb74c9c5d464eb05a7685c7adf40777\">Resultados Pruebas 4\u00ba curso pasado:<\/h3>\n\n\n<div class=\"wp-block-image\">\n<figure class=\"aligncenter size-large\"><a href=\"https:\/\/site.educa.madrid.org\/cp.sansebastian.meco\/\/wp-content\/uploads\/cp.sansebastian.meco\/2024\/10\/P.E.-4o-scaled.jpg\"><img loading=\"lazy\" decoding=\"async\" width=\"1024\" height=\"724\" src=\"https:\/\/site.educa.madrid.org\/cp.sansebastian.meco\/\/wp-content\/uploads\/cp.sansebastian.meco\/2024\/10\/P.E.-4o-1024x724.jpg\" alt=\"\" class=\"wp-image-8341\" srcset=\"https:\/\/site.educa.madrid.org\/cp.sansebastian.meco\/\/wp-content\/uploads\/cp.sansebastian.meco\/2024\/10\/P.E.-4o-1024x724.jpg 1024w, https:\/\/site.educa.madrid.org\/cp.sansebastian.meco\/\/wp-content\/uploads\/cp.sansebastian.meco\/2024\/10\/P.E.-4o-300x212.jpg 300w, https:\/\/site.educa.madrid.org\/cp.sansebastian.meco\/\/wp-content\/uploads\/cp.sansebastian.meco\/2024\/10\/P.E.-4o-768x543.jpg 768w, https:\/\/site.educa.madrid.org\/cp.sansebastian.meco\/\/wp-content\/uploads\/cp.sansebastian.meco\/2024\/10\/P.E.-4o-1536x1086.jpg 1536w, https:\/\/site.educa.madrid.org\/cp.sansebastian.meco\/\/wp-content\/uploads\/cp.sansebastian.meco\/2024\/10\/P.E.-4o-2048x1448.jpg 2048w, https:\/\/site.educa.madrid.org\/cp.sansebastian.meco\/\/wp-content\/uploads\/cp.sansebastian.meco\/2024\/10\/P.E.-4o-1000x707.jpg 1000w, https:\/\/site.educa.madrid.org\/cp.sansebastian.meco\/\/wp-content\/uploads\/cp.sansebastian.meco\/2024\/10\/P.E.-4o-230x163.jpg 230w, https:\/\/site.educa.madrid.org\/cp.sansebastian.meco\/\/wp-content\/uploads\/cp.sansebastian.meco\/2024\/10\/P.E.-4o-350x247.jpg 350w, https:\/\/site.educa.madrid.org\/cp.sansebastian.meco\/\/wp-content\/uploads\/cp.sansebastian.meco\/2024\/10\/P.E.-4o-480x339.jpg 480w\" sizes=\"auto, (max-width: 1024px) 100vw, 1024px\" \/><\/a><\/figure>\n<\/div>\n\n\n<hr class=\"wp-block-separator has-alpha-channel-opacity\"\/>\n\n\n\n<h3 class=\"wp-block-heading has-luminous-vivid-orange-color has-text-color has-link-color wp-elements-5de21bdbd8cd203fdcec8fe4b416d049\">Resultados Pruebas 6\u00ba curso pasado:<\/h3>\n\n\n<div class=\"wp-block-image\">\n<figure class=\"aligncenter size-large\"><a href=\"https:\/\/site.educa.madrid.org\/cp.sansebastian.meco\/\/wp-content\/uploads\/cp.sansebastian.meco\/2024\/10\/P.E.-6o.jpg\"><img loading=\"lazy\" decoding=\"async\" width=\"1024\" height=\"724\" src=\"https:\/\/site.educa.madrid.org\/cp.sansebastian.meco\/\/wp-content\/uploads\/cp.sansebastian.meco\/2024\/10\/P.E.-6o-1024x724.jpg\" alt=\"\" class=\"wp-image-8342\" srcset=\"https:\/\/site.educa.madrid.org\/cp.sansebastian.meco\/\/wp-content\/uploads\/cp.sansebastian.meco\/2024\/10\/P.E.-6o-1024x724.jpg 1024w, https:\/\/site.educa.madrid.org\/cp.sansebastian.meco\/\/wp-content\/uploads\/cp.sansebastian.meco\/2024\/10\/P.E.-6o-300x212.jpg 300w, https:\/\/site.educa.madrid.org\/cp.sansebastian.meco\/\/wp-content\/uploads\/cp.sansebastian.meco\/2024\/10\/P.E.-6o-768x543.jpg 768w, https:\/\/site.educa.madrid.org\/cp.sansebastian.meco\/\/wp-content\/uploads\/cp.sansebastian.meco\/2024\/10\/P.E.-6o-1536x1086.jpg 1536w, https:\/\/site.educa.madrid.org\/cp.sansebastian.meco\/\/wp-content\/uploads\/cp.sansebastian.meco\/2024\/10\/P.E.-6o-1000x707.jpg 1000w, https:\/\/site.educa.madrid.org\/cp.sansebastian.meco\/\/wp-content\/uploads\/cp.sansebastian.meco\/2024\/10\/P.E.-6o-230x163.jpg 230w, https:\/\/site.educa.madrid.org\/cp.sansebastian.meco\/\/wp-content\/uploads\/cp.sansebastian.meco\/2024\/10\/P.E.-6o-350x247.jpg 350w, https:\/\/site.educa.madrid.org\/cp.sansebastian.meco\/\/wp-content\/uploads\/cp.sansebastian.meco\/2024\/10\/P.E.-6o-480x339.jpg 480w, https:\/\/site.educa.madrid.org\/cp.sansebastian.meco\/\/wp-content\/uploads\/cp.sansebastian.meco\/2024\/10\/P.E.-6o.jpg 1754w\" sizes=\"auto, (max-width: 1024px) 100vw, 1024px\" \/><\/a><\/figure>\n<\/div>\n\n\n<hr class=\"wp-block-separator has-alpha-channel-opacity\"\/>\n\n\n\n<p>La Comunidad de Madrid evaluar\u00e1 anualmente los conocimientos  del alumnado para reforzar la calidad de la ense\u00f1anza en la regi\u00f3n. Adem\u00e1s de las establecidas en la ley estatal para 4\u00ba de Educaci\u00f3n Primaria y 2\u00ba de Secundaria, el Gobierno auton\u00f3mico har\u00e1 tambi\u00e9n evaluaciones anuales a los escolares de los \u00faltimos cursos de ambas etapas (6\u00ba de Primaria y 4\u00ba de la ESO). Todas ellas incorporar\u00e1n tambi\u00e9n las asignaturas de Ingl\u00e9s y Geograf\u00eda e historia o Ciencias sociales junto a las habituales de Lengua y Matem\u00e1ticas.<\/p>\n\n\n\n<p>Este curso La Comunidad de Madrid vuelve a realizar las&nbsp;<strong>pruebas externas de 4\u00ba y 6\u00ba de primaria,<\/strong>&nbsp;estas pruebas se realizar\u00e1n en todos los centros educativos los d\u00edas&nbsp;<strong>29 y 30 de abril.<\/strong><\/p>\n\n\n\n<p>Estas pruebas eval\u00faan&nbsp;el grado de dominio de las competencias clave en comunicaci\u00f3n pluriling\u00fce, comunicaci\u00f3n ling\u00fc\u00edstica, competencia matem\u00e1tica, competencia en ciencia, tecnolog\u00eda e ingenier\u00eda y competencia personal, social y de aprender a aprender.<\/p>\n\n\n\n<p>Estas evaluaciones tienen en la Comunidad de Madrid un&nbsp;<strong><u>car\u00e1cter orientador, formativo, informativo e interno, siendo realizadas en todos los centros educativos y debiendo participar en ellas todo el alumnado matriculado en los cursos en los que se realiza<\/u><\/strong>. <\/p>\n","protected":false},"excerpt":{"rendered":"<p>Las pruebas de diagn\u00f3stico de 4\u00ba y 6\u00ba de primaria ser\u00e1n los d\u00edas 14 y 15 de abril. Estas pruebas eval\u00faan&nbsp;el grado [&hellip;]<\/p>\n","protected":false},"author":3,"featured_media":0,"parent":0,"menu_order":0,"comment_status":"closed","ping_status":"closed","template":"","meta":{"footnotes":""},"folder":[],"class_list":["post-7647","page","type-page","status-publish","hentry"],"rttpg_featured_image_url":null,"rttpg_author":{"display_name":"cp.sansebastian.meco","author_link":"https:\/\/site.educa.madrid.org\/cp.sansebastian.meco\/index.php\/author\/cuenta_cp-sansebastian-meco\/"},"rttpg_comment":0,"rttpg_category":false,"rttpg_excerpt":"Las pruebas de diagn\u00f3stico de 4\u00ba y 6\u00ba de primaria ser\u00e1n los d\u00edas 14 y 15 de abril. Estas pruebas eval\u00faan&nbsp;el grado [&hellip;]","post_mailing_queue_ids":[],"_links":{"self":[{"href":"https:\/\/site.educa.madrid.org\/cp.sansebastian.meco\/index.php\/wp-json\/wp\/v2\/pages\/7647","targetHints":{"allow":["GET"]}}],"collection":[{"href":"https:\/\/site.educa.madrid.org\/cp.sansebastian.meco\/index.php\/wp-json\/wp\/v2\/pages"}],"about":[{"href":"https:\/\/site.educa.madrid.org\/cp.sansebastian.meco\/index.php\/wp-json\/wp\/v2\/types\/page"}],"author":[{"embeddable":true,"href":"https:\/\/site.educa.madrid.org\/cp.sansebastian.meco\/index.php\/wp-json\/wp\/v2\/users\/3"}],"replies":[{"embeddable":true,"href":"https:\/\/site.educa.madrid.org\/cp.sansebastian.meco\/index.php\/wp-json\/wp\/v2\/comments?post=7647"}],"version-history":[{"count":9,"href":"https:\/\/site.educa.madrid.org\/cp.sansebastian.meco\/index.php\/wp-json\/wp\/v2\/pages\/7647\/revisions"}],"predecessor-version":[{"id":9625,"href":"https:\/\/site.educa.madrid.org\/cp.sansebastian.meco\/index.php\/wp-json\/wp\/v2\/pages\/7647\/revisions\/9625"}],"wp:attachment":[{"href":"https:\/\/site.educa.madrid.org\/cp.sansebastian.meco\/index.php\/wp-json\/wp\/v2\/media?parent=7647"}],"wp:term":[{"taxonomy":"folder","embeddable":true,"href":"https:\/\/site.educa.madrid.org\/cp.sansebastian.meco\/index.php\/wp-json\/wp\/v2\/folder?post=7647"}],"curies":[{"name":"wp","href":"https:\/\/api.w.org\/{rel}","templated":true}]}}