{"id":1772,"date":"2021-11-17T11:56:28","date_gmt":"2021-11-17T10:56:28","guid":{"rendered":"https:\/\/seisdediciembre.com\/?page_id=1772"},"modified":"2023-04-20T11:41:28","modified_gmt":"2023-04-20T09:41:28","slug":"etwinning-en-el-seis-de-diciembre","status":"publish","type":"page","link":"https:\/\/site.educa.madrid.org\/cp.seisdediciembre.torrejondeardoz\/index.php\/etwinning-en-el-seis-de-diciembre\/","title":{"rendered":"eTwinning en el Seis de Diciembre"},"content":{"rendered":"\n<h3 class=\"wp-block-heading\"><strong>\u00bfQu\u00e9 es <\/strong><strong>eTwinning?<\/strong><\/h3>\n\n\n\n<p>Es la comunidad de centros escolares de pa\u00edses europeos que ofrece una plataforma a los equipos educativos para comunicarse, colaborar, desarrollar proyectos, compartir&#8230;&nbsp;<strong>eTwinning<\/strong>&nbsp;est\u00e1 cofinanciado por&nbsp;Erasmus+, programa europeo para la educaci\u00f3n, formaci\u00f3n, juventud y deporte.<\/p>\n\n\n\n<div class=\"wp-block-buttons is-layout-flex wp-block-buttons-is-layout-flex\">\n<div class=\"wp-block-button\"><a class=\"wp-block-button__link has-vivid-cyan-blue-background-color has-background\" href=\"http:\/\/ec.europa.eu\/programmes\/erasmus-plus\/node_es\" target=\"_blank\" rel=\"noreferrer noopener\">erasmus+<\/a><\/div>\n<\/div>\n\n\n\n<h3 class=\"wp-block-heading\"><strong><img loading=\"lazy\" decoding=\"async\" class=\"size-medium wp-image-1700 alignright\" src=\"https:\/\/site.educa.madrid.org\/cp.seisdediciembre.torrejondeardoz\/\/wp-content\/uploads\/cp.seisdediciembre.torrejondeardoz\/2021\/11\/Logo_eTwinning-300x214.jpg\" alt=\"\" width=\"300\" height=\"214\" srcset=\"https:\/\/site.educa.madrid.org\/cp.seisdediciembre.torrejondeardoz\/\/wp-content\/uploads\/cp.seisdediciembre.torrejondeardoz\/2021\/11\/Logo_eTwinning-300x214.jpg 300w, https:\/\/site.educa.madrid.org\/cp.seisdediciembre.torrejondeardoz\/\/wp-content\/uploads\/cp.seisdediciembre.torrejondeardoz\/2021\/11\/Logo_eTwinning-768x548.jpg 768w, https:\/\/site.educa.madrid.org\/cp.seisdediciembre.torrejondeardoz\/\/wp-content\/uploads\/cp.seisdediciembre.torrejondeardoz\/2021\/11\/Logo_eTwinning.jpg 811w\" sizes=\"auto, (max-width: 300px) 100vw, 300px\" \/>eTwinning en el Seis de Diciembre<\/strong><\/h3>\n\n\n\n<p>Los grupos de 1\u00ba de Primaria, con el fin de motivar, aprender, conocer y comunicarnos con ni\u00f1os y ni\u00f1as de otros centros educativos de la Uni\u00f3n Europea, vamos a participar en un peque\u00f1o proyecto relacionado con la Navidad en el que participamos colegios de Polonia, Grecia, Francia, Lituania, Italia y Espa\u00f1a.<\/p>\n\n\n\n<p>\u00a1Estamos muy ilusionados y deseosos de comenzar!<\/p>\n\n\n\n<div style=\"height:1px\" aria-hidden=\"true\" class=\"wp-block-spacer\"><\/div>\n\n\n\n<hr class=\"wp-block-separator has-text-color has-background has-cyan-bluish-gray-background-color has-cyan-bluish-gray-color\"\/>\n\n\n\n<div style=\"height:9px\" aria-hidden=\"true\" class=\"wp-block-spacer\"><\/div>\n\n\n\n<h3 class=\"wp-block-heading\">NOVEDADES ETWINNING<\/h3>\n\n\n\n<div style=\"height:2px\" aria-hidden=\"true\" class=\"wp-block-spacer\"><\/div>\n\n\n<style type='text\/css' media='all'>#rt-tpg-container-3416410235 .rt-holder .rt-woo-info .price{color:#ff7a7a;}body .rt-tpg-container .rt-tpg-isotope-buttons .selected,\n\t\t\t\t\t#rt-tpg-container-3416410235 .layout12 .rt-holder:hover .rt-detail,\n\t\t\t\t\t#rt-tpg-container-3416410235 .isotope8 .rt-holder:hover .rt-detail,\n\t\t\t\t\t#rt-tpg-container-3416410235 .carousel8 .rt-holder:hover .rt-detail,\n\t\t\t\t\t#rt-tpg-container-3416410235 .layout13 .rt-holder .overlay .post-info,\n\t\t\t\t\t#rt-tpg-container-3416410235 .isotope9 .rt-holder .overlay .post-info,\n\t\t\t\t\t#rt-tpg-container-3416410235.rt-tpg-container .layout4 .rt-holder .rt-detail,\n\t\t\t\t\t.rt-modal-3416410235 .md-content,\n\t\t\t\t\t.rt-modal-3416410235 .md-content > .rt-md-content-holder .rt-md-content,\n\t\t\t\t\t.rt-popup-wrap-3416410235.rt-popup-wrap .rt-popup-navigation-wrap,\n\t\t\t\t\t#rt-tpg-container-3416410235 .carousel9 .rt-holder .overlay .post-info{background-color:#ff7a7a;}#rt-tpg-container-3416410235 .layout5 .rt-holder .overlay, #rt-tpg-container-3416410235 .isotope2 .rt-holder .overlay, #rt-tpg-container-3416410235 .carousel2 .rt-holder .overlay,#rt-tpg-container-3416410235 .layout15 .rt-holder h3, #rt-tpg-container-3416410235 .isotope11 .rt-holder h3, #rt-tpg-container-3416410235 .carousel11 .rt-holder h3, #rt-tpg-container-3416410235 .layout16 .rt-holder h3,\n\t\t\t\t\t#rt-tpg-container-3416410235 .isotope12 .rt-holder h3, #rt-tpg-container-3416410235 .carousel12 .rt-holder h3 {background-color:rgba(255,122,122,0.8);}#rt-tpg-container-3416410235 .pagination-list li a,\n\t\t\t\t\trt-tpg-container-3416410235 .pagination-list li span,\n\t\t\t\t\trt-tpg-container-3416410235 .pagination li a,\n\t\t\t\t\t#rt-tpg-container-3416410235 .rt-tpg-isotope-buttons button,\n\t\t\t\t\t#rt-tpg-container-3416410235 .rt-tpg-utility .rt-tpg-load-more button,\n\t\t\t\t\t#rt-tpg-container-3416410235.rt-tpg-container .swiper-navigation .slider-btn,\n\t\t\t\t\t#rt-tpg-container-3416410235.rt-tpg-container .swiper-pagination-bullet,\n\t\t\t\t\t#rt-tpg-container-3416410235 .wc1 .rt-holder .rt-img-holder .overlay .product-more ul li a,\n\t\t\t\t\t#rt-tpg-container-3416410235 .wc2 .rt-detail .rt-wc-add-to-cart,\n\t\t\t\t\t#rt-tpg-container-3416410235 .wc3 .rt-detail .rt-wc-add-to-cart,\n\t\t\t\t\t#rt-tpg-container-3416410235 .wc4 .rt-detail .rt-wc-add-to-cart,\n\t\t\t\t\t#rt-tpg-container-3416410235 .wc-carousel2 .rt-detail .rt-wc-add-to-cart,\n\t\t\t\t\t#rt-tpg-container-3416410235 .wc-isotope2 .rt-detail .rt-wc-add-to-cart,\n\t\t\t\t\t#rt-tpg-container-3416410235 .rt-layout-filter-container .rt-filter-wrap .rt-filter-item-wrap.rt-filter-dropdown-wrap .rt-filter-dropdown,\n\t\t\t\t\t#rt-tpg-container-3416410235 .rt-layout-filter-container .rt-filter-sub-tax.sub-button-group .rt-filter-button-item,\n\t\t\t\t\t#rt-tpg-container-3416410235.rt-tpg-container .rt-pagination-wrap .rt-page-numbers .paginationjs .paginationjs-pages ul li>a,\n\t\t\t\t\t#rt-tpg-container-3416410235 .rt-filter-item-wrap.rt-filter-button-wrap span.rt-filter-button-item,\n\t\t\t\t\t#rt-tpg-container-3416410235.rt-tpg-container .rt-pagination-wrap  .rt-loadmore-btn,\n\t\t\t\t\t#rt-tpg-container-3416410235.rt-tpg-container .rt-pagination-wrap .rt-cb-page-prev-next > *,\n\t\t\t\t\t#rt-tpg-container-3416410235 .rt-read-more,\n\t\t\t\t\t#rt-tooltip-3416410235, #rt-tooltip-3416410235 .rt-tooltip-bottom:after{background-color:#ff4444;}#rt-tpg-container-3416410235 .rt-filter-item-wrap.rt-filter-button-wrap span.rt-filter-button-item,\n\t\t\t\t\t#rt-tpg-container-3416410235 .rt-layout-filter-container .rt-filter-sub-tax.sub-button-group .rt-filter-button-item{border-color:#ff4444;}#rt-tpg-container-3416410235.rt-tpg-container .layout17 .rt-holder .overlay a.tpg-zoom .fa{color:#ff4444;}#rt-tpg-container-3416410235 .rt-holder .read-more a {background-color:#ff4444;padding: 8px 15px;}#rt-tpg-container-3416410235 .pagination-list li a,\n\t\t\t\t\t#rt-tpg-container-3416410235 .pagination li a,\n\t\t\t\t\t#rt-tpg-container-3416410235 .rt-tpg-isotope-buttons button,\n\t\t\t\t\t#rt-tpg-container-3416410235 .rt-holder .read-more a,\n\t\t\t\t\t#rt-tpg-container-3416410235 .rt-tpg-utility .rt-tpg-load-more button,\n\t\t\t\t\t#rt-tpg-container-3416410235.rt-tpg-container .swiper-navigation .slider-btn,\n\t\t\t\t\t#rt-tpg-container-3416410235 .wc1 .rt-holder .rt-img-holder .overlay .product-more ul li a,\n\t\t\t\t\t#rt-tpg-container-3416410235 .edd1 .rt-holder .rt-img-holder .overlay .product-more ul li a,\n\t\t\t\t\t#rt-tpg-container-3416410235 .wc2 .rt-detail .rt-wc-add-to-cart,\n\t\t\t\t\t#rt-tpg-container-3416410235 .wc3 .rt-detail .rt-wc-add-to-cart,\n\t\t\t\t\t#rt-tpg-container-3416410235 .edd2 .rt-detail .rt-wc-add-to-cart,\n\t\t\t\t\t#rt-tpg-container-3416410235 .wc4 .rt-detail .rt-wc-add-to-cart,\n\t\t\t\t\t#rt-tpg-container-3416410235 .edd3 .rt-detail .rt-wc-add-to-cart,\n\t\t\t\t\t#rt-tpg-container-3416410235 .wc-carousel2 .rt-detail .rt-wc-add-to-cart,\n\t\t\t\t\t#rt-tpg-container-3416410235 .wc-isotope2 .rt-detail .rt-wc-add-to-cart,\n\t\t\t\t\t#rt-tpg-container-3416410235 .rt-tpg-utility .rt-tpg-load-more button,\n\t\t\t\t\t#rt-tooltip-3416410235,\n\t\t\t\t\t#rt-tpg-container-3416410235 .rt-filter-item-wrap.rt-filter-button-wrap span.rt-filter-button-item,\n\t\t\t\t\t#rt-tpg-container-3416410235 .rt-layout-filter-container .rt-filter-sub-tax.sub-button-group .rt-filter-button-item,\n\t\t\t\t\t#rt-tpg-container-3416410235 .rt-layout-filter-container .rt-filter-wrap .rt-filter-item-wrap.rt-sort-order-action,\n\t\t\t\t\t#rt-tpg-container-3416410235 .rt-layout-filter-container .rt-filter-wrap .rt-filter-item-wrap.rt-filter-dropdown-wrap .rt-filter-dropdown .rt-filter-dropdown-item,\n\t\t\t\t\t#rt-tpg-container-3416410235.rt-tpg-container .rt-pagination-wrap .rt-page-numbers .paginationjs .paginationjs-pages ul li>a,\n\t\t\t\t\t#rt-tpg-container-3416410235.rt-tpg-container .rt-pagination-wrap .rt-cb-page-prev-next > *,\n\t\t\t\t\t#rt-tpg-container-3416410235.rt-tpg-container .rt-pagination-wrap  .rt-loadmore-btn,\n\t\t\t\t\t#rt-tpg-container-3416410235 .rt-read-more,\n\t\t\t\t\t#rt-tooltip-3416410235 .rt-tooltip-bottom:after{color:#ffffff;}#rt-tpg-container-3416410235 .read-more a{border-radius:60px;}#rt-tpg-container-3416410235.rt-tpg-container {background:#ff4444;}#rt-tpg-container-3416410235.rt-tpg-container {padding:50px 50px 50px 50px;}#rt-tpg-container-3416410235 .rt-img-holder img.rt-img-responsive,#rt-tpg-container-3416410235 .rt-img-holder,\n\t\t\t\t\t#rt-tpg-container-3416410235 .rt-post-overlay .post-img,\n\t\t\t\t\t#rt-tpg-container-3416410235 .post-sm .post-img,\n\t\t\t\t\t#rt-tpg-container-3416410235 .rt-post-grid .post-img,\n\t\t\t\t\t#rt-tpg-container-3416410235 .post-img img {border-radius:px;}#rt-tpg-container-3416410235 .layout12 .rt-holder .tpg-excerpt,#rt-tpg-container-3416410235 .layout12 .tpg-excerpt,#rt-tpg-container-3416410235 .layout12 .rt-holder .post-content,#rt-tpg-container-3416410235 .rt-holder .rt-woo-info p,#rt-tpg-container-3416410235 .post-content p {color:#878787;font-size:15px;}<\/style><div class='rt-container-fluid rt-tpg-container tpg-shortcode-main-wrapper ' id='rt-tpg-container-3416410235'   data-layout='layout12' data-grid-style='even' data-desktop-col='3'  data-tab-col='2'  data-mobile-col='1' data-sc-id='2811'><div data-title='Loading ...' class='rt-row rt-content-loader   layout12 tpg-even '><div class=\"rt-col-md-4 rt-col-sm-6 rt-col-xs-12 even-grid-item rt-grid-item\" data-id=\"1775\"><div class=\"rt-holder\"><div class=\"rt-img-holder\"><a data-id='1775' class='' href='https:\/\/site.educa.madrid.org\/cp.seisdediciembre.torrejondeardoz\/index.php\/2021\/12\/21\/hemos-recibido-christmas-de-eslovenia-y-francia\/'><img loading=\"lazy\" decoding=\"async\" width=\"2000\" height=\"1500\" src=\"https:\/\/site.educa.madrid.org\/cp.seisdediciembre.torrejondeardoz\/\/wp-content\/uploads\/cp.seisdediciembre.torrejondeardoz\/2021\/12\/christmasseis_1.jpeg\" class=\"rt-img-responsive \" alt=\"\" \/><\/a><\/div> <div class='rt-detail'><h3 class=\"entry-title\"><a data-id=\"1775\" class=\"\" href=\"https:\/\/site.educa.madrid.org\/cp.seisdediciembre.torrejondeardoz\/index.php\/2021\/12\/21\/hemos-recibido-christmas-de-eslovenia-y-francia\/\">Proyecto Etwinning: \u00a1Hemos recibido Christmas de Eslovenia y Francia!<\/a><\/h3><div class='tpg-excerpt'>...<\/div><div class='post-meta center'><span class='read-more'><a data-id='1775' class='' href='https:\/\/site.educa.madrid.org\/cp.seisdediciembre.torrejondeardoz\/index.php\/2021\/12\/21\/hemos-recibido-christmas-de-eslovenia-y-francia\/'>SABER M\u00c1S<\/a><\/span><\/div><\/div><\/div><\/div><div class=\"rt-col-md-4 rt-col-sm-6 rt-col-xs-12 even-grid-item rt-grid-item\" data-id=\"1755\"><div class=\"rt-holder\"><div class=\"rt-img-holder\"><a data-id='1755' class='' href='https:\/\/site.educa.madrid.org\/cp.seisdediciembre.torrejondeardoz\/index.php\/2021\/12\/17\/proyecto-christmas-exchange\/'><img loading=\"lazy\" decoding=\"async\" width=\"1280\" height=\"720\" src=\"https:\/\/site.educa.madrid.org\/cp.seisdediciembre.torrejondeardoz\/\/wp-content\/uploads\/cp.seisdediciembre.torrejondeardoz\/2021\/12\/Christmas-corner_Seis-de-Diciembre_School_Spain.jpg\" class=\"rt-img-responsive \" alt=\"\" \/><\/a><\/div> <div class='rt-detail'><h3 class=\"entry-title\"><a data-id=\"1755\" class=\"\" href=\"https:\/\/site.educa.madrid.org\/cp.seisdediciembre.torrejondeardoz\/index.php\/2021\/12\/17\/proyecto-christmas-exchange\/\">Proyecto \u00abChristmas exchange\u00bb<\/a><\/h3><div class='tpg-excerpt'>Aqu\u00ed os dejamos una selecci\u00f3n de fotos del proyecto eTwinning \u00abChristmas exchange\u00bb que los alumnos...<\/div><div class='post-meta center'><span class='read-more'><a data-id='1755' class='' href='https:\/\/site.educa.madrid.org\/cp.seisdediciembre.torrejondeardoz\/index.php\/2021\/12\/17\/proyecto-christmas-exchange\/'>SABER M\u00c1S<\/a><\/span><\/div><\/div><\/div><\/div><\/div><\/div>\n","protected":false},"excerpt":{"rendered":"<p>\u00bfQu\u00e9 es eTwinning? Es la comunidad de centros escolares de pa\u00edses europeos que ofrece una plataforma a los equipos educativos para comunicarse, [&hellip;]<\/p>\n","protected":false},"author":3,"featured_media":1700,"parent":0,"menu_order":0,"comment_status":"closed","ping_status":"closed","template":"page-templates\/page_fullwidth.php","meta":{"footnotes":""},"folder":[],"class_list":["post-1772","page","type-page","status-publish","has-post-thumbnail","hentry"],"rttpg_featured_image_url":{"full":["https:\/\/site.educa.madrid.org\/cp.seisdediciembre.torrejondeardoz\/\/wp-content\/uploads\/cp.seisdediciembre.torrejondeardoz\/2021\/11\/Logo_eTwinning.jpg",811,579,false],"landscape":["https:\/\/site.educa.madrid.org\/cp.seisdediciembre.torrejondeardoz\/\/wp-content\/uploads\/cp.seisdediciembre.torrejondeardoz\/2021\/11\/Logo_eTwinning.jpg",811,579,false],"portraits":["https:\/\/site.educa.madrid.org\/cp.seisdediciembre.torrejondeardoz\/\/wp-content\/uploads\/cp.seisdediciembre.torrejondeardoz\/2021\/11\/Logo_eTwinning.jpg",811,579,false],"thumbnail":["https:\/\/site.educa.madrid.org\/cp.seisdediciembre.torrejondeardoz\/\/wp-content\/uploads\/cp.seisdediciembre.torrejondeardoz\/2021\/11\/Logo_eTwinning-150x150.jpg",150,150,true],"medium":["https:\/\/site.educa.madrid.org\/cp.seisdediciembre.torrejondeardoz\/\/wp-content\/uploads\/cp.seisdediciembre.torrejondeardoz\/2021\/11\/Logo_eTwinning-300x214.jpg",300,214,true],"large":["https:\/\/site.educa.madrid.org\/cp.seisdediciembre.torrejondeardoz\/\/wp-content\/uploads\/cp.seisdediciembre.torrejondeardoz\/2021\/11\/Logo_eTwinning.jpg",811,579,false],"thumblist":["https:\/\/site.educa.madrid.org\/cp.seisdediciembre.torrejondeardoz\/\/wp-content\/uploads\/cp.seisdediciembre.torrejondeardoz\/2021\/11\/Logo_eTwinning-300x300.jpg",300,300,true],"thumbrelated":["https:\/\/site.educa.madrid.org\/cp.seisdediciembre.torrejondeardoz\/\/wp-content\/uploads\/cp.seisdediciembre.torrejondeardoz\/2021\/11\/Logo_eTwinning.jpg",500,357,false],"meccarouselthumb":["https:\/\/site.educa.madrid.org\/cp.seisdediciembre.torrejondeardoz\/\/wp-content\/uploads\/cp.seisdediciembre.torrejondeardoz\/2021\/11\/Logo_eTwinning-474x324.jpg",474,324,true],"gridsquare":["https:\/\/site.educa.madrid.org\/cp.seisdediciembre.torrejondeardoz\/\/wp-content\/uploads\/cp.seisdediciembre.torrejondeardoz\/2021\/11\/Logo_eTwinning-391x260.jpg",391,260,true],"tileview":["https:\/\/site.educa.madrid.org\/cp.seisdediciembre.torrejondeardoz\/\/wp-content\/uploads\/cp.seisdediciembre.torrejondeardoz\/2021\/11\/Logo_eTwinning-300x400.jpg",300,400,true],"1536x1536":["https:\/\/site.educa.madrid.org\/cp.seisdediciembre.torrejondeardoz\/\/wp-content\/uploads\/cp.seisdediciembre.torrejondeardoz\/2021\/11\/Logo_eTwinning.jpg",811,579,false],"2048x2048":["https:\/\/site.educa.madrid.org\/cp.seisdediciembre.torrejondeardoz\/\/wp-content\/uploads\/cp.seisdediciembre.torrejondeardoz\/2021\/11\/Logo_eTwinning.jpg",811,579,false],"sydney-large-thumb":["https:\/\/site.educa.madrid.org\/cp.seisdediciembre.torrejondeardoz\/\/wp-content\/uploads\/cp.seisdediciembre.torrejondeardoz\/2021\/11\/Logo_eTwinning.jpg",811,579,false],"sydney-medium-thumb":["https:\/\/site.educa.madrid.org\/cp.seisdediciembre.torrejondeardoz\/\/wp-content\/uploads\/cp.seisdediciembre.torrejondeardoz\/2021\/11\/Logo_eTwinning.jpg",550,393,false],"sydney-small-thumb":["https:\/\/site.educa.madrid.org\/cp.seisdediciembre.torrejondeardoz\/\/wp-content\/uploads\/cp.seisdediciembre.torrejondeardoz\/2021\/11\/Logo_eTwinning.jpg",230,164,false],"sydney-service-thumb":["https:\/\/site.educa.madrid.org\/cp.seisdediciembre.torrejondeardoz\/\/wp-content\/uploads\/cp.seisdediciembre.torrejondeardoz\/2021\/11\/Logo_eTwinning.jpg",350,250,false],"sydney-mas-thumb":["https:\/\/site.educa.madrid.org\/cp.seisdediciembre.torrejondeardoz\/\/wp-content\/uploads\/cp.seisdediciembre.torrejondeardoz\/2021\/11\/Logo_eTwinning.jpg",480,343,false],"sow-carousel-default":["https:\/\/site.educa.madrid.org\/cp.seisdediciembre.torrejondeardoz\/\/wp-content\/uploads\/cp.seisdediciembre.torrejondeardoz\/2021\/11\/Logo_eTwinning-272x182.jpg",272,182,true],"sow-post-carousel-overlay-theme":["https:\/\/site.educa.madrid.org\/cp.seisdediciembre.torrejondeardoz\/\/wp-content\/uploads\/cp.seisdediciembre.torrejondeardoz\/2021\/11\/Logo_eTwinning.jpg",360,257,false],"sow-post-carousel-cards-theme":["https:\/\/site.educa.madrid.org\/cp.seisdediciembre.torrejondeardoz\/\/wp-content\/uploads\/cp.seisdediciembre.torrejondeardoz\/2021\/11\/Logo_eTwinning.jpg",336,240,false],"rt_custom":["https:\/\/site.educa.madrid.org\/cp.seisdediciembre.torrejondeardoz\/\/wp-content\/uploads\/cp.seisdediciembre.torrejondeardoz\/2021\/11\/Logo_eTwinning.jpg",811,579,false]},"rttpg_author":{"display_name":"cp.seisdediciembre.torrejondeardoz","author_link":"https:\/\/site.educa.madrid.org\/cp.seisdediciembre.torrejondeardoz\/index.php\/author\/cuenta_cp-seisdediciembre-torrejondeardoz\/"},"rttpg_comment":0,"rttpg_category":"","rttpg_excerpt":"\u00bfQu\u00e9 es eTwinning? Es la comunidad de centros escolares de pa\u00edses europeos que ofrece una plataforma a los equipos educativos para comunicarse, [&hellip;]","post_mailing_queue_ids":[],"_links":{"self":[{"href":"https:\/\/site.educa.madrid.org\/cp.seisdediciembre.torrejondeardoz\/index.php\/wp-json\/wp\/v2\/pages\/1772","targetHints":{"allow":["GET"]}}],"collection":[{"href":"https:\/\/site.educa.madrid.org\/cp.seisdediciembre.torrejondeardoz\/index.php\/wp-json\/wp\/v2\/pages"}],"about":[{"href":"https:\/\/site.educa.madrid.org\/cp.seisdediciembre.torrejondeardoz\/index.php\/wp-json\/wp\/v2\/types\/page"}],"author":[{"embeddable":true,"href":"https:\/\/site.educa.madrid.org\/cp.seisdediciembre.torrejondeardoz\/index.php\/wp-json\/wp\/v2\/users\/3"}],"replies":[{"embeddable":true,"href":"https:\/\/site.educa.madrid.org\/cp.seisdediciembre.torrejondeardoz\/index.php\/wp-json\/wp\/v2\/comments?post=1772"}],"version-history":[{"count":5,"href":"https:\/\/site.educa.madrid.org\/cp.seisdediciembre.torrejondeardoz\/index.php\/wp-json\/wp\/v2\/pages\/1772\/revisions"}],"predecessor-version":[{"id":2816,"href":"https:\/\/site.educa.madrid.org\/cp.seisdediciembre.torrejondeardoz\/index.php\/wp-json\/wp\/v2\/pages\/1772\/revisions\/2816"}],"wp:featuredmedia":[{"embeddable":true,"href":"https:\/\/site.educa.madrid.org\/cp.seisdediciembre.torrejondeardoz\/index.php\/wp-json\/wp\/v2\/media\/1700"}],"wp:attachment":[{"href":"https:\/\/site.educa.madrid.org\/cp.seisdediciembre.torrejondeardoz\/index.php\/wp-json\/wp\/v2\/media?parent=1772"}],"wp:term":[{"taxonomy":"folder","embeddable":true,"href":"https:\/\/site.educa.madrid.org\/cp.seisdediciembre.torrejondeardoz\/index.php\/wp-json\/wp\/v2\/folder?post=1772"}],"curies":[{"name":"wp","href":"https:\/\/api.w.org\/{rel}","templated":true}]}}