{"id":1856,"date":"2022-03-01T19:22:03","date_gmt":"2022-03-01T18:22:03","guid":{"rendered":"https:\/\/seisdediciembre.com\/?page_id=1856"},"modified":"2022-03-01T19:22:03","modified_gmt":"2022-03-01T18:22:03","slug":"art-ephemeral-proyecto-erasmus-internacional","status":"publish","type":"page","link":"https:\/\/site.educa.madrid.org\/cp.seisdediciembre.torrejondeardoz\/index.php\/art-ephemeral-proyecto-erasmus-internacional\/","title":{"rendered":"ART EPHEMERAL &#8211;\u00a0 PROYECTO ERASMUS+ INTERNACIONAL"},"content":{"rendered":"<p>\u00abARTEfimero en la Educaci\u00f3n Escolar\u00bb es el resultado de la colaboraci\u00f3n entre 6 organizaciones diferentes de la comunidad educativa de Eslovenia, Turqu\u00eda, Italia y Espa\u00f1a.<\/p>\n<h2>\u00bfEN QU\u00c9 CONSISTE EL PROYECTO?<\/h2>\n<p><img loading=\"lazy\" decoding=\"async\" class=\" wp-image-1861 alignright\" src=\"https:\/\/site.educa.madrid.org\/cp.seisdediciembre.torrejondeardoz\/\/wp-content\/uploads\/cp.seisdediciembre.torrejondeardoz\/2022\/03\/cartelerasmusseis-254x300.jpg\" alt=\"\" width=\"286\" height=\"337\" srcset=\"https:\/\/site.educa.madrid.org\/cp.seisdediciembre.torrejondeardoz\/\/wp-content\/uploads\/cp.seisdediciembre.torrejondeardoz\/2022\/03\/cartelerasmusseis-254x300.jpg 254w, https:\/\/site.educa.madrid.org\/cp.seisdediciembre.torrejondeardoz\/\/wp-content\/uploads\/cp.seisdediciembre.torrejondeardoz\/2022\/03\/cartelerasmusseis-869x1024.jpg 869w, https:\/\/site.educa.madrid.org\/cp.seisdediciembre.torrejondeardoz\/\/wp-content\/uploads\/cp.seisdediciembre.torrejondeardoz\/2022\/03\/cartelerasmusseis-768x906.jpg 768w, https:\/\/site.educa.madrid.org\/cp.seisdediciembre.torrejondeardoz\/\/wp-content\/uploads\/cp.seisdediciembre.torrejondeardoz\/2022\/03\/cartelerasmusseis-1303x1536.jpg 1303w, https:\/\/site.educa.madrid.org\/cp.seisdediciembre.torrejondeardoz\/\/wp-content\/uploads\/cp.seisdediciembre.torrejondeardoz\/2022\/03\/cartelerasmusseis.jpg 1374w\" sizes=\"auto, (max-width: 286px) 100vw, 286px\" \/>El objetivo es promover la inclusi\u00f3n de los alumnos y en el desarrollo de competencias clave a trav\u00e9s del arte y el uso de las nuevas tecnolog\u00edas para satisfacer las demandas de una sociedad y un mercado laboral cada vez m\u00e1s globalizados y tecnol\u00f3gicos.<\/p>\n<p>Por otro lado, queremos mejorar la calidad educativa, dotando al personal de los colegios de herramientas para la ense\u00f1anza del arte ef\u00edmero que puedan ser aplicadas a diferentes asignaturas del colegio y\/o como parte del curr\u00edculo de Pl\u00e1stica.<\/p>\n<p>Adem\u00e1s, se pretende potenciar el Arte Ef\u00edmero como una herramienta de expresi\u00f3n que permita a los alumnos comunicar las consecuencias, sentimientos y emociones que el impacto de COVID-19 ha producido en sus vidas, y ha supuesto para ellos tanto a nivel personal y social, en el \u00e1mbito escolar y familiar, como el impacto que puede tener tambi\u00e9n en su futuro a nivel profesional.<\/p>\n<p>&nbsp;<\/p>\n<h2>NEWSLETTER<\/h2>\n<p>[pdfjs-viewer url=\u00bbhttps%3A%2F%2Fseisdediciembre.com%2Fwp-content%2Fuploads%2F2022%2F03%2FARTEPHIMERAL-First-Newsletter.pdf\u00bb viewer_width=100% viewer_height=1360px fullscreen=true download=true print=true]<\/p>\n<p>&nbsp;<\/p>\n<h2>D\u00cdPTICO<\/h2>\n<p>[pdfjs-viewer url=\u00bbhttps%3A%2F%2Fseisdediciembre.com%2Fwp-content%2Fuploads%2F2022%2F03%2FD%C3%8DPTICO-ART-EPHEMERAL-014-after-2-New-data-2022-cmyk-sangria.pdf\u00bb viewer_width=100% viewer_height=1360px fullscreen=true download=true print=true]<\/p>\n","protected":false},"excerpt":{"rendered":"<p>\u00abARTEfimero en la Educaci\u00f3n Escolar\u00bb es el resultado de la colaboraci\u00f3n entre 6 organizaciones diferentes de la comunidad educativa de Eslovenia, Turqu\u00eda, [&hellip;]<\/p>\n","protected":false},"author":3,"featured_media":1858,"parent":0,"menu_order":0,"comment_status":"closed","ping_status":"closed","template":"","meta":{"footnotes":""},"folder":[],"class_list":["post-1856","page","type-page","status-publish","has-post-thumbnail","hentry"],"rttpg_featured_image_url":{"full":["https:\/\/site.educa.madrid.org\/cp.seisdediciembre.torrejondeardoz\/\/wp-content\/uploads\/cp.seisdediciembre.torrejondeardoz\/2022\/03\/erasmusseisdiciembre.jpg",1822,1184,false],"landscape":["https:\/\/site.educa.madrid.org\/cp.seisdediciembre.torrejondeardoz\/\/wp-content\/uploads\/cp.seisdediciembre.torrejondeardoz\/2022\/03\/erasmusseisdiciembre.jpg",1822,1184,false],"portraits":["https:\/\/site.educa.madrid.org\/cp.seisdediciembre.torrejondeardoz\/\/wp-content\/uploads\/cp.seisdediciembre.torrejondeardoz\/2022\/03\/erasmusseisdiciembre.jpg",1822,1184,false],"thumbnail":["https:\/\/site.educa.madrid.org\/cp.seisdediciembre.torrejondeardoz\/\/wp-content\/uploads\/cp.seisdediciembre.torrejondeardoz\/2022\/03\/erasmusseisdiciembre-150x150.jpg",150,150,true],"medium":["https:\/\/site.educa.madrid.org\/cp.seisdediciembre.torrejondeardoz\/\/wp-content\/uploads\/cp.seisdediciembre.torrejondeardoz\/2022\/03\/erasmusseisdiciembre-300x195.jpg",300,195,true],"large":["https:\/\/site.educa.madrid.org\/cp.seisdediciembre.torrejondeardoz\/\/wp-content\/uploads\/cp.seisdediciembre.torrejondeardoz\/2022\/03\/erasmusseisdiciembre-1024x665.jpg",1024,665,true],"thumblist":["https:\/\/site.educa.madrid.org\/cp.seisdediciembre.torrejondeardoz\/\/wp-content\/uploads\/cp.seisdediciembre.torrejondeardoz\/2022\/03\/erasmusseisdiciembre-300x300.jpg",300,300,true],"thumbrelated":["https:\/\/site.educa.madrid.org\/cp.seisdediciembre.torrejondeardoz\/\/wp-content\/uploads\/cp.seisdediciembre.torrejondeardoz\/2022\/03\/erasmusseisdiciembre.jpg",500,325,false],"meccarouselthumb":["https:\/\/site.educa.madrid.org\/cp.seisdediciembre.torrejondeardoz\/\/wp-content\/uploads\/cp.seisdediciembre.torrejondeardoz\/2022\/03\/erasmusseisdiciembre-474x324.jpg",474,324,true],"gridsquare":["https:\/\/site.educa.madrid.org\/cp.seisdediciembre.torrejondeardoz\/\/wp-content\/uploads\/cp.seisdediciembre.torrejondeardoz\/2022\/03\/erasmusseisdiciembre-391x260.jpg",391,260,true],"tileview":["https:\/\/site.educa.madrid.org\/cp.seisdediciembre.torrejondeardoz\/\/wp-content\/uploads\/cp.seisdediciembre.torrejondeardoz\/2022\/03\/erasmusseisdiciembre-300x400.jpg",300,400,true],"1536x1536":["https:\/\/site.educa.madrid.org\/cp.seisdediciembre.torrejondeardoz\/\/wp-content\/uploads\/cp.seisdediciembre.torrejondeardoz\/2022\/03\/erasmusseisdiciembre-1536x998.jpg",1536,998,true],"2048x2048":["https:\/\/site.educa.madrid.org\/cp.seisdediciembre.torrejondeardoz\/\/wp-content\/uploads\/cp.seisdediciembre.torrejondeardoz\/2022\/03\/erasmusseisdiciembre.jpg",1822,1184,false],"sydney-large-thumb":["https:\/\/site.educa.madrid.org\/cp.seisdediciembre.torrejondeardoz\/\/wp-content\/uploads\/cp.seisdediciembre.torrejondeardoz\/2022\/03\/erasmusseisdiciembre.jpg",1000,650,false],"sydney-medium-thumb":["https:\/\/site.educa.madrid.org\/cp.seisdediciembre.torrejondeardoz\/\/wp-content\/uploads\/cp.seisdediciembre.torrejondeardoz\/2022\/03\/erasmusseisdiciembre.jpg",550,357,false],"sydney-small-thumb":["https:\/\/site.educa.madrid.org\/cp.seisdediciembre.torrejondeardoz\/\/wp-content\/uploads\/cp.seisdediciembre.torrejondeardoz\/2022\/03\/erasmusseisdiciembre.jpg",230,149,false],"sydney-service-thumb":["https:\/\/site.educa.madrid.org\/cp.seisdediciembre.torrejondeardoz\/\/wp-content\/uploads\/cp.seisdediciembre.torrejondeardoz\/2022\/03\/erasmusseisdiciembre.jpg",350,227,false],"sydney-mas-thumb":["https:\/\/site.educa.madrid.org\/cp.seisdediciembre.torrejondeardoz\/\/wp-content\/uploads\/cp.seisdediciembre.torrejondeardoz\/2022\/03\/erasmusseisdiciembre.jpg",480,312,false],"sow-carousel-default":["https:\/\/site.educa.madrid.org\/cp.seisdediciembre.torrejondeardoz\/\/wp-content\/uploads\/cp.seisdediciembre.torrejondeardoz\/2022\/03\/erasmusseisdiciembre-272x182.jpg",272,182,true],"sow-post-carousel-overlay-theme":["https:\/\/site.educa.madrid.org\/cp.seisdediciembre.torrejondeardoz\/\/wp-content\/uploads\/cp.seisdediciembre.torrejondeardoz\/2022\/03\/erasmusseisdiciembre.jpg",360,234,false],"sow-post-carousel-cards-theme":["https:\/\/site.educa.madrid.org\/cp.seisdediciembre.torrejondeardoz\/\/wp-content\/uploads\/cp.seisdediciembre.torrejondeardoz\/2022\/03\/erasmusseisdiciembre.jpg",360,234,false],"rt_custom":["https:\/\/site.educa.madrid.org\/cp.seisdediciembre.torrejondeardoz\/\/wp-content\/uploads\/cp.seisdediciembre.torrejondeardoz\/2022\/03\/erasmusseisdiciembre.jpg",1822,1184,false]},"rttpg_author":{"display_name":"cp.seisdediciembre.torrejondeardoz","author_link":"https:\/\/site.educa.madrid.org\/cp.seisdediciembre.torrejondeardoz\/index.php\/author\/cuenta_cp-seisdediciembre-torrejondeardoz\/"},"rttpg_comment":0,"rttpg_category":false,"rttpg_excerpt":"\u00abARTEfimero en la Educaci\u00f3n Escolar\u00bb es el resultado de la colaboraci\u00f3n entre 6 organizaciones diferentes de la comunidad educativa de Eslovenia, Turqu\u00eda, [&hellip;]","post_mailing_queue_ids":[],"_links":{"self":[{"href":"https:\/\/site.educa.madrid.org\/cp.seisdediciembre.torrejondeardoz\/index.php\/wp-json\/wp\/v2\/pages\/1856","targetHints":{"allow":["GET"]}}],"collection":[{"href":"https:\/\/site.educa.madrid.org\/cp.seisdediciembre.torrejondeardoz\/index.php\/wp-json\/wp\/v2\/pages"}],"about":[{"href":"https:\/\/site.educa.madrid.org\/cp.seisdediciembre.torrejondeardoz\/index.php\/wp-json\/wp\/v2\/types\/page"}],"author":[{"embeddable":true,"href":"https:\/\/site.educa.madrid.org\/cp.seisdediciembre.torrejondeardoz\/index.php\/wp-json\/wp\/v2\/users\/3"}],"replies":[{"embeddable":true,"href":"https:\/\/site.educa.madrid.org\/cp.seisdediciembre.torrejondeardoz\/index.php\/wp-json\/wp\/v2\/comments?post=1856"}],"version-history":[{"count":0,"href":"https:\/\/site.educa.madrid.org\/cp.seisdediciembre.torrejondeardoz\/index.php\/wp-json\/wp\/v2\/pages\/1856\/revisions"}],"wp:featuredmedia":[{"embeddable":true,"href":"https:\/\/site.educa.madrid.org\/cp.seisdediciembre.torrejondeardoz\/index.php\/wp-json\/wp\/v2\/media\/1858"}],"wp:attachment":[{"href":"https:\/\/site.educa.madrid.org\/cp.seisdediciembre.torrejondeardoz\/index.php\/wp-json\/wp\/v2\/media?parent=1856"}],"wp:term":[{"taxonomy":"folder","embeddable":true,"href":"https:\/\/site.educa.madrid.org\/cp.seisdediciembre.torrejondeardoz\/index.php\/wp-json\/wp\/v2\/folder?post=1856"}],"curies":[{"name":"wp","href":"https:\/\/api.w.org\/{rel}","templated":true}]}}