{"id":179,"date":"2022-05-31T11:04:12","date_gmt":"2022-05-31T09:04:12","guid":{"rendered":"https:\/\/site.educa.madrid.org\/cp.soledadsainz.colmenarviejo\/?page_id=179"},"modified":"2025-09-09T23:07:43","modified_gmt":"2025-09-09T21:07:43","slug":"actividades","status":"publish","type":"page","link":"https:\/\/site.educa.madrid.org\/cp.soledadsainz.colmenarviejo\/index.php\/servicios-y-actividades\/actividades\/","title":{"rendered":"Actividades Extraescolares"},"content":{"rendered":"\n<p>A lo largo del curso el colegio en colaboraci\u00f3n con la Asociaci\u00f3n de Madres y Padres organizan <strong>actividades complementarias y extraescolares,<\/strong> cuyo fin es completar la formaci\u00f3n de los alumnos y ampliar la oferta educativa fuera del horario lectivo. Las actividades complementarias est\u00e1n integradas en el curr\u00edculo escolar, detalladas en la Programaci\u00f3n General Anual y aprobadas por el Consejo Escolar. <strong>Se realizan generalmente fuera del centro escolar y en horario lectivo. <\/strong>Tambi\u00e9n se planifican actividades colegiadas para conmemorar efem\u00e9rides y festividades en las que intervienen todos los alumnos. El AMPA del centro promueve actividades extraescolares.<\/p>\n\n\n\n<div style=\"height:46px\" aria-hidden=\"true\" class=\"wp-block-spacer\"><\/div>\n\n\n\n<h2 class=\"wp-block-heading\">Actividades extraescolares<\/h2>\n\n\n\n<p>Se trata de actividades <strong>gestionadas por la AMPA, el Ayuntamiento o el propio centro<\/strong>, que van dirigidas a todos los alumnos desde Infantil (tres a\u00f1os) hasta el \u00faltimo curso de Primaria.<strong> El coste de las mismas es reducido. <\/strong>Para la inscripci\u00f3n y cualquier informaci\u00f3n,<strong> las familias deber\u00e1n dirigirse a los representantes de las familias<\/strong>.<\/p>\n\n\n\n<div style=\"height:9px\" aria-hidden=\"true\" class=\"wp-block-spacer\"><\/div>\n\n\n\n<p><a href=\"https:\/\/docs.google.com\/forms\/d\/e\/1FAIpQLSeqnDnWSKKOhk5iEWc3lrELGAFekCtGYXpiaktzD1z2OAqq6w\/viewform?usp=sharing\">I<strong>mpreso inscripci\u00f3n Programa Tardes del Cole (Amplicole) en septiembre y junio<\/strong><\/a> (Enviar al correo ampa.cp.soledadsainz.colmenarviejo@educa.madrid.org)<\/p>\n\n\n\n<p><a href=\"https:\/\/drive.google.com\/file\/d\/1Y9NvRVWMMCGzkysOISWX7pnLZ8DvwuNb\/view?usp=sharing\"><strong>Inscripci\u00f3n a las actividades extraescolares de octubre a mayo<\/strong>. <\/a><\/p>\n\n\n\n<div style=\"height:46px\" aria-hidden=\"true\" class=\"wp-block-spacer\"><\/div>\n\n\n\n<p><\/p>\n","protected":false},"excerpt":{"rendered":"<p>A lo largo del curso el colegio en colaboraci\u00f3n con la Asociaci\u00f3n de Madres y Padres organizan actividades complementarias y extraescolares, cuyo fin es completar la formaci\u00f3n de los alumnos y ampliar la oferta educativa fuera del horario lectivo. Las actividades complementarias est\u00e1n integradas en el curr\u00edculo escolar, detalladas en la Programaci\u00f3n General Anual y [&hellip;]<\/p>\n","protected":false},"author":6,"featured_media":0,"parent":300,"menu_order":0,"comment_status":"closed","ping_status":"closed","template":"","meta":{"footnotes":""},"folder":[],"class_list":["post-179","page","type-page","status-publish","hentry"],"rttpg_featured_image_url":null,"rttpg_author":{"display_name":"Cuenta Admin-educamadrid","author_link":"https:\/\/site.educa.madrid.org\/cp.soledadsainz.colmenarviejo\/index.php\/author\/cuenta_admin-educamadrid\/"},"rttpg_comment":0,"rttpg_category":false,"rttpg_excerpt":"A lo largo del curso el colegio en colaboraci\u00f3n con la Asociaci\u00f3n de Madres y Padres organizan actividades complementarias y extraescolares, cuyo fin es completar la formaci\u00f3n de los alumnos y ampliar la oferta educativa fuera del horario lectivo. Las actividades complementarias est\u00e1n integradas en el curr\u00edculo escolar, detalladas en la Programaci\u00f3n General Anual y&hellip;","post_mailing_queue_ids":[],"_links":{"self":[{"href":"https:\/\/site.educa.madrid.org\/cp.soledadsainz.colmenarviejo\/index.php\/wp-json\/wp\/v2\/pages\/179","targetHints":{"allow":["GET"]}}],"collection":[{"href":"https:\/\/site.educa.madrid.org\/cp.soledadsainz.colmenarviejo\/index.php\/wp-json\/wp\/v2\/pages"}],"about":[{"href":"https:\/\/site.educa.madrid.org\/cp.soledadsainz.colmenarviejo\/index.php\/wp-json\/wp\/v2\/types\/page"}],"author":[{"embeddable":true,"href":"https:\/\/site.educa.madrid.org\/cp.soledadsainz.colmenarviejo\/index.php\/wp-json\/wp\/v2\/users\/6"}],"replies":[{"embeddable":true,"href":"https:\/\/site.educa.madrid.org\/cp.soledadsainz.colmenarviejo\/index.php\/wp-json\/wp\/v2\/comments?post=179"}],"version-history":[{"count":20,"href":"https:\/\/site.educa.madrid.org\/cp.soledadsainz.colmenarviejo\/index.php\/wp-json\/wp\/v2\/pages\/179\/revisions"}],"predecessor-version":[{"id":2698,"href":"https:\/\/site.educa.madrid.org\/cp.soledadsainz.colmenarviejo\/index.php\/wp-json\/wp\/v2\/pages\/179\/revisions\/2698"}],"up":[{"embeddable":true,"href":"https:\/\/site.educa.madrid.org\/cp.soledadsainz.colmenarviejo\/index.php\/wp-json\/wp\/v2\/pages\/300"}],"wp:attachment":[{"href":"https:\/\/site.educa.madrid.org\/cp.soledadsainz.colmenarviejo\/index.php\/wp-json\/wp\/v2\/media?parent=179"}],"wp:term":[{"taxonomy":"folder","embeddable":true,"href":"https:\/\/site.educa.madrid.org\/cp.soledadsainz.colmenarviejo\/index.php\/wp-json\/wp\/v2\/folder?post=179"}],"curies":[{"name":"wp","href":"https:\/\/api.w.org\/{rel}","templated":true}]}}