{"id":2463,"date":"2025-03-10T17:57:41","date_gmt":"2025-03-10T16:57:41","guid":{"rendered":"https:\/\/site.educa.madrid.org\/cp.soledadsainz.colmenarviejo\/?page_id=2463"},"modified":"2026-03-09T12:05:46","modified_gmt":"2026-03-09T11:05:46","slug":"proceso-de-admision-2","status":"publish","type":"page","link":"https:\/\/site.educa.madrid.org\/cp.soledadsainz.colmenarviejo\/index.php\/documentos-institucionales-2024-2025\/proceso-de-admision-2\/","title":{"rendered":"Proceso de admisi\u00f3n y matriculaci\u00f3n (vacantes y adscripciones)"},"content":{"rendered":"\n<h2 class=\"wp-block-heading\">Matriculaci\u00f3n<\/h2>\n\n\n\n<h4 class=\"wp-block-heading\">Plazos de matriculaci\u00f3n<\/h4>\n\n\n\n<p>Del 11 al 25 de junio en la Secretar\u00eda del centro<\/p>\n\n\n\n<div style=\"height:22px\" aria-hidden=\"true\" class=\"wp-block-spacer\"><\/div>\n\n\n\n<h4 class=\"wp-block-heading\">Ficha de matr\u00edcula<\/h4>\n\n\n\n<p><a href=\"https:\/\/drive.google.com\/file\/d\/1DP0ZDCnoJZmvG-FZiODfd-QvwffShlaf\/view?usp=sharing\">Formulario autorrellenable<\/a> (descargar antes de rellenar)<\/p>\n\n\n\n<p><a href=\"https:\/\/drive.google.com\/file\/d\/1QARmPgeB4rS7goSv2uV5x0RIroUOsRyG\/view?usp=sharing\">Normas de centro (tambi\u00e9n deben estar firmadas)<\/a><\/p>\n\n\n\n<div style=\"height:23px\" aria-hidden=\"true\" class=\"wp-block-spacer\"><\/div>\n\n\n\n<h4 class=\"wp-block-heading\">Documentaci\u00f3n a aportar<\/h4>\n\n\n\n<ul class=\"wp-block-list\">\n<li>Ficha de matr\u00edcula cumplimentada<\/li>\n\n\n\n<li>Certificado de empadronamiento colectivo<\/li>\n\n\n\n<li>Certificado de nacimiento\/ libro de familia<\/li>\n\n\n\n<li>Fotocopias del documento de identidad (todos los miembros de la familias)<\/li>\n\n\n\n<li>1 foto de carnet<\/li>\n\n\n\n<li>Tarjeta sanitaria o seguro m\u00e9dico  en su defecto<\/li>\n\n\n\n<li>Certificado del estar al corriente de pago en el centro educativo anterior (en el caso de haber estado matriculado en otro centro)<\/li>\n\n\n\n<li><a href=\"https:\/\/drive.google.com\/file\/d\/1zzP6DfPFq_3Kf4Je7gGZOPcNZLWADbyl\/view?usp=sharing\">Formulario de Adhesi\u00f3n a ACCEDE (Primaria)<\/a><\/li>\n<\/ul>\n\n\n\n<div style=\"height:44px\" aria-hidden=\"true\" class=\"wp-block-spacer\"><\/div>\n\n\n\n<h2 class=\"wp-block-heading\">Calendario e informaci\u00f3n SAE y Servicio de Inspecci\u00f3n<\/h2>\n\n\n\n<div style=\"height:44px\" aria-hidden=\"true\" class=\"wp-block-spacer\"><\/div>\n\n\n\n<p><a href=\"https:\/\/drive.google.com\/file\/d\/1PZ3IXpttLlCD7Zlj7yFlV_5PbfpG-bQi\/view?usp=drive_link\">Calendario proceso de admisi\u00f3n<\/a><\/p>\n\n\n\n<p><strong>Informaci\u00f3n SAE y Servicio de Inspecci\u00f3n:<\/strong><\/p>\n\n\n\n<p>SAE: SERVICIO DE AYUDA A LA ESCOLARIZACI\u00d3N DE COLMENAR VIEJO<\/p>\n\n\n\n<p>Plaza Eulogio Carrasco 1<\/p>\n\n\n\n<p>SEDE DEL SERVICIO DE INSPECCI\u00d3N<\/p>\n\n\n\n<p>Avda. de Valencia s\/n<\/p>\n\n\n\n<p>INFORMACI\u00d3N GENERAL SOBRE EL PROCESO DE ADMISI\u00d3N:<\/p>\n\n\n\n<p>www.madrid.org\/educacion\/admision<\/p>\n\n\n\n<p>PARA M\u00c1S INFORMACI\u00d3N: <strong>91 845 08 78<\/strong><\/p>\n\n\n\n<p>PRESENTACI\u00d3N EN EL CENTRO O EN LA SECRETARIA VIRTUAL<\/p>\n\n\n\n<p><a href=\"https:\/\/www.comunidad.madrid\/servicios\/educacion\/solicita-tu-admision-educacion-infantil-obligatoria-bachillerato\">Enlace a Secretaria virtual<\/a><\/p>\n\n\n\n<p><a href=\"https:\/\/drive.google.com\/file\/d\/1Ezzgt8rIWtX7zW6CzrLk-vYu4E2fs9fv\/view?usp=drive_link\">Informaci\u00f3n proceso de admisi\u00f3n<\/a><\/p>\n\n\n\n<p><\/p>\n\n\n\n<h2 class=\"wp-block-heading\">Oferta de vacantes prevista<\/h2>\n\n\n\n<figure class=\"wp-block-image size-full\"><img loading=\"lazy\" decoding=\"async\" width=\"937\" height=\"436\" src=\"https:\/\/site.educa.madrid.org\/cp.soledadsainz.colmenarviejo\/\/wp-content\/uploads\/cp.soledadsainz.colmenarviejo\/2026\/03\/image-2.png\" alt=\"\" class=\"wp-image-2884\" srcset=\"https:\/\/site.educa.madrid.org\/cp.soledadsainz.colmenarviejo\/\/wp-content\/uploads\/cp.soledadsainz.colmenarviejo\/2026\/03\/image-2.png 937w, https:\/\/site.educa.madrid.org\/cp.soledadsainz.colmenarviejo\/\/wp-content\/uploads\/cp.soledadsainz.colmenarviejo\/2026\/03\/image-2-300x140.png 300w, https:\/\/site.educa.madrid.org\/cp.soledadsainz.colmenarviejo\/\/wp-content\/uploads\/cp.soledadsainz.colmenarviejo\/2026\/03\/image-2-768x357.png 768w\" sizes=\"auto, (max-width: 937px) 100vw, 937px\" \/><\/figure>\n\n\n\n<div style=\"height:46px\" aria-hidden=\"true\" class=\"wp-block-spacer\"><\/div>\n\n\n\n<h2 class=\"wp-block-heading\">Adscripciones del centro<\/h2>\n\n\n\n<figure class=\"wp-block-image size-large\"><img loading=\"lazy\" decoding=\"async\" width=\"1024\" height=\"706\" src=\"https:\/\/site.educa.madrid.org\/cp.soledadsainz.colmenarviejo\/\/wp-content\/uploads\/cp.soledadsainz.colmenarviejo\/2026\/03\/image-3-1024x706.png\" alt=\"\" class=\"wp-image-2887\" srcset=\"https:\/\/site.educa.madrid.org\/cp.soledadsainz.colmenarviejo\/\/wp-content\/uploads\/cp.soledadsainz.colmenarviejo\/2026\/03\/image-3-1024x706.png 1024w, https:\/\/site.educa.madrid.org\/cp.soledadsainz.colmenarviejo\/\/wp-content\/uploads\/cp.soledadsainz.colmenarviejo\/2026\/03\/image-3-300x207.png 300w, https:\/\/site.educa.madrid.org\/cp.soledadsainz.colmenarviejo\/\/wp-content\/uploads\/cp.soledadsainz.colmenarviejo\/2026\/03\/image-3-768x529.png 768w, https:\/\/site.educa.madrid.org\/cp.soledadsainz.colmenarviejo\/\/wp-content\/uploads\/cp.soledadsainz.colmenarviejo\/2026\/03\/image-3.png 1029w\" sizes=\"auto, (max-width: 1024px) 100vw, 1024px\" \/><\/figure>\n","protected":false},"excerpt":{"rendered":"<p>Matriculaci\u00f3n Plazos de matriculaci\u00f3n Del 11 al 25 de junio en la Secretar\u00eda del centro Ficha de matr\u00edcula Formulario autorrellenable (descargar antes de rellenar) Normas de centro (tambi\u00e9n deben estar firmadas) Documentaci\u00f3n a aportar Calendario e informaci\u00f3n SAE y Servicio de Inspecci\u00f3n Calendario proceso de admisi\u00f3n Informaci\u00f3n SAE y Servicio de Inspecci\u00f3n: SAE: SERVICIO DE [&hellip;]<\/p>\n","protected":false},"author":3,"featured_media":0,"parent":2170,"menu_order":0,"comment_status":"closed","ping_status":"closed","template":"","meta":{"footnotes":""},"folder":[],"class_list":["post-2463","page","type-page","status-publish","hentry"],"rttpg_featured_image_url":null,"rttpg_author":{"display_name":"cp.soledadsainz.colmenarviejo","author_link":"https:\/\/site.educa.madrid.org\/cp.soledadsainz.colmenarviejo\/index.php\/author\/cuenta_cp-soledadsainz-colmenarviejo\/"},"rttpg_comment":0,"rttpg_category":false,"rttpg_excerpt":"Matriculaci\u00f3n Plazos de matriculaci\u00f3n Del 11 al 25 de junio en la Secretar\u00eda del centro Ficha de matr\u00edcula Formulario autorrellenable (descargar antes de rellenar) Normas de centro (tambi\u00e9n deben estar firmadas) Documentaci\u00f3n a aportar Calendario e informaci\u00f3n SAE y Servicio de Inspecci\u00f3n Calendario proceso de admisi\u00f3n Informaci\u00f3n SAE y Servicio de Inspecci\u00f3n: SAE: SERVICIO DE&hellip;","post_mailing_queue_ids":[],"_links":{"self":[{"href":"https:\/\/site.educa.madrid.org\/cp.soledadsainz.colmenarviejo\/index.php\/wp-json\/wp\/v2\/pages\/2463","targetHints":{"allow":["GET"]}}],"collection":[{"href":"https:\/\/site.educa.madrid.org\/cp.soledadsainz.colmenarviejo\/index.php\/wp-json\/wp\/v2\/pages"}],"about":[{"href":"https:\/\/site.educa.madrid.org\/cp.soledadsainz.colmenarviejo\/index.php\/wp-json\/wp\/v2\/types\/page"}],"author":[{"embeddable":true,"href":"https:\/\/site.educa.madrid.org\/cp.soledadsainz.colmenarviejo\/index.php\/wp-json\/wp\/v2\/users\/3"}],"replies":[{"embeddable":true,"href":"https:\/\/site.educa.madrid.org\/cp.soledadsainz.colmenarviejo\/index.php\/wp-json\/wp\/v2\/comments?post=2463"}],"version-history":[{"count":15,"href":"https:\/\/site.educa.madrid.org\/cp.soledadsainz.colmenarviejo\/index.php\/wp-json\/wp\/v2\/pages\/2463\/revisions"}],"predecessor-version":[{"id":2894,"href":"https:\/\/site.educa.madrid.org\/cp.soledadsainz.colmenarviejo\/index.php\/wp-json\/wp\/v2\/pages\/2463\/revisions\/2894"}],"up":[{"embeddable":true,"href":"https:\/\/site.educa.madrid.org\/cp.soledadsainz.colmenarviejo\/index.php\/wp-json\/wp\/v2\/pages\/2170"}],"wp:attachment":[{"href":"https:\/\/site.educa.madrid.org\/cp.soledadsainz.colmenarviejo\/index.php\/wp-json\/wp\/v2\/media?parent=2463"}],"wp:term":[{"taxonomy":"folder","embeddable":true,"href":"https:\/\/site.educa.madrid.org\/cp.soledadsainz.colmenarviejo\/index.php\/wp-json\/wp\/v2\/folder?post=2463"}],"curies":[{"name":"wp","href":"https:\/\/api.w.org\/{rel}","templated":true}]}}