{"id":2802,"date":"2025-11-25T14:29:38","date_gmt":"2025-11-25T13:29:38","guid":{"rendered":"https:\/\/site.educa.madrid.org\/cp.soledadsainz.colmenarviejo\/?page_id=2802"},"modified":"2026-03-02T13:55:12","modified_gmt":"2026-03-02T12:55:12","slug":"plan-socioemocional-2","status":"publish","type":"page","link":"https:\/\/site.educa.madrid.org\/cp.soledadsainz.colmenarviejo\/index.php\/proyectos\/planes\/plan-socioemocional-2\/","title":{"rendered":"Plan de igualdad entre hombres y mujeres"},"content":{"rendered":"\n<p>El <strong>Plan de Igualdad entre hombres y mujeres<\/strong> del colegio es un documento que establece las medidas y actuaciones necesarias para garantizar la igualdad real y efectiva entre ni\u00f1as y ni\u00f1os, as\u00ed como entre todos los miembros de la comunidad educativa.<\/p>\n\n\n\n<p>Su finalidad es promover una educaci\u00f3n basada en el respeto, la equidad y la no discriminaci\u00f3n, integrando la perspectiva de g\u00e9nero en la vida escolar. Para ello, contempla acciones como la prevenci\u00f3n de estereotipos sexistas, el uso de lenguaje inclusivo, la formaci\u00f3n del profesorado en igualdad, la revisi\u00f3n de materiales did\u00e1cticos y la puesta en marcha de actividades de sensibilizaci\u00f3n y prevenci\u00f3n de la violencia de g\u00e9nero.<\/p>\n\n\n\n<p>Este plan se enmarca en la normativa vigente, especialmente en la Ley Org\u00e1nica 3\/2007 y en la Ley Org\u00e1nica 3\/2020, y constituye un compromiso del centro con una educaci\u00f3n inclusiva y con la formaci\u00f3n de ciudadanos y ciudadanas en valores de igualdad y respeto.<\/p>\n\n\n\n<p><\/p>\n\n\n\n<p><a href=\"https:\/\/drive.google.com\/file\/d\/1TnDMiTFFr3SOYYlWC7JakmavGH3xwUkn\/view?usp=sharing\">Plan de igualdad entre hombres y mujeres<\/a><\/p>\n\n\n\n<p><\/p>\n\n\n\n<div style=\"height:100px\" aria-hidden=\"true\" class=\"wp-block-spacer\"><\/div>\n","protected":false},"excerpt":{"rendered":"<p>El Plan de Igualdad entre hombres y mujeres del colegio es un documento que establece las medidas y actuaciones necesarias para garantizar la igualdad real y efectiva entre ni\u00f1as y ni\u00f1os, as\u00ed como entre todos los miembros de la comunidad educativa. Su finalidad es promover una educaci\u00f3n basada en el respeto, la equidad y la [&hellip;]<\/p>\n","protected":false},"author":3,"featured_media":0,"parent":797,"menu_order":6,"comment_status":"closed","ping_status":"closed","template":"","meta":{"footnotes":""},"folder":[],"class_list":["post-2802","page","type-page","status-publish","hentry"],"rttpg_featured_image_url":null,"rttpg_author":{"display_name":"cp.soledadsainz.colmenarviejo","author_link":"https:\/\/site.educa.madrid.org\/cp.soledadsainz.colmenarviejo\/index.php\/author\/cuenta_cp-soledadsainz-colmenarviejo\/"},"rttpg_comment":0,"rttpg_category":false,"rttpg_excerpt":"El Plan de Igualdad entre hombres y mujeres del colegio es un documento que establece las medidas y actuaciones necesarias para garantizar la igualdad real y efectiva entre ni\u00f1as y ni\u00f1os, as\u00ed como entre todos los miembros de la comunidad educativa. Su finalidad es promover una educaci\u00f3n basada en el respeto, la equidad y la&hellip;","post_mailing_queue_ids":[],"_links":{"self":[{"href":"https:\/\/site.educa.madrid.org\/cp.soledadsainz.colmenarviejo\/index.php\/wp-json\/wp\/v2\/pages\/2802","targetHints":{"allow":["GET"]}}],"collection":[{"href":"https:\/\/site.educa.madrid.org\/cp.soledadsainz.colmenarviejo\/index.php\/wp-json\/wp\/v2\/pages"}],"about":[{"href":"https:\/\/site.educa.madrid.org\/cp.soledadsainz.colmenarviejo\/index.php\/wp-json\/wp\/v2\/types\/page"}],"author":[{"embeddable":true,"href":"https:\/\/site.educa.madrid.org\/cp.soledadsainz.colmenarviejo\/index.php\/wp-json\/wp\/v2\/users\/3"}],"replies":[{"embeddable":true,"href":"https:\/\/site.educa.madrid.org\/cp.soledadsainz.colmenarviejo\/index.php\/wp-json\/wp\/v2\/comments?post=2802"}],"version-history":[{"count":7,"href":"https:\/\/site.educa.madrid.org\/cp.soledadsainz.colmenarviejo\/index.php\/wp-json\/wp\/v2\/pages\/2802\/revisions"}],"predecessor-version":[{"id":2873,"href":"https:\/\/site.educa.madrid.org\/cp.soledadsainz.colmenarviejo\/index.php\/wp-json\/wp\/v2\/pages\/2802\/revisions\/2873"}],"up":[{"embeddable":true,"href":"https:\/\/site.educa.madrid.org\/cp.soledadsainz.colmenarviejo\/index.php\/wp-json\/wp\/v2\/pages\/797"}],"wp:attachment":[{"href":"https:\/\/site.educa.madrid.org\/cp.soledadsainz.colmenarviejo\/index.php\/wp-json\/wp\/v2\/media?parent=2802"}],"wp:term":[{"taxonomy":"folder","embeddable":true,"href":"https:\/\/site.educa.madrid.org\/cp.soledadsainz.colmenarviejo\/index.php\/wp-json\/wp\/v2\/folder?post=2802"}],"curies":[{"name":"wp","href":"https:\/\/api.w.org\/{rel}","templated":true}]}}