{"id":262,"date":"2022-01-18T16:22:46","date_gmt":"2022-01-18T15:22:46","guid":{"rendered":"https:\/\/site.educa.madrid.org\/cp.teresadecalcuta.sansebastian\/?page_id=262"},"modified":"2025-11-28T14:07:16","modified_gmt":"2025-11-28T13:07:16","slug":"proyectos","status":"publish","type":"page","link":"https:\/\/site.educa.madrid.org\/cp.teresadecalcuta.sansebastian\/index.php\/proyectos\/","title":{"rendered":"PROYECTOS"},"content":{"rendered":"\n<p><\/p>\n\n\n\n<p class=\"has-text-align-left\">Nuestro centro educativo conforme a los recogido en el decreto 61, incorpora al curr\u00edculo de la etapa el \u00e1rea de Tecnolog\u00eda y Rob\u00f3tica con la finalidad de responder a las necesidades de una sociedad en pleno desarrollo tecnol\u00f3gico, aproximar a las nuevas generaciones, nacidas y crecidas como nativos digitales, a la rob\u00f3tica, en general, y al conocimiento de \u00e1mbitos \u00edntimamente ligados a ella (electricidad, mec\u00e1nica y pensamiento computacional), as\u00ed como el acercamiento a otras disciplinas como la inteligencia artificial, el internet de las cosas y la realidad virtual o aumentada.<\/p>\n\n\n\n<p class=\"has-text-align-left\"><br>Las competencias espec\u00edficas del \u00e1rea se encuentran ligadas principalmente a la ciencia, la tecnolog\u00eda, la ingenier\u00eda, las artes y las matem\u00e1ticas, las llamadas disciplinas STEAM. El desarrollo de estas competencias permitir\u00e1 que el alumnado adquiera capacidad de reflexi\u00f3n, optimice la resoluci\u00f3n de problemas y trabaje en equipo para generar proyectos tecnol\u00f3gicos que impulsen la autonom\u00eda, la creatividad y el aprendizaje individual como grupal, b\u00e1sicos para su futuro profesional.<\/p>\n\n\n\n<div data-wp-interactive=\"core\/file\" class=\"wp-block-file alignfull\"><object data-wp-bind--hidden=\"!state.hasPdfPreview\" hidden class=\"wp-block-file__embed\" data=\"https:\/\/site.educa.madrid.org\/cp.teresadecalcuta.sansebastian\/\/wp-content\/uploads\/cp.teresadecalcuta.sansebastian\/2025\/11\/PLAN-DIGITAL-DEL-CENTRO-2526-1.pdf\" type=\"application\/pdf\" style=\"width:100%;height:600px\" aria-label=\"Incrustado de PLAN DIGITAL DEL CENTRO 2526.\"><\/object><a id=\"wp-block-file--media-364712c1-cf1a-41fc-98b4-5bb2eb583893\" href=\"https:\/\/site.educa.madrid.org\/cp.teresadecalcuta.sansebastian\/\/wp-content\/uploads\/cp.teresadecalcuta.sansebastian\/2025\/11\/PLAN-DIGITAL-DEL-CENTRO-2526-1.pdf\">PLAN DIGITAL DEL CENTRO 2526<\/a><a href=\"https:\/\/site.educa.madrid.org\/cp.teresadecalcuta.sansebastian\/\/wp-content\/uploads\/cp.teresadecalcuta.sansebastian\/2025\/11\/PLAN-DIGITAL-DEL-CENTRO-2526-1.pdf\" class=\"wp-block-file__button wp-element-button\" download aria-describedby=\"wp-block-file--media-364712c1-cf1a-41fc-98b4-5bb2eb583893\">Descarga<\/a><\/div>\n","protected":false},"excerpt":{"rendered":"<p>Nuestro centro educativo conforme a los recogido en el decreto 61, incorpora al curr\u00edculo de la etapa el \u00e1rea de Tecnolog\u00eda y Rob\u00f3tica con la finalidad de responder a las &#8230;<\/p>\n","protected":false},"author":3,"featured_media":0,"parent":0,"menu_order":0,"comment_status":"closed","ping_status":"closed","template":"","meta":{"footnotes":""},"folder":[],"class_list":["post-262","page","type-page","status-publish","hentry"],"rttpg_featured_image_url":null,"rttpg_author":{"display_name":"cp.teresadecalcuta.sansebastian","author_link":"https:\/\/site.educa.madrid.org\/cp.teresadecalcuta.sansebastian\/index.php\/author\/cuenta_cp-teresadecalcuta-sansebastian\/"},"rttpg_comment":0,"rttpg_category":false,"rttpg_excerpt":"Nuestro centro educativo conforme a los recogido en el decreto 61, incorpora al curr\u00edculo de la etapa el \u00e1rea de Tecnolog\u00eda y Rob\u00f3tica con la finalidad de responder a las ...","post_mailing_queue_ids":[],"_links":{"self":[{"href":"https:\/\/site.educa.madrid.org\/cp.teresadecalcuta.sansebastian\/index.php\/wp-json\/wp\/v2\/pages\/262","targetHints":{"allow":["GET"]}}],"collection":[{"href":"https:\/\/site.educa.madrid.org\/cp.teresadecalcuta.sansebastian\/index.php\/wp-json\/wp\/v2\/pages"}],"about":[{"href":"https:\/\/site.educa.madrid.org\/cp.teresadecalcuta.sansebastian\/index.php\/wp-json\/wp\/v2\/types\/page"}],"author":[{"embeddable":true,"href":"https:\/\/site.educa.madrid.org\/cp.teresadecalcuta.sansebastian\/index.php\/wp-json\/wp\/v2\/users\/3"}],"replies":[{"embeddable":true,"href":"https:\/\/site.educa.madrid.org\/cp.teresadecalcuta.sansebastian\/index.php\/wp-json\/wp\/v2\/comments?post=262"}],"version-history":[{"count":4,"href":"https:\/\/site.educa.madrid.org\/cp.teresadecalcuta.sansebastian\/index.php\/wp-json\/wp\/v2\/pages\/262\/revisions"}],"predecessor-version":[{"id":1592,"href":"https:\/\/site.educa.madrid.org\/cp.teresadecalcuta.sansebastian\/index.php\/wp-json\/wp\/v2\/pages\/262\/revisions\/1592"}],"wp:attachment":[{"href":"https:\/\/site.educa.madrid.org\/cp.teresadecalcuta.sansebastian\/index.php\/wp-json\/wp\/v2\/media?parent=262"}],"wp:term":[{"taxonomy":"folder","embeddable":true,"href":"https:\/\/site.educa.madrid.org\/cp.teresadecalcuta.sansebastian\/index.php\/wp-json\/wp\/v2\/folder?post=262"}],"curies":[{"name":"wp","href":"https:\/\/api.w.org\/{rel}","templated":true}]}}

<p></p>



<p class="has-text-align-left">Nuestro centro educativo conforme a los recogido en el decreto 61, incorpora al currículo de la etapa el área de Tecnología y Robótica con la finalidad de responder a las necesidades de una sociedad en pleno desarrollo tecnológico, aproximar a las nuevas generaciones, nacidas y crecidas como nativos digitales, a la robótica, en general, y al conocimiento de ámbitos íntimamente ligados a ella (electricidad, mecánica y pensamiento computacional), así como el acercamiento a otras disciplinas como la inteligencia artificial, el internet de las cosas y la realidad virtual o aumentada.</p>



<p class="has-text-align-left"><br>Las competencias específicas del área se encuentran ligadas principalmente a la ciencia, la tecnología, la ingeniería, las artes y las matemáticas, las llamadas disciplinas STEAM. El desarrollo de estas competencias permitirá que el alumnado adquiera capacidad de reflexión, optimice la resolución de problemas y trabaje en equipo para generar proyectos tecnológicos que impulsen la autonomía, la creatividad y el aprendizaje individual como grupal, básicos para su futuro profesional.</p>



<div data-wp-interactive="core/file" class="wp-block-file alignfull"><object data-wp-bind--hidden="!state.hasPdfPreview" hidden class="wp-block-file__embed" data="https://site.educa.madrid.org/cp.teresadecalcuta.sansebastian//wp-content/uploads/cp.teresadecalcuta.sansebastian/2025/11/PLAN-DIGITAL-DEL-CENTRO-2526-1.pdf" type="application/pdf" style="width:100%;height:600px" aria-label="Incrustado de PLAN DIGITAL DEL CENTRO 2526."></object><a id="wp-block-file--media-364712c1-cf1a-41fc-98b4-5bb2eb583893" href="https://site.educa.madrid.org/cp.teresadecalcuta.sansebastian//wp-content/uploads/cp.teresadecalcuta.sansebastian/2025/11/PLAN-DIGITAL-DEL-CENTRO-2526-1.pdf">PLAN DIGITAL DEL CENTRO 2526</a><a href="https://site.educa.madrid.org/cp.teresadecalcuta.sansebastian//wp-content/uploads/cp.teresadecalcuta.sansebastian/2025/11/PLAN-DIGITAL-DEL-CENTRO-2526-1.pdf" class="wp-block-file__button wp-element-button" download aria-describedby="wp-block-file--media-364712c1-cf1a-41fc-98b4-5bb2eb583893">Descarga</a></div>

<p>Nuestro centro educativo conforme a los recogido en el decreto 61, incorpora al currículo de la etapa el área de Tecnología y Robótica con la finalidad de responder a las &#8230;</p>

Nuestro centro educativo conforme a los recogido en el decreto 61, incorpora al currículo de la etapa el área de Tecnología y Robótica con la finalidad de responder a las ...
