{"id":336,"date":"2022-01-18T19:51:21","date_gmt":"2022-01-18T18:51:21","guid":{"rendered":"https:\/\/site.educa.madrid.org\/cp.teresadecalcuta.sansebastian\/?page_id=336"},"modified":"2024-02-05T14:37:27","modified_gmt":"2024-02-05T13:37:27","slug":"biblioteca","status":"publish","type":"page","link":"https:\/\/site.educa.madrid.org\/cp.teresadecalcuta.sansebastian\/index.php\/biblioteca\/","title":{"rendered":"AL COLE EN BICI"},"content":{"rendered":"\n<figure class=\"wp-block-image alignfull size-large\"><img loading=\"lazy\" decoding=\"async\" width=\"1024\" height=\"218\" src=\"https:\/\/site.educa.madrid.org\/cp.teresadecalcuta.sansebastian\/\/wp-content\/uploads\/cp.teresadecalcuta.sansebastian\/2024\/01\/bici-1024x218.png\" alt=\"\" class=\"wp-image-1197\" srcset=\"https:\/\/site.educa.madrid.org\/cp.teresadecalcuta.sansebastian\/\/wp-content\/uploads\/cp.teresadecalcuta.sansebastian\/2024\/01\/bici-1024x218.png 1024w, https:\/\/site.educa.madrid.org\/cp.teresadecalcuta.sansebastian\/\/wp-content\/uploads\/cp.teresadecalcuta.sansebastian\/2024\/01\/bici-300x64.png 300w, https:\/\/site.educa.madrid.org\/cp.teresadecalcuta.sansebastian\/\/wp-content\/uploads\/cp.teresadecalcuta.sansebastian\/2024\/01\/bici-768x163.png 768w, https:\/\/site.educa.madrid.org\/cp.teresadecalcuta.sansebastian\/\/wp-content\/uploads\/cp.teresadecalcuta.sansebastian\/2024\/01\/bici-1536x327.png 1536w, https:\/\/site.educa.madrid.org\/cp.teresadecalcuta.sansebastian\/\/wp-content\/uploads\/cp.teresadecalcuta.sansebastian\/2024\/01\/bici-2048x435.png 2048w\" sizes=\"auto, (max-width: 1024px) 100vw, 1024px\" \/><\/figure>\n\n\n\n<div class=\"wp-block-media-text alignfull is-stacked-on-mobile\"><figure class=\"wp-block-media-text__media\"><img loading=\"lazy\" decoding=\"async\" width=\"550\" height=\"412\" src=\"https:\/\/site.educa.madrid.org\/cp.teresadecalcuta.sansebastian\/\/wp-content\/uploads\/cp.teresadecalcuta.sansebastian\/2023\/02\/APARCABICIS-2.png\" alt=\"\" class=\"wp-image-855 size-full\" srcset=\"https:\/\/site.educa.madrid.org\/cp.teresadecalcuta.sansebastian\/\/wp-content\/uploads\/cp.teresadecalcuta.sansebastian\/2023\/02\/APARCABICIS-2.png 550w, https:\/\/site.educa.madrid.org\/cp.teresadecalcuta.sansebastian\/\/wp-content\/uploads\/cp.teresadecalcuta.sansebastian\/2023\/02\/APARCABICIS-2-300x225.png 300w\" sizes=\"auto, (max-width: 550px) 100vw, 550px\" \/><\/figure><div class=\"wp-block-media-text__content\">\n<p class=\"has-text-align-center\">El objetivo principal es, crear un ambiente estimulador y variado para que los alumnos puedan realizar actividades diversas y divertidas, fomentando h\u00e1bitos saludables encaminados a la vez a conseguir un mundo m\u00e1s sostenible gracias a un consumo responsable. Con la finalidad de que toda&nbsp; la Comunidad educativa participe en la opci\u00f3n de transporte alternativo, para ello, se programar\u00e1&nbsp;en el \u00e1rea de educaci\u00f3n f\u00edsica la unidad did\u00e1ctica de la bici. El 2 de junio celebraremos el d\u00eda de la bici, realizando diferentes actividades, seg\u00fan los diferentes niveles educativos.&nbsp;<\/p>\n<\/div><\/div>\n\n\n\n<div class=\"wp-block-columns is-layout-flex wp-container-core-columns-is-layout-9d6595d7 wp-block-columns-is-layout-flex\">\n<div class=\"wp-block-column is-layout-flow wp-block-column-is-layout-flow\">\n<figure class=\"wp-block-image alignfull size-full\"><img loading=\"lazy\" decoding=\"async\" width=\"1024\" height=\"768\" src=\"https:\/\/site.educa.madrid.org\/cp.teresadecalcuta.sansebastian\/\/wp-content\/uploads\/cp.teresadecalcuta.sansebastian\/2024\/02\/WhatsApp-Image-2024-01-22-at-20.47.56.jpeg\" alt=\"\" class=\"wp-image-1281\" srcset=\"https:\/\/site.educa.madrid.org\/cp.teresadecalcuta.sansebastian\/\/wp-content\/uploads\/cp.teresadecalcuta.sansebastian\/2024\/02\/WhatsApp-Image-2024-01-22-at-20.47.56.jpeg 1024w, https:\/\/site.educa.madrid.org\/cp.teresadecalcuta.sansebastian\/\/wp-content\/uploads\/cp.teresadecalcuta.sansebastian\/2024\/02\/WhatsApp-Image-2024-01-22-at-20.47.56-300x225.jpeg 300w, https:\/\/site.educa.madrid.org\/cp.teresadecalcuta.sansebastian\/\/wp-content\/uploads\/cp.teresadecalcuta.sansebastian\/2024\/02\/WhatsApp-Image-2024-01-22-at-20.47.56-768x576.jpeg 768w\" sizes=\"auto, (max-width: 1024px) 100vw, 1024px\" \/><\/figure>\n<\/div>\n\n\n\n<div class=\"wp-block-column is-layout-flow wp-block-column-is-layout-flow\">\n<figure class=\"wp-block-image alignfull size-full\"><img loading=\"lazy\" decoding=\"async\" width=\"1024\" height=\"768\" src=\"https:\/\/site.educa.madrid.org\/cp.teresadecalcuta.sansebastian\/\/wp-content\/uploads\/cp.teresadecalcuta.sansebastian\/2024\/02\/WhatsApp-Image-2024-01-22-at-20.47.56-1.jpeg\" alt=\"\" class=\"wp-image-1282\" srcset=\"https:\/\/site.educa.madrid.org\/cp.teresadecalcuta.sansebastian\/\/wp-content\/uploads\/cp.teresadecalcuta.sansebastian\/2024\/02\/WhatsApp-Image-2024-01-22-at-20.47.56-1.jpeg 1024w, https:\/\/site.educa.madrid.org\/cp.teresadecalcuta.sansebastian\/\/wp-content\/uploads\/cp.teresadecalcuta.sansebastian\/2024\/02\/WhatsApp-Image-2024-01-22-at-20.47.56-1-300x225.jpeg 300w, https:\/\/site.educa.madrid.org\/cp.teresadecalcuta.sansebastian\/\/wp-content\/uploads\/cp.teresadecalcuta.sansebastian\/2024\/02\/WhatsApp-Image-2024-01-22-at-20.47.56-1-768x576.jpeg 768w\" sizes=\"auto, (max-width: 1024px) 100vw, 1024px\" \/><\/figure>\n<\/div>\n\n\n\n<div class=\"wp-block-column is-layout-flow wp-block-column-is-layout-flow\">\n<figure class=\"wp-block-image alignfull size-full\"><img loading=\"lazy\" decoding=\"async\" width=\"1024\" height=\"768\" src=\"https:\/\/site.educa.madrid.org\/cp.teresadecalcuta.sansebastian\/\/wp-content\/uploads\/cp.teresadecalcuta.sansebastian\/2024\/02\/WhatsApp-Image-2024-01-22-at-20.47.57.jpeg\" alt=\"\" class=\"wp-image-1284\" srcset=\"https:\/\/site.educa.madrid.org\/cp.teresadecalcuta.sansebastian\/\/wp-content\/uploads\/cp.teresadecalcuta.sansebastian\/2024\/02\/WhatsApp-Image-2024-01-22-at-20.47.57.jpeg 1024w, https:\/\/site.educa.madrid.org\/cp.teresadecalcuta.sansebastian\/\/wp-content\/uploads\/cp.teresadecalcuta.sansebastian\/2024\/02\/WhatsApp-Image-2024-01-22-at-20.47.57-300x225.jpeg 300w, https:\/\/site.educa.madrid.org\/cp.teresadecalcuta.sansebastian\/\/wp-content\/uploads\/cp.teresadecalcuta.sansebastian\/2024\/02\/WhatsApp-Image-2024-01-22-at-20.47.57-768x576.jpeg 768w\" sizes=\"auto, (max-width: 1024px) 100vw, 1024px\" \/><\/figure>\n<\/div>\n<\/div>\n\n\n\n<div class=\"wp-block-columns is-layout-flex wp-container-core-columns-is-layout-9d6595d7 wp-block-columns-is-layout-flex\">\n<div class=\"wp-block-column is-layout-flow wp-block-column-is-layout-flow\">\n<figure class=\"wp-block-image alignfull size-large\"><img loading=\"lazy\" decoding=\"async\" width=\"1024\" height=\"698\" src=\"https:\/\/site.educa.madrid.org\/cp.teresadecalcuta.sansebastian\/\/wp-content\/uploads\/cp.teresadecalcuta.sansebastian\/2024\/01\/BICI-2-1-1024x698.jpg\" alt=\"\" class=\"wp-image-1202\" srcset=\"https:\/\/site.educa.madrid.org\/cp.teresadecalcuta.sansebastian\/\/wp-content\/uploads\/cp.teresadecalcuta.sansebastian\/2024\/01\/BICI-2-1-1024x698.jpg 1024w, https:\/\/site.educa.madrid.org\/cp.teresadecalcuta.sansebastian\/\/wp-content\/uploads\/cp.teresadecalcuta.sansebastian\/2024\/01\/BICI-2-1-300x204.jpg 300w, https:\/\/site.educa.madrid.org\/cp.teresadecalcuta.sansebastian\/\/wp-content\/uploads\/cp.teresadecalcuta.sansebastian\/2024\/01\/BICI-2-1-768x523.jpg 768w, https:\/\/site.educa.madrid.org\/cp.teresadecalcuta.sansebastian\/\/wp-content\/uploads\/cp.teresadecalcuta.sansebastian\/2024\/01\/BICI-2-1-474x324.jpg 474w, https:\/\/site.educa.madrid.org\/cp.teresadecalcuta.sansebastian\/\/wp-content\/uploads\/cp.teresadecalcuta.sansebastian\/2024\/01\/BICI-2-1.jpg 1127w\" sizes=\"auto, (max-width: 1024px) 100vw, 1024px\" \/><\/figure>\n<\/div>\n\n\n\n<div class=\"wp-block-column is-layout-flow wp-block-column-is-layout-flow\">\n<figure class=\"wp-block-image alignfull size-full\"><img loading=\"lazy\" decoding=\"async\" width=\"900\" height=\"618\" src=\"https:\/\/site.educa.madrid.org\/cp.teresadecalcuta.sansebastian\/\/wp-content\/uploads\/cp.teresadecalcuta.sansebastian\/2024\/01\/BICI-4.jpg\" alt=\"\" class=\"wp-image-1205\" srcset=\"https:\/\/site.educa.madrid.org\/cp.teresadecalcuta.sansebastian\/\/wp-content\/uploads\/cp.teresadecalcuta.sansebastian\/2024\/01\/BICI-4.jpg 900w, https:\/\/site.educa.madrid.org\/cp.teresadecalcuta.sansebastian\/\/wp-content\/uploads\/cp.teresadecalcuta.sansebastian\/2024\/01\/BICI-4-300x206.jpg 300w, https:\/\/site.educa.madrid.org\/cp.teresadecalcuta.sansebastian\/\/wp-content\/uploads\/cp.teresadecalcuta.sansebastian\/2024\/01\/BICI-4-768x527.jpg 768w, https:\/\/site.educa.madrid.org\/cp.teresadecalcuta.sansebastian\/\/wp-content\/uploads\/cp.teresadecalcuta.sansebastian\/2024\/01\/BICI-4-474x324.jpg 474w\" sizes=\"auto, (max-width: 900px) 100vw, 900px\" \/><\/figure>\n<\/div>\n\n\n\n<div class=\"wp-block-column is-layout-flow wp-block-column-is-layout-flow\">\n<figure class=\"wp-block-image alignfull size-large\"><img loading=\"lazy\" decoding=\"async\" width=\"1024\" height=\"695\" src=\"https:\/\/site.educa.madrid.org\/cp.teresadecalcuta.sansebastian\/\/wp-content\/uploads\/cp.teresadecalcuta.sansebastian\/2024\/01\/BICI-3-1024x695.jpg\" alt=\"\" class=\"wp-image-1201\" srcset=\"https:\/\/site.educa.madrid.org\/cp.teresadecalcuta.sansebastian\/\/wp-content\/uploads\/cp.teresadecalcuta.sansebastian\/2024\/01\/BICI-3-1024x695.jpg 1024w, https:\/\/site.educa.madrid.org\/cp.teresadecalcuta.sansebastian\/\/wp-content\/uploads\/cp.teresadecalcuta.sansebastian\/2024\/01\/BICI-3-300x204.jpg 300w, https:\/\/site.educa.madrid.org\/cp.teresadecalcuta.sansebastian\/\/wp-content\/uploads\/cp.teresadecalcuta.sansebastian\/2024\/01\/BICI-3-768x521.jpg 768w, https:\/\/site.educa.madrid.org\/cp.teresadecalcuta.sansebastian\/\/wp-content\/uploads\/cp.teresadecalcuta.sansebastian\/2024\/01\/BICI-3.jpg 1326w\" sizes=\"auto, (max-width: 1024px) 100vw, 1024px\" \/><\/figure>\n<\/div>\n<\/div>\n\n\n\n<p><\/p>\n\n\n\n<p><\/p>\n","protected":false},"excerpt":{"rendered":"<p>El objetivo principal es, crear un ambiente estimulador y variado para que los alumnos puedan realizar actividades diversas y divertidas, fomentando h\u00e1bitos saludables encaminados a la vez a conseguir un &#8230;<\/p>\n","protected":false},"author":3,"featured_media":0,"parent":0,"menu_order":0,"comment_status":"closed","ping_status":"closed","template":"","meta":{"footnotes":""},"folder":[],"class_list":["post-336","page","type-page","status-publish","hentry"],"rttpg_featured_image_url":null,"rttpg_author":{"display_name":"cp.teresadecalcuta.sansebastian","author_link":"https:\/\/site.educa.madrid.org\/cp.teresadecalcuta.sansebastian\/index.php\/author\/cuenta_cp-teresadecalcuta-sansebastian\/"},"rttpg_comment":0,"rttpg_category":false,"rttpg_excerpt":"El objetivo principal es, crear un ambiente estimulador y variado para que los alumnos puedan realizar actividades diversas y divertidas, fomentando h\u00e1bitos saludables encaminados a la vez a conseguir un ...","post_mailing_queue_ids":[],"_links":{"self":[{"href":"https:\/\/site.educa.madrid.org\/cp.teresadecalcuta.sansebastian\/index.php\/wp-json\/wp\/v2\/pages\/336","targetHints":{"allow":["GET"]}}],"collection":[{"href":"https:\/\/site.educa.madrid.org\/cp.teresadecalcuta.sansebastian\/index.php\/wp-json\/wp\/v2\/pages"}],"about":[{"href":"https:\/\/site.educa.madrid.org\/cp.teresadecalcuta.sansebastian\/index.php\/wp-json\/wp\/v2\/types\/page"}],"author":[{"embeddable":true,"href":"https:\/\/site.educa.madrid.org\/cp.teresadecalcuta.sansebastian\/index.php\/wp-json\/wp\/v2\/users\/3"}],"replies":[{"embeddable":true,"href":"https:\/\/site.educa.madrid.org\/cp.teresadecalcuta.sansebastian\/index.php\/wp-json\/wp\/v2\/comments?post=336"}],"version-history":[{"count":4,"href":"https:\/\/site.educa.madrid.org\/cp.teresadecalcuta.sansebastian\/index.php\/wp-json\/wp\/v2\/pages\/336\/revisions"}],"predecessor-version":[{"id":1285,"href":"https:\/\/site.educa.madrid.org\/cp.teresadecalcuta.sansebastian\/index.php\/wp-json\/wp\/v2\/pages\/336\/revisions\/1285"}],"wp:attachment":[{"href":"https:\/\/site.educa.madrid.org\/cp.teresadecalcuta.sansebastian\/index.php\/wp-json\/wp\/v2\/media?parent=336"}],"wp:term":[{"taxonomy":"folder","embeddable":true,"href":"https:\/\/site.educa.madrid.org\/cp.teresadecalcuta.sansebastian\/index.php\/wp-json\/wp\/v2\/folder?post=336"}],"curies":[{"name":"wp","href":"https:\/\/api.w.org\/{rel}","templated":true}]}}

<figure class="wp-block-image alignfull size-large"><img loading="lazy" decoding="async" width="1024" height="218" src="https://site.educa.madrid.org/cp.teresadecalcuta.sansebastian//wp-content/uploads/cp.teresadecalcuta.sansebastian/2024/01/bici-1024x218.png" alt="" class="wp-image-1197" srcset="https://site.educa.madrid.org/cp.teresadecalcuta.sansebastian//wp-content/uploads/cp.teresadecalcuta.sansebastian/2024/01/bici-1024x218.png 1024w, https://site.educa.madrid.org/cp.teresadecalcuta.sansebastian//wp-content/uploads/cp.teresadecalcuta.sansebastian/2024/01/bici-300x64.png 300w, https://site.educa.madrid.org/cp.teresadecalcuta.sansebastian//wp-content/uploads/cp.teresadecalcuta.sansebastian/2024/01/bici-768x163.png 768w, https://site.educa.madrid.org/cp.teresadecalcuta.sansebastian//wp-content/uploads/cp.teresadecalcuta.sansebastian/2024/01/bici-1536x327.png 1536w, https://site.educa.madrid.org/cp.teresadecalcuta.sansebastian//wp-content/uploads/cp.teresadecalcuta.sansebastian/2024/01/bici-2048x435.png 2048w" sizes="auto, (max-width: 1024px) 100vw, 1024px" /></figure>



<div class="wp-block-media-text alignfull is-stacked-on-mobile"><figure class="wp-block-media-text__media"><img loading="lazy" decoding="async" width="550" height="412" src="https://site.educa.madrid.org/cp.teresadecalcuta.sansebastian//wp-content/uploads/cp.teresadecalcuta.sansebastian/2023/02/APARCABICIS-2.png" alt="" class="wp-image-855 size-full" srcset="https://site.educa.madrid.org/cp.teresadecalcuta.sansebastian//wp-content/uploads/cp.teresadecalcuta.sansebastian/2023/02/APARCABICIS-2.png 550w, https://site.educa.madrid.org/cp.teresadecalcuta.sansebastian//wp-content/uploads/cp.teresadecalcuta.sansebastian/2023/02/APARCABICIS-2-300x225.png 300w" sizes="auto, (max-width: 550px) 100vw, 550px" /></figure><div class="wp-block-media-text__content">
<p class="has-text-align-center">El objetivo principal es, crear un ambiente estimulador y variado para que los alumnos puedan realizar actividades diversas y divertidas, fomentando hábitos saludables encaminados a la vez a conseguir un mundo más sostenible gracias a un consumo responsable. Con la finalidad de que toda&nbsp; la Comunidad educativa participe en la opción de transporte alternativo, para ello, se programará&nbsp;en el área de educación física la unidad didáctica de la bici. El 2 de junio celebraremos el día de la bici, realizando diferentes actividades, según los diferentes niveles educativos.&nbsp;</p>
</div></div>



<div class="wp-block-columns is-layout-flex wp-container-core-columns-is-layout-9d6595d7 wp-block-columns-is-layout-flex">
<div class="wp-block-column is-layout-flow wp-block-column-is-layout-flow">
<figure class="wp-block-image alignfull size-full"><img loading="lazy" decoding="async" width="1024" height="768" src="https://site.educa.madrid.org/cp.teresadecalcuta.sansebastian//wp-content/uploads/cp.teresadecalcuta.sansebastian/2024/02/WhatsApp-Image-2024-01-22-at-20.47.56.jpeg" alt="" class="wp-image-1281" srcset="https://site.educa.madrid.org/cp.teresadecalcuta.sansebastian//wp-content/uploads/cp.teresadecalcuta.sansebastian/2024/02/WhatsApp-Image-2024-01-22-at-20.47.56.jpeg 1024w, https://site.educa.madrid.org/cp.teresadecalcuta.sansebastian//wp-content/uploads/cp.teresadecalcuta.sansebastian/2024/02/WhatsApp-Image-2024-01-22-at-20.47.56-300x225.jpeg 300w, https://site.educa.madrid.org/cp.teresadecalcuta.sansebastian//wp-content/uploads/cp.teresadecalcuta.sansebastian/2024/02/WhatsApp-Image-2024-01-22-at-20.47.56-768x576.jpeg 768w" sizes="auto, (max-width: 1024px) 100vw, 1024px" /></figure>
</div>



<div class="wp-block-column is-layout-flow wp-block-column-is-layout-flow">
<figure class="wp-block-image alignfull size-full"><img loading="lazy" decoding="async" width="1024" height="768" src="https://site.educa.madrid.org/cp.teresadecalcuta.sansebastian//wp-content/uploads/cp.teresadecalcuta.sansebastian/2024/02/WhatsApp-Image-2024-01-22-at-20.47.56-1.jpeg" alt="" class="wp-image-1282" srcset="https://site.educa.madrid.org/cp.teresadecalcuta.sansebastian//wp-content/uploads/cp.teresadecalcuta.sansebastian/2024/02/WhatsApp-Image-2024-01-22-at-20.47.56-1.jpeg 1024w, https://site.educa.madrid.org/cp.teresadecalcuta.sansebastian//wp-content/uploads/cp.teresadecalcuta.sansebastian/2024/02/WhatsApp-Image-2024-01-22-at-20.47.56-1-300x225.jpeg 300w, https://site.educa.madrid.org/cp.teresadecalcuta.sansebastian//wp-content/uploads/cp.teresadecalcuta.sansebastian/2024/02/WhatsApp-Image-2024-01-22-at-20.47.56-1-768x576.jpeg 768w" sizes="auto, (max-width: 1024px) 100vw, 1024px" /></figure>
</div>



<div class="wp-block-column is-layout-flow wp-block-column-is-layout-flow">
<figure class="wp-block-image alignfull size-full"><img loading="lazy" decoding="async" width="1024" height="768" src="https://site.educa.madrid.org/cp.teresadecalcuta.sansebastian//wp-content/uploads/cp.teresadecalcuta.sansebastian/2024/02/WhatsApp-Image-2024-01-22-at-20.47.57.jpeg" alt="" class="wp-image-1284" srcset="https://site.educa.madrid.org/cp.teresadecalcuta.sansebastian//wp-content/uploads/cp.teresadecalcuta.sansebastian/2024/02/WhatsApp-Image-2024-01-22-at-20.47.57.jpeg 1024w, https://site.educa.madrid.org/cp.teresadecalcuta.sansebastian//wp-content/uploads/cp.teresadecalcuta.sansebastian/2024/02/WhatsApp-Image-2024-01-22-at-20.47.57-300x225.jpeg 300w, https://site.educa.madrid.org/cp.teresadecalcuta.sansebastian//wp-content/uploads/cp.teresadecalcuta.sansebastian/2024/02/WhatsApp-Image-2024-01-22-at-20.47.57-768x576.jpeg 768w" sizes="auto, (max-width: 1024px) 100vw, 1024px" /></figure>
</div>
</div>



<div class="wp-block-columns is-layout-flex wp-container-core-columns-is-layout-9d6595d7 wp-block-columns-is-layout-flex">
<div class="wp-block-column is-layout-flow wp-block-column-is-layout-flow">
<figure class="wp-block-image alignfull size-large"><img loading="lazy" decoding="async" width="1024" height="698" src="https://site.educa.madrid.org/cp.teresadecalcuta.sansebastian//wp-content/uploads/cp.teresadecalcuta.sansebastian/2024/01/BICI-2-1-1024x698.jpg" alt="" class="wp-image-1202" srcset="https://site.educa.madrid.org/cp.teresadecalcuta.sansebastian//wp-content/uploads/cp.teresadecalcuta.sansebastian/2024/01/BICI-2-1-1024x698.jpg 1024w, https://site.educa.madrid.org/cp.teresadecalcuta.sansebastian//wp-content/uploads/cp.teresadecalcuta.sansebastian/2024/01/BICI-2-1-300x204.jpg 300w, https://site.educa.madrid.org/cp.teresadecalcuta.sansebastian//wp-content/uploads/cp.teresadecalcuta.sansebastian/2024/01/BICI-2-1-768x523.jpg 768w, https://site.educa.madrid.org/cp.teresadecalcuta.sansebastian//wp-content/uploads/cp.teresadecalcuta.sansebastian/2024/01/BICI-2-1-474x324.jpg 474w, https://site.educa.madrid.org/cp.teresadecalcuta.sansebastian//wp-content/uploads/cp.teresadecalcuta.sansebastian/2024/01/BICI-2-1.jpg 1127w" sizes="auto, (max-width: 1024px) 100vw, 1024px" /></figure>
</div>



<div class="wp-block-column is-layout-flow wp-block-column-is-layout-flow">
<figure class="wp-block-image alignfull size-full"><img loading="lazy" decoding="async" width="900" height="618" src="https://site.educa.madrid.org/cp.teresadecalcuta.sansebastian//wp-content/uploads/cp.teresadecalcuta.sansebastian/2024/01/BICI-4.jpg" alt="" class="wp-image-1205" srcset="https://site.educa.madrid.org/cp.teresadecalcuta.sansebastian//wp-content/uploads/cp.teresadecalcuta.sansebastian/2024/01/BICI-4.jpg 900w, https://site.educa.madrid.org/cp.teresadecalcuta.sansebastian//wp-content/uploads/cp.teresadecalcuta.sansebastian/2024/01/BICI-4-300x206.jpg 300w, https://site.educa.madrid.org/cp.teresadecalcuta.sansebastian//wp-content/uploads/cp.teresadecalcuta.sansebastian/2024/01/BICI-4-768x527.jpg 768w, https://site.educa.madrid.org/cp.teresadecalcuta.sansebastian//wp-content/uploads/cp.teresadecalcuta.sansebastian/2024/01/BICI-4-474x324.jpg 474w" sizes="auto, (max-width: 900px) 100vw, 900px" /></figure>
</div>



<div class="wp-block-column is-layout-flow wp-block-column-is-layout-flow">
<figure class="wp-block-image alignfull size-large"><img loading="lazy" decoding="async" width="1024" height="695" src="https://site.educa.madrid.org/cp.teresadecalcuta.sansebastian//wp-content/uploads/cp.teresadecalcuta.sansebastian/2024/01/BICI-3-1024x695.jpg" alt="" class="wp-image-1201" srcset="https://site.educa.madrid.org/cp.teresadecalcuta.sansebastian//wp-content/uploads/cp.teresadecalcuta.sansebastian/2024/01/BICI-3-1024x695.jpg 1024w, https://site.educa.madrid.org/cp.teresadecalcuta.sansebastian//wp-content/uploads/cp.teresadecalcuta.sansebastian/2024/01/BICI-3-300x204.jpg 300w, https://site.educa.madrid.org/cp.teresadecalcuta.sansebastian//wp-content/uploads/cp.teresadecalcuta.sansebastian/2024/01/BICI-3-768x521.jpg 768w, https://site.educa.madrid.org/cp.teresadecalcuta.sansebastian//wp-content/uploads/cp.teresadecalcuta.sansebastian/2024/01/BICI-3.jpg 1326w" sizes="auto, (max-width: 1024px) 100vw, 1024px" /></figure>
</div>
</div>



<p></p>



<p></p>

<p>El objetivo principal es, crear un ambiente estimulador y variado para que los alumnos puedan realizar actividades diversas y divertidas, fomentando hábitos saludables encaminados a la vez a conseguir un &#8230;</p>

El objetivo principal es, crear un ambiente estimulador y variado para que los alumnos puedan realizar actividades diversas y divertidas, fomentando hábitos saludables encaminados a la vez a conseguir un ...
