{"id":597,"date":"2023-02-09T23:09:29","date_gmt":"2023-02-09T22:09:29","guid":{"rendered":"https:\/\/site.educa.madrid.org\/cp.teresadecalcuta.sansebastian\/?page_id=597"},"modified":"2024-02-26T19:43:02","modified_gmt":"2024-02-26T18:43:02","slug":"educacion-infantil","status":"publish","type":"page","link":"https:\/\/site.educa.madrid.org\/cp.teresadecalcuta.sansebastian\/index.php\/educacion-infantil\/","title":{"rendered":"EDUCACI\u00d3N INFANTIL"},"content":{"rendered":"\n<figure class=\"wp-block-image alignfull size-large\"><img loading=\"lazy\" decoding=\"async\" width=\"1024\" height=\"219\" src=\"https:\/\/site.educa.madrid.org\/cp.teresadecalcuta.sansebastian\/\/wp-content\/uploads\/cp.teresadecalcuta.sansebastian\/2024\/01\/INFANTIL-CAB-1024x219.png\" alt=\"\" class=\"wp-image-1148\" srcset=\"https:\/\/site.educa.madrid.org\/cp.teresadecalcuta.sansebastian\/\/wp-content\/uploads\/cp.teresadecalcuta.sansebastian\/2024\/01\/INFANTIL-CAB-1024x219.png 1024w, https:\/\/site.educa.madrid.org\/cp.teresadecalcuta.sansebastian\/\/wp-content\/uploads\/cp.teresadecalcuta.sansebastian\/2024\/01\/INFANTIL-CAB-300x64.png 300w, https:\/\/site.educa.madrid.org\/cp.teresadecalcuta.sansebastian\/\/wp-content\/uploads\/cp.teresadecalcuta.sansebastian\/2024\/01\/INFANTIL-CAB-768x164.png 768w, https:\/\/site.educa.madrid.org\/cp.teresadecalcuta.sansebastian\/\/wp-content\/uploads\/cp.teresadecalcuta.sansebastian\/2024\/01\/INFANTIL-CAB-1536x328.png 1536w, https:\/\/site.educa.madrid.org\/cp.teresadecalcuta.sansebastian\/\/wp-content\/uploads\/cp.teresadecalcuta.sansebastian\/2024\/01\/INFANTIL-CAB-2048x437.png 2048w\" sizes=\"auto, (max-width: 1024px) 100vw, 1024px\" \/><\/figure>\n\n\n\n<p>La&nbsp;<strong>Educaci\u00f3n Infantil<\/strong>&nbsp;deber\u00e1 contribuir a desarrollar en los ni\u00f1os las capacidades que les permitan:<\/p>\n\n\n\n<div class=\"wp-block-media-text alignfull is-stacked-on-mobile\"><figure class=\"wp-block-media-text__media\"><img loading=\"lazy\" decoding=\"async\" width=\"1024\" height=\"822\" src=\"https:\/\/site.educa.madrid.org\/cp.teresadecalcuta.sansebastian\/\/wp-content\/uploads\/cp.teresadecalcuta.sansebastian\/2023\/02\/NINAS-COLEGIO-1024x822.jpg\" alt=\"\" class=\"wp-image-792 size-full\" srcset=\"https:\/\/site.educa.madrid.org\/cp.teresadecalcuta.sansebastian\/\/wp-content\/uploads\/cp.teresadecalcuta.sansebastian\/2023\/02\/NINAS-COLEGIO-1024x822.jpg 1024w, https:\/\/site.educa.madrid.org\/cp.teresadecalcuta.sansebastian\/\/wp-content\/uploads\/cp.teresadecalcuta.sansebastian\/2023\/02\/NINAS-COLEGIO-300x241.jpg 300w, https:\/\/site.educa.madrid.org\/cp.teresadecalcuta.sansebastian\/\/wp-content\/uploads\/cp.teresadecalcuta.sansebastian\/2023\/02\/NINAS-COLEGIO-768x616.jpg 768w, https:\/\/site.educa.madrid.org\/cp.teresadecalcuta.sansebastian\/\/wp-content\/uploads\/cp.teresadecalcuta.sansebastian\/2023\/02\/NINAS-COLEGIO-1536x1232.jpg 1536w, https:\/\/site.educa.madrid.org\/cp.teresadecalcuta.sansebastian\/\/wp-content\/uploads\/cp.teresadecalcuta.sansebastian\/2023\/02\/NINAS-COLEGIO-2048x1643.jpg 2048w\" sizes=\"auto, (max-width: 1024px) 100vw, 1024px\" \/><\/figure><div class=\"wp-block-media-text__content\">\n<ul class=\"has-small-font-size wp-block-list\">\n<li>Conocer su propio cuerpo y el de los otros, as\u00ed como sus posibilidades de acci\u00f3n, y aprender a respetar las diferencias. Adquirir una imagen ajustada de s\u00ed mismos.<\/li>\n\n\n\n<li>Observar y explorar su entorno familiar, natural y social.<\/li>\n\n\n\n<li>Iniciarse en el conocimiento de las ciencias.<\/li>\n\n\n\n<li>Adquirir progresivamente autonom\u00eda en sus actividades habituales.<\/li>\n\n\n\n<li>Desarrollar capacidades relacionadas con emociones y afectos.<\/li>\n\n\n\n<li>Relacionarse con los dem\u00e1s en igualdad y adquirir pautas de convivencia y de relaci\u00f3n, as\u00ed como aprender a ponerse en el lugar del otro y la resoluci\u00f3n de conflictos, evitando cualquier tipo de violencia.<\/li>\n\n\n\n<li>Desarrollar habilidades comunicativas en diferentes lenguajes y formas de expresi\u00f3n.<\/li>\n\n\n\n<li>Aproximarse e iniciar el aprendizaje de una lengua extranjera.<\/li>\n\n\n\n<li>Iniciarse en las habilidades l\u00f3gico-matem\u00e1ticas, en la lectura y la escritura, y en el movimiento, el gesto y el ritmo.<\/li>\n\n\n\n<li>Promover y desarrollar las normas sociales que fomentan la igualdad entre hombres y mujeres.<\/li>\n<\/ul>\n<\/div><\/div>\n\n\n\n<p>En el segundo ciclo de la etapa se iniciar\u00e1 el aprendizaje de la lectura y de la escritura, se propiciar\u00e1n experiencias de iniciaci\u00f3n temprana en habilidades num\u00e9ricas b\u00e1sicas, en las tecnolog\u00edas de la informaci\u00f3n y la comunicaci\u00f3n y en la expresi\u00f3n pl\u00e1stica, visual y musical. Asimismo, la Consejer\u00eda de Educaci\u00f3n fomentar\u00e1 una primera aproximaci\u00f3n al uso oral de una lengua extranjera en los aprendizajes de este segundo ciclo. La intervenci\u00f3n educativa debe contemplar como principio la diversidad del alumnado, adaptando la pr\u00e1ctica educativa a las caracter\u00edsticas personales, necesidades, intereses y estilo cognitivo de los ni\u00f1os, dada la importancia que en estas edades adquieren el ritmo y el proceso de maduraci\u00f3n.<\/p>\n\n\n\n<p>(Fuente: Portal de Educaci\u00f3n de la Comunidad de Madrid)<\/p>\n\n\n\n<div class=\"wp-block-columns is-layout-flex wp-container-core-columns-is-layout-9d6595d7 wp-block-columns-is-layout-flex\">\n<div class=\"wp-block-column is-layout-flow wp-block-column-is-layout-flow\">\n<figure class=\"wp-block-image alignfull size-large\"><img loading=\"lazy\" decoding=\"async\" width=\"1024\" height=\"870\" src=\"https:\/\/site.educa.madrid.org\/cp.teresadecalcuta.sansebastian\/\/wp-content\/uploads\/cp.teresadecalcuta.sansebastian\/2023\/02\/CARTELA-1-1024x870.png\" alt=\"\" class=\"wp-image-793\" srcset=\"https:\/\/site.educa.madrid.org\/cp.teresadecalcuta.sansebastian\/\/wp-content\/uploads\/cp.teresadecalcuta.sansebastian\/2023\/02\/CARTELA-1-1024x870.png 1024w, https:\/\/site.educa.madrid.org\/cp.teresadecalcuta.sansebastian\/\/wp-content\/uploads\/cp.teresadecalcuta.sansebastian\/2023\/02\/CARTELA-1-300x255.png 300w, https:\/\/site.educa.madrid.org\/cp.teresadecalcuta.sansebastian\/\/wp-content\/uploads\/cp.teresadecalcuta.sansebastian\/2023\/02\/CARTELA-1-768x653.png 768w, https:\/\/site.educa.madrid.org\/cp.teresadecalcuta.sansebastian\/\/wp-content\/uploads\/cp.teresadecalcuta.sansebastian\/2023\/02\/CARTELA-1-1536x1305.png 1536w, https:\/\/site.educa.madrid.org\/cp.teresadecalcuta.sansebastian\/\/wp-content\/uploads\/cp.teresadecalcuta.sansebastian\/2023\/02\/CARTELA-1-2048x1741.png 2048w\" sizes=\"auto, (max-width: 1024px) 100vw, 1024px\" \/><\/figure>\n<\/div>\n\n\n\n<div class=\"wp-block-column is-layout-flow wp-block-column-is-layout-flow\">\n<figure class=\"wp-block-image alignfull size-large\"><img loading=\"lazy\" decoding=\"async\" width=\"1024\" height=\"870\" src=\"https:\/\/site.educa.madrid.org\/cp.teresadecalcuta.sansebastian\/\/wp-content\/uploads\/cp.teresadecalcuta.sansebastian\/2023\/02\/CARTELA-2-1024x870.png\" alt=\"\" class=\"wp-image-794\" srcset=\"https:\/\/site.educa.madrid.org\/cp.teresadecalcuta.sansebastian\/\/wp-content\/uploads\/cp.teresadecalcuta.sansebastian\/2023\/02\/CARTELA-2-1024x870.png 1024w, https:\/\/site.educa.madrid.org\/cp.teresadecalcuta.sansebastian\/\/wp-content\/uploads\/cp.teresadecalcuta.sansebastian\/2023\/02\/CARTELA-2-300x255.png 300w, https:\/\/site.educa.madrid.org\/cp.teresadecalcuta.sansebastian\/\/wp-content\/uploads\/cp.teresadecalcuta.sansebastian\/2023\/02\/CARTELA-2-768x653.png 768w, https:\/\/site.educa.madrid.org\/cp.teresadecalcuta.sansebastian\/\/wp-content\/uploads\/cp.teresadecalcuta.sansebastian\/2023\/02\/CARTELA-2-1536x1305.png 1536w, https:\/\/site.educa.madrid.org\/cp.teresadecalcuta.sansebastian\/\/wp-content\/uploads\/cp.teresadecalcuta.sansebastian\/2023\/02\/CARTELA-2-2048x1741.png 2048w\" sizes=\"auto, (max-width: 1024px) 100vw, 1024px\" \/><\/figure>\n<\/div>\n<\/div>\n\n\n\n<div class=\"wp-block-columns is-layout-flex wp-container-core-columns-is-layout-9d6595d7 wp-block-columns-is-layout-flex\">\n<div class=\"wp-block-column is-layout-flow wp-block-column-is-layout-flow\">\n<figure class=\"wp-block-image alignfull size-large\"><img loading=\"lazy\" decoding=\"async\" width=\"1024\" height=\"870\" src=\"https:\/\/site.educa.madrid.org\/cp.teresadecalcuta.sansebastian\/\/wp-content\/uploads\/cp.teresadecalcuta.sansebastian\/2023\/02\/CARTELA-3-1024x870.png\" alt=\"\" class=\"wp-image-795\" srcset=\"https:\/\/site.educa.madrid.org\/cp.teresadecalcuta.sansebastian\/\/wp-content\/uploads\/cp.teresadecalcuta.sansebastian\/2023\/02\/CARTELA-3-1024x870.png 1024w, https:\/\/site.educa.madrid.org\/cp.teresadecalcuta.sansebastian\/\/wp-content\/uploads\/cp.teresadecalcuta.sansebastian\/2023\/02\/CARTELA-3-300x255.png 300w, https:\/\/site.educa.madrid.org\/cp.teresadecalcuta.sansebastian\/\/wp-content\/uploads\/cp.teresadecalcuta.sansebastian\/2023\/02\/CARTELA-3-768x653.png 768w, https:\/\/site.educa.madrid.org\/cp.teresadecalcuta.sansebastian\/\/wp-content\/uploads\/cp.teresadecalcuta.sansebastian\/2023\/02\/CARTELA-3-1536x1305.png 1536w, https:\/\/site.educa.madrid.org\/cp.teresadecalcuta.sansebastian\/\/wp-content\/uploads\/cp.teresadecalcuta.sansebastian\/2023\/02\/CARTELA-3-2048x1741.png 2048w\" sizes=\"auto, (max-width: 1024px) 100vw, 1024px\" \/><\/figure>\n<\/div>\n\n\n\n<div class=\"wp-block-column is-layout-flow wp-block-column-is-layout-flow\">\n<figure class=\"wp-block-image alignfull size-large\"><img loading=\"lazy\" decoding=\"async\" width=\"1024\" height=\"870\" src=\"https:\/\/site.educa.madrid.org\/cp.teresadecalcuta.sansebastian\/\/wp-content\/uploads\/cp.teresadecalcuta.sansebastian\/2023\/02\/CARTELA-4-1024x870.png\" alt=\"\" class=\"wp-image-796\" srcset=\"https:\/\/site.educa.madrid.org\/cp.teresadecalcuta.sansebastian\/\/wp-content\/uploads\/cp.teresadecalcuta.sansebastian\/2023\/02\/CARTELA-4-1024x870.png 1024w, https:\/\/site.educa.madrid.org\/cp.teresadecalcuta.sansebastian\/\/wp-content\/uploads\/cp.teresadecalcuta.sansebastian\/2023\/02\/CARTELA-4-300x255.png 300w, https:\/\/site.educa.madrid.org\/cp.teresadecalcuta.sansebastian\/\/wp-content\/uploads\/cp.teresadecalcuta.sansebastian\/2023\/02\/CARTELA-4-768x653.png 768w, https:\/\/site.educa.madrid.org\/cp.teresadecalcuta.sansebastian\/\/wp-content\/uploads\/cp.teresadecalcuta.sansebastian\/2023\/02\/CARTELA-4-1536x1305.png 1536w, https:\/\/site.educa.madrid.org\/cp.teresadecalcuta.sansebastian\/\/wp-content\/uploads\/cp.teresadecalcuta.sansebastian\/2023\/02\/CARTELA-4-2048x1741.png 2048w\" sizes=\"auto, (max-width: 1024px) 100vw, 1024px\" \/><\/figure>\n<\/div>\n<\/div>\n\n\n\n<figure class=\"wp-block-video\"><video height=\"480\" style=\"aspect-ratio: 848 \/ 480;\" width=\"848\" controls src=\"https:\/\/site.educa.madrid.org\/cp.teresadecalcuta.sansebastian\/\/wp-content\/uploads\/cp.teresadecalcuta.sansebastian\/2024\/02\/VID-20240225-WA0001.mp4\"><\/video><\/figure>\n","protected":false},"excerpt":{"rendered":"<p>La&nbsp;Educaci\u00f3n Infantil&nbsp;deber\u00e1 contribuir a desarrollar en los ni\u00f1os las capacidades que les permitan: En el segundo ciclo de la etapa se iniciar\u00e1 el aprendizaje de la lectura y de la &#8230;<\/p>\n","protected":false},"author":9,"featured_media":0,"parent":0,"menu_order":0,"comment_status":"closed","ping_status":"closed","template":"","meta":{"footnotes":""},"folder":[],"class_list":["post-597","page","type-page","status-publish","hentry"],"rttpg_featured_image_url":null,"rttpg_author":{"display_name":"Juani Ruiz Quesada","author_link":"https:\/\/site.educa.madrid.org\/cp.teresadecalcuta.sansebastian\/index.php\/author\/juana-isabel_ruiz-quesada\/"},"rttpg_comment":0,"rttpg_category":false,"rttpg_excerpt":"La&nbsp;Educaci\u00f3n Infantil&nbsp;deber\u00e1 contribuir a desarrollar en los ni\u00f1os las capacidades que les permitan: En el segundo ciclo de la etapa se iniciar\u00e1 el aprendizaje de la lectura y de la ...","post_mailing_queue_ids":[],"_links":{"self":[{"href":"https:\/\/site.educa.madrid.org\/cp.teresadecalcuta.sansebastian\/index.php\/wp-json\/wp\/v2\/pages\/597","targetHints":{"allow":["GET"]}}],"collection":[{"href":"https:\/\/site.educa.madrid.org\/cp.teresadecalcuta.sansebastian\/index.php\/wp-json\/wp\/v2\/pages"}],"about":[{"href":"https:\/\/site.educa.madrid.org\/cp.teresadecalcuta.sansebastian\/index.php\/wp-json\/wp\/v2\/types\/page"}],"author":[{"embeddable":true,"href":"https:\/\/site.educa.madrid.org\/cp.teresadecalcuta.sansebastian\/index.php\/wp-json\/wp\/v2\/users\/9"}],"replies":[{"embeddable":true,"href":"https:\/\/site.educa.madrid.org\/cp.teresadecalcuta.sansebastian\/index.php\/wp-json\/wp\/v2\/comments?post=597"}],"version-history":[{"count":13,"href":"https:\/\/site.educa.madrid.org\/cp.teresadecalcuta.sansebastian\/index.php\/wp-json\/wp\/v2\/pages\/597\/revisions"}],"predecessor-version":[{"id":1429,"href":"https:\/\/site.educa.madrid.org\/cp.teresadecalcuta.sansebastian\/index.php\/wp-json\/wp\/v2\/pages\/597\/revisions\/1429"}],"wp:attachment":[{"href":"https:\/\/site.educa.madrid.org\/cp.teresadecalcuta.sansebastian\/index.php\/wp-json\/wp\/v2\/media?parent=597"}],"wp:term":[{"taxonomy":"folder","embeddable":true,"href":"https:\/\/site.educa.madrid.org\/cp.teresadecalcuta.sansebastian\/index.php\/wp-json\/wp\/v2\/folder?post=597"}],"curies":[{"name":"wp","href":"https:\/\/api.w.org\/{rel}","templated":true}]}}

EDUCACIÓN INFANTIL

<figure class="wp-block-image alignfull size-large"><img loading="lazy" decoding="async" width="1024" height="219" src="https://site.educa.madrid.org/cp.teresadecalcuta.sansebastian//wp-content/uploads/cp.teresadecalcuta.sansebastian/2024/01/INFANTIL-CAB-1024x219.png" alt="" class="wp-image-1148" srcset="https://site.educa.madrid.org/cp.teresadecalcuta.sansebastian//wp-content/uploads/cp.teresadecalcuta.sansebastian/2024/01/INFANTIL-CAB-1024x219.png 1024w, https://site.educa.madrid.org/cp.teresadecalcuta.sansebastian//wp-content/uploads/cp.teresadecalcuta.sansebastian/2024/01/INFANTIL-CAB-300x64.png 300w, https://site.educa.madrid.org/cp.teresadecalcuta.sansebastian//wp-content/uploads/cp.teresadecalcuta.sansebastian/2024/01/INFANTIL-CAB-768x164.png 768w, https://site.educa.madrid.org/cp.teresadecalcuta.sansebastian//wp-content/uploads/cp.teresadecalcuta.sansebastian/2024/01/INFANTIL-CAB-1536x328.png 1536w, https://site.educa.madrid.org/cp.teresadecalcuta.sansebastian//wp-content/uploads/cp.teresadecalcuta.sansebastian/2024/01/INFANTIL-CAB-2048x437.png 2048w" sizes="auto, (max-width: 1024px) 100vw, 1024px" /></figure>



<p>La&nbsp;<strong>Educación Infantil</strong>&nbsp;deberá contribuir a desarrollar en los niños las capacidades que les permitan:</p>



<div class="wp-block-media-text alignfull is-stacked-on-mobile"><figure class="wp-block-media-text__media"><img loading="lazy" decoding="async" width="1024" height="822" src="https://site.educa.madrid.org/cp.teresadecalcuta.sansebastian//wp-content/uploads/cp.teresadecalcuta.sansebastian/2023/02/NINAS-COLEGIO-1024x822.jpg" alt="" class="wp-image-792 size-full" srcset="https://site.educa.madrid.org/cp.teresadecalcuta.sansebastian//wp-content/uploads/cp.teresadecalcuta.sansebastian/2023/02/NINAS-COLEGIO-1024x822.jpg 1024w, https://site.educa.madrid.org/cp.teresadecalcuta.sansebastian//wp-content/uploads/cp.teresadecalcuta.sansebastian/2023/02/NINAS-COLEGIO-300x241.jpg 300w, https://site.educa.madrid.org/cp.teresadecalcuta.sansebastian//wp-content/uploads/cp.teresadecalcuta.sansebastian/2023/02/NINAS-COLEGIO-768x616.jpg 768w, https://site.educa.madrid.org/cp.teresadecalcuta.sansebastian//wp-content/uploads/cp.teresadecalcuta.sansebastian/2023/02/NINAS-COLEGIO-1536x1232.jpg 1536w, https://site.educa.madrid.org/cp.teresadecalcuta.sansebastian//wp-content/uploads/cp.teresadecalcuta.sansebastian/2023/02/NINAS-COLEGIO-2048x1643.jpg 2048w" sizes="auto, (max-width: 1024px) 100vw, 1024px" /></figure><div class="wp-block-media-text__content">
<ul class="has-small-font-size wp-block-list">
<li>Conocer su propio cuerpo y el de los otros, así como sus posibilidades de acción, y aprender a respetar las diferencias. Adquirir una imagen ajustada de sí mismos.</li>



<li>Observar y explorar su entorno familiar, natural y social.</li>



<li>Iniciarse en el conocimiento de las ciencias.</li>



<li>Adquirir progresivamente autonomía en sus actividades habituales.</li>



<li>Desarrollar capacidades relacionadas con emociones y afectos.</li>



<li>Relacionarse con los demás en igualdad y adquirir pautas de convivencia y de relación, así como aprender a ponerse en el lugar del otro y la resolución de conflictos, evitando cualquier tipo de violencia.</li>



<li>Desarrollar habilidades comunicativas en diferentes lenguajes y formas de expresión.</li>



<li>Aproximarse e iniciar el aprendizaje de una lengua extranjera.</li>



<li>Iniciarse en las habilidades lógico-matemáticas, en la lectura y la escritura, y en el movimiento, el gesto y el ritmo.</li>



<li>Promover y desarrollar las normas sociales que fomentan la igualdad entre hombres y mujeres.</li>
</ul>
</div></div>



<p>En el segundo ciclo de la etapa se iniciará el aprendizaje de la lectura y de la escritura, se propiciarán experiencias de iniciación temprana en habilidades numéricas básicas, en las tecnologías de la información y la comunicación y en la expresión plástica, visual y musical. Asimismo, la Consejería de Educación fomentará una primera aproximación al uso oral de una lengua extranjera en los aprendizajes de este segundo ciclo. La intervención educativa debe contemplar como principio la diversidad del alumnado, adaptando la práctica educativa a las características personales, necesidades, intereses y estilo cognitivo de los niños, dada la importancia que en estas edades adquieren el ritmo y el proceso de maduración.</p>



<p>(Fuente: Portal de Educación de la Comunidad de Madrid)</p>



<div class="wp-block-columns is-layout-flex wp-container-core-columns-is-layout-9d6595d7 wp-block-columns-is-layout-flex">
<div class="wp-block-column is-layout-flow wp-block-column-is-layout-flow">
<figure class="wp-block-image alignfull size-large"><img loading="lazy" decoding="async" width="1024" height="870" src="https://site.educa.madrid.org/cp.teresadecalcuta.sansebastian//wp-content/uploads/cp.teresadecalcuta.sansebastian/2023/02/CARTELA-1-1024x870.png" alt="" class="wp-image-793" srcset="https://site.educa.madrid.org/cp.teresadecalcuta.sansebastian//wp-content/uploads/cp.teresadecalcuta.sansebastian/2023/02/CARTELA-1-1024x870.png 1024w, https://site.educa.madrid.org/cp.teresadecalcuta.sansebastian//wp-content/uploads/cp.teresadecalcuta.sansebastian/2023/02/CARTELA-1-300x255.png 300w, https://site.educa.madrid.org/cp.teresadecalcuta.sansebastian//wp-content/uploads/cp.teresadecalcuta.sansebastian/2023/02/CARTELA-1-768x653.png 768w, https://site.educa.madrid.org/cp.teresadecalcuta.sansebastian//wp-content/uploads/cp.teresadecalcuta.sansebastian/2023/02/CARTELA-1-1536x1305.png 1536w, https://site.educa.madrid.org/cp.teresadecalcuta.sansebastian//wp-content/uploads/cp.teresadecalcuta.sansebastian/2023/02/CARTELA-1-2048x1741.png 2048w" sizes="auto, (max-width: 1024px) 100vw, 1024px" /></figure>
</div>



<div class="wp-block-column is-layout-flow wp-block-column-is-layout-flow">
<figure class="wp-block-image alignfull size-large"><img loading="lazy" decoding="async" width="1024" height="870" src="https://site.educa.madrid.org/cp.teresadecalcuta.sansebastian//wp-content/uploads/cp.teresadecalcuta.sansebastian/2023/02/CARTELA-2-1024x870.png" alt="" class="wp-image-794" srcset="https://site.educa.madrid.org/cp.teresadecalcuta.sansebastian//wp-content/uploads/cp.teresadecalcuta.sansebastian/2023/02/CARTELA-2-1024x870.png 1024w, https://site.educa.madrid.org/cp.teresadecalcuta.sansebastian//wp-content/uploads/cp.teresadecalcuta.sansebastian/2023/02/CARTELA-2-300x255.png 300w, https://site.educa.madrid.org/cp.teresadecalcuta.sansebastian//wp-content/uploads/cp.teresadecalcuta.sansebastian/2023/02/CARTELA-2-768x653.png 768w, https://site.educa.madrid.org/cp.teresadecalcuta.sansebastian//wp-content/uploads/cp.teresadecalcuta.sansebastian/2023/02/CARTELA-2-1536x1305.png 1536w, https://site.educa.madrid.org/cp.teresadecalcuta.sansebastian//wp-content/uploads/cp.teresadecalcuta.sansebastian/2023/02/CARTELA-2-2048x1741.png 2048w" sizes="auto, (max-width: 1024px) 100vw, 1024px" /></figure>
</div>
</div>



<div class="wp-block-columns is-layout-flex wp-container-core-columns-is-layout-9d6595d7 wp-block-columns-is-layout-flex">
<div class="wp-block-column is-layout-flow wp-block-column-is-layout-flow">
<figure class="wp-block-image alignfull size-large"><img loading="lazy" decoding="async" width="1024" height="870" src="https://site.educa.madrid.org/cp.teresadecalcuta.sansebastian//wp-content/uploads/cp.teresadecalcuta.sansebastian/2023/02/CARTELA-3-1024x870.png" alt="" class="wp-image-795" srcset="https://site.educa.madrid.org/cp.teresadecalcuta.sansebastian//wp-content/uploads/cp.teresadecalcuta.sansebastian/2023/02/CARTELA-3-1024x870.png 1024w, https://site.educa.madrid.org/cp.teresadecalcuta.sansebastian//wp-content/uploads/cp.teresadecalcuta.sansebastian/2023/02/CARTELA-3-300x255.png 300w, https://site.educa.madrid.org/cp.teresadecalcuta.sansebastian//wp-content/uploads/cp.teresadecalcuta.sansebastian/2023/02/CARTELA-3-768x653.png 768w, https://site.educa.madrid.org/cp.teresadecalcuta.sansebastian//wp-content/uploads/cp.teresadecalcuta.sansebastian/2023/02/CARTELA-3-1536x1305.png 1536w, https://site.educa.madrid.org/cp.teresadecalcuta.sansebastian//wp-content/uploads/cp.teresadecalcuta.sansebastian/2023/02/CARTELA-3-2048x1741.png 2048w" sizes="auto, (max-width: 1024px) 100vw, 1024px" /></figure>
</div>



<div class="wp-block-column is-layout-flow wp-block-column-is-layout-flow">
<figure class="wp-block-image alignfull size-large"><img loading="lazy" decoding="async" width="1024" height="870" src="https://site.educa.madrid.org/cp.teresadecalcuta.sansebastian//wp-content/uploads/cp.teresadecalcuta.sansebastian/2023/02/CARTELA-4-1024x870.png" alt="" class="wp-image-796" srcset="https://site.educa.madrid.org/cp.teresadecalcuta.sansebastian//wp-content/uploads/cp.teresadecalcuta.sansebastian/2023/02/CARTELA-4-1024x870.png 1024w, https://site.educa.madrid.org/cp.teresadecalcuta.sansebastian//wp-content/uploads/cp.teresadecalcuta.sansebastian/2023/02/CARTELA-4-300x255.png 300w, https://site.educa.madrid.org/cp.teresadecalcuta.sansebastian//wp-content/uploads/cp.teresadecalcuta.sansebastian/2023/02/CARTELA-4-768x653.png 768w, https://site.educa.madrid.org/cp.teresadecalcuta.sansebastian//wp-content/uploads/cp.teresadecalcuta.sansebastian/2023/02/CARTELA-4-1536x1305.png 1536w, https://site.educa.madrid.org/cp.teresadecalcuta.sansebastian//wp-content/uploads/cp.teresadecalcuta.sansebastian/2023/02/CARTELA-4-2048x1741.png 2048w" sizes="auto, (max-width: 1024px) 100vw, 1024px" /></figure>
</div>
</div>



<figure class="wp-block-video"><video height="480" style="aspect-ratio: 848 / 480;" width="848" controls src="https://site.educa.madrid.org/cp.teresadecalcuta.sansebastian//wp-content/uploads/cp.teresadecalcuta.sansebastian/2024/02/VID-20240225-WA0001.mp4"></video></figure>

<p>La&nbsp;Educación Infantil&nbsp;deberá contribuir a desarrollar en los niños las capacidades que les permitan: En el segundo ciclo de la etapa se iniciará el aprendizaje de la lectura y de la &#8230;</p>

La&nbsp;Educación Infantil&nbsp;deberá contribuir a desarrollar en los niños las capacidades que les permitan: En el segundo ciclo de la etapa se iniciará el aprendizaje de la lectura y de la ...
