{"id":602,"date":"2023-02-09T23:09:29","date_gmt":"2023-02-09T22:09:29","guid":{"rendered":"https:\/\/site.educa.madrid.org\/cp.teresadecalcuta.sansebastian\/?page_id=602"},"modified":"2024-01-22T12:31:32","modified_gmt":"2024-01-22T11:31:32","slug":"plan-de-accion-tutorial","status":"publish","type":"page","link":"https:\/\/site.educa.madrid.org\/cp.teresadecalcuta.sansebastian\/index.php\/plan-de-accion-tutorial\/","title":{"rendered":"PLAN DE ACCI\u00d3N TUTORIAL"},"content":{"rendered":"\n<figure class=\"wp-block-image alignfull size-large\"><img loading=\"lazy\" decoding=\"async\" width=\"1024\" height=\"261\" src=\"https:\/\/site.educa.madrid.org\/cp.teresadecalcuta.sansebastian\/\/wp-content\/uploads\/cp.teresadecalcuta.sansebastian\/2024\/01\/ACCION-TUTORIAL-1024x261.png\" alt=\"\" class=\"wp-image-1175\" srcset=\"https:\/\/site.educa.madrid.org\/cp.teresadecalcuta.sansebastian\/\/wp-content\/uploads\/cp.teresadecalcuta.sansebastian\/2024\/01\/ACCION-TUTORIAL-1024x261.png 1024w, https:\/\/site.educa.madrid.org\/cp.teresadecalcuta.sansebastian\/\/wp-content\/uploads\/cp.teresadecalcuta.sansebastian\/2024\/01\/ACCION-TUTORIAL-300x76.png 300w, https:\/\/site.educa.madrid.org\/cp.teresadecalcuta.sansebastian\/\/wp-content\/uploads\/cp.teresadecalcuta.sansebastian\/2024\/01\/ACCION-TUTORIAL-768x196.png 768w, https:\/\/site.educa.madrid.org\/cp.teresadecalcuta.sansebastian\/\/wp-content\/uploads\/cp.teresadecalcuta.sansebastian\/2024\/01\/ACCION-TUTORIAL-1536x392.png 1536w, https:\/\/site.educa.madrid.org\/cp.teresadecalcuta.sansebastian\/\/wp-content\/uploads\/cp.teresadecalcuta.sansebastian\/2024\/01\/ACCION-TUTORIAL-2048x522.png 2048w\" sizes=\"auto, (max-width: 1024px) 100vw, 1024px\" \/><\/figure>\n\n\n\n<div class=\"wp-block-columns is-layout-flex wp-container-core-columns-is-layout-9d6595d7 wp-block-columns-is-layout-flex\">\n<div class=\"wp-block-column is-layout-flow wp-block-column-is-layout-flow\">\n<figure class=\"wp-block-image size-large\"><img loading=\"lazy\" decoding=\"async\" width=\"1024\" height=\"768\" src=\"https:\/\/site.educa.madrid.org\/cp.teresadecalcuta.sansebastian\/\/wp-content\/uploads\/cp.teresadecalcuta.sansebastian\/2024\/01\/20220606_115334-1-1-1024x768.jpg\" alt=\"\" class=\"wp-image-1177\" srcset=\"https:\/\/site.educa.madrid.org\/cp.teresadecalcuta.sansebastian\/\/wp-content\/uploads\/cp.teresadecalcuta.sansebastian\/2024\/01\/20220606_115334-1-1-1024x768.jpg 1024w, https:\/\/site.educa.madrid.org\/cp.teresadecalcuta.sansebastian\/\/wp-content\/uploads\/cp.teresadecalcuta.sansebastian\/2024\/01\/20220606_115334-1-1-300x225.jpg 300w, https:\/\/site.educa.madrid.org\/cp.teresadecalcuta.sansebastian\/\/wp-content\/uploads\/cp.teresadecalcuta.sansebastian\/2024\/01\/20220606_115334-1-1-768x576.jpg 768w, https:\/\/site.educa.madrid.org\/cp.teresadecalcuta.sansebastian\/\/wp-content\/uploads\/cp.teresadecalcuta.sansebastian\/2024\/01\/20220606_115334-1-1-1536x1152.jpg 1536w, https:\/\/site.educa.madrid.org\/cp.teresadecalcuta.sansebastian\/\/wp-content\/uploads\/cp.teresadecalcuta.sansebastian\/2024\/01\/20220606_115334-1-1-2048x1536.jpg 2048w\" sizes=\"auto, (max-width: 1024px) 100vw, 1024px\" \/><\/figure>\n<\/div>\n\n\n\n<div class=\"wp-block-column has-white-background-color has-background is-layout-flow wp-block-column-is-layout-flow\">\n<p><\/p>\n\n\n\n<p>La funci\u00f3n tutorial no la podemos considerar como actividad espec\u00edfica al margen de la funci\u00f3n docente.<\/p>\n\n\n\n<p>Todo profesor deber\u00e1 contribuir a que la educaci\u00f3n sea integral y personalizada y a que su labor educativa vaya m\u00e1s all\u00e1 de la mera instrucci\u00f3n o transmisi\u00f3n de conocimiento.<\/p>\n\n\n\n<p>Su actuaci\u00f3n en el aula y el tipo de relaciones que establece con los alumnos dentro y fuera del aula, le comprometen en una responsabilidad que trasciende los resultados acad\u00e9micos y se adentra en el \u00e1mbito del desarrollo integral de la persona.<\/p>\n\n\n\n<p>El profesor influye en la configuraci\u00f3n de un cuadro de experiencias y de valores a partir de los cuales los alumnos construyen su auto concepto y elaboran sus expectativas.<\/p>\n\n\n\n<p class=\"has-text-align-center\">La funci\u00f3n tutorial debe centrarse en tres \u00e1mbitos: familia, alumnos y otros docentes que imparten clase a los alumnos e implica una tarea coordinada que favorezca la interacci\u00f3n de todos y cada uno de ellos.<\/p>\n<\/div>\n<\/div>\n\n\n\n<h2 class=\"wp-block-heading alignfull has-text-align-center\">FUNCIONES DEL MAESTRO TUTOR<\/h2>\n\n\n\n<div class=\"wp-block-columns is-layout-flex wp-container-core-columns-is-layout-9d6595d7 wp-block-columns-is-layout-flex\">\n<div class=\"wp-block-column has-white-color has-vivid-red-background-color has-text-color has-background is-layout-flow wp-block-column-is-layout-flow\">\n<p class=\"has-text-align-center has-large-font-size\">1<\/p>\n\n\n\n<p class=\"has-text-align-center\">Participar en las actividades de orientaci\u00f3n educativa y psicopedag\u00f3gica<\/p>\n<\/div>\n\n\n\n<div class=\"wp-block-column has-white-color has-luminous-vivid-orange-background-color has-text-color has-background is-layout-flow wp-block-column-is-layout-flow\">\n<p class=\"has-text-align-center has-large-font-size\">2<\/p>\n\n\n\n<p class=\"has-text-align-center\">Presidir\u00e1 las sesiones<\/p>\n\n\n\n<p class=\"has-text-align-center\">de evaluaci\u00f3n<\/p>\n<\/div>\n\n\n\n<div class=\"wp-block-column has-luminous-vivid-amber-color has-luminous-vivid-amber-background-color has-text-color has-background is-layout-flow wp-block-column-is-layout-flow\">\n<p class=\"has-text-align-center has-white-color has-text-color has-large-font-size\">3<\/p>\n\n\n\n<p class=\"has-text-align-center has-white-color has-text-color\">Atender a las dificultades de aprendizaje de los alumnos<\/p>\n<\/div>\n\n\n\n<div class=\"wp-block-column has-background is-layout-flow wp-block-column-is-layout-flow\" style=\"background-color:#1cfa3d\">\n<p class=\"has-text-align-center has-white-color has-text-color has-large-font-size\">4<\/p>\n\n\n\n<p class=\"has-text-align-center has-white-color has-text-color\">Orientar y asesorar<\/p>\n\n\n\n<p class=\"has-text-align-center has-white-color has-text-color\">a los alumnos<\/p>\n<\/div>\n\n\n\n<div class=\"wp-block-column has-background is-layout-flow wp-block-column-is-layout-flow\" style=\"background-color:#09905f\">\n<p class=\"has-text-align-center has-white-color has-text-color has-large-font-size\">5<\/p>\n\n\n\n<p class=\"has-text-align-center has-white-color has-text-color\">Orientar\u00e1 y velar\u00e1 por el cumplimiento del plan de convivencia y de las normas de conducta establecidas por el centro<\/p>\n<\/div>\n<\/div>\n\n\n\n<div class=\"wp-block-columns is-layout-flex wp-container-core-columns-is-layout-9d6595d7 wp-block-columns-is-layout-flex\">\n<div class=\"wp-block-column has-background is-layout-flow wp-block-column-is-layout-flow\" style=\"background-color:#42b2f7\">\n<p class=\"has-text-align-center has-white-color has-text-color has-large-font-size\">6<\/p>\n\n\n\n<p class=\"has-text-align-center has-white-color has-text-color\">Coordinar\u00e1 la acci\u00f3n educativa de todos los maestros que intervienen en la ense\u00f1anza de un grupo<\/p>\n<\/div>\n\n\n\n<div class=\"wp-block-column has-background is-layout-flow wp-block-column-is-layout-flow\" style=\"background-color:#021378\">\n<p class=\"has-text-align-center has-white-color has-text-color has-large-font-size\">7<\/p>\n\n\n\n<p class=\"has-text-align-center has-white-color has-text-color\">Propiciar\u00e1 la cooperaci\u00f3n de los padres o tutores legales en la educaci\u00f3n de los alumnos y les informar\u00e1 sobre la marcha del aprendizaje de sus hijos<\/p>\n<\/div>\n\n\n\n<div class=\"wp-block-column has-vivid-purple-background-color has-background is-layout-flow wp-block-column-is-layout-flow\">\n<p class=\"has-text-align-center has-white-color has-text-color has-large-font-size\">8<\/p>\n\n\n\n<p class=\"has-text-align-center has-white-color has-text-color\">Atender y cuidar, junto con el resto de los profesores del centro, a los alumnos en los per\u00edodos de recreo y en otras actividades no lectivas<\/p>\n<\/div>\n\n\n\n<div class=\"wp-block-column has-pale-pink-background-color has-background is-layout-flow wp-block-column-is-layout-flow\">\n<p class=\"has-text-align-center has-white-color has-text-color has-large-font-size\">9<\/p>\n\n\n\n<p class=\"has-text-align-center has-white-color has-text-color\">Cumplimentar la documentaci\u00f3n acad\u00e9mica individual del alumnado de su grupo (informes, boletines de notas, asistencia, etc.)<\/p>\n<\/div>\n\n\n\n<div class=\"wp-block-column has-background is-layout-flow wp-block-column-is-layout-flow\" style=\"background-color:#f72d77\">\n<p class=\"has-text-align-center has-white-color has-text-color has-large-font-size\">10<\/p>\n\n\n\n<p class=\"has-text-align-center has-white-color has-text-color\">Mantendr\u00e1 tutor\u00edas individuales con los padres de sus alumnos para informarles de todo aquello que concierna en relaci\u00f3n con las actividades docentes, complementarias y con el rendimiento acad\u00e9mico.<\/p>\n<\/div>\n<\/div>\n\n\n\n<p class=\"has-text-align-center has-white-color has-vivid-red-background-color has-text-color has-background has-small-font-size\">11 \u00a0Entregar y recoger todo tipo de documentos necesarios tal y como autorizaciones, circulares informativas, notificaciones, etc.<\/p>\n","protected":false},"excerpt":{"rendered":"<p>La funci\u00f3n tutorial no la podemos considerar como actividad espec\u00edfica al margen de la funci\u00f3n docente. Todo profesor deber\u00e1 contribuir a que la educaci\u00f3n sea integral y personalizada y a &#8230;<\/p>\n","protected":false},"author":9,"featured_media":0,"parent":0,"menu_order":0,"comment_status":"closed","ping_status":"closed","template":"","meta":{"footnotes":""},"folder":[],"class_list":["post-602","page","type-page","status-publish","hentry"],"rttpg_featured_image_url":null,"rttpg_author":{"display_name":"Juani Ruiz Quesada","author_link":"https:\/\/site.educa.madrid.org\/cp.teresadecalcuta.sansebastian\/index.php\/author\/juana-isabel_ruiz-quesada\/"},"rttpg_comment":0,"rttpg_category":false,"rttpg_excerpt":"La funci\u00f3n tutorial no la podemos considerar como actividad espec\u00edfica al margen de la funci\u00f3n docente. Todo profesor deber\u00e1 contribuir a que la educaci\u00f3n sea integral y personalizada y a ...","post_mailing_queue_ids":[],"_links":{"self":[{"href":"https:\/\/site.educa.madrid.org\/cp.teresadecalcuta.sansebastian\/index.php\/wp-json\/wp\/v2\/pages\/602","targetHints":{"allow":["GET"]}}],"collection":[{"href":"https:\/\/site.educa.madrid.org\/cp.teresadecalcuta.sansebastian\/index.php\/wp-json\/wp\/v2\/pages"}],"about":[{"href":"https:\/\/site.educa.madrid.org\/cp.teresadecalcuta.sansebastian\/index.php\/wp-json\/wp\/v2\/types\/page"}],"author":[{"embeddable":true,"href":"https:\/\/site.educa.madrid.org\/cp.teresadecalcuta.sansebastian\/index.php\/wp-json\/wp\/v2\/users\/9"}],"replies":[{"embeddable":true,"href":"https:\/\/site.educa.madrid.org\/cp.teresadecalcuta.sansebastian\/index.php\/wp-json\/wp\/v2\/comments?post=602"}],"version-history":[{"count":3,"href":"https:\/\/site.educa.madrid.org\/cp.teresadecalcuta.sansebastian\/index.php\/wp-json\/wp\/v2\/pages\/602\/revisions"}],"predecessor-version":[{"id":1180,"href":"https:\/\/site.educa.madrid.org\/cp.teresadecalcuta.sansebastian\/index.php\/wp-json\/wp\/v2\/pages\/602\/revisions\/1180"}],"wp:attachment":[{"href":"https:\/\/site.educa.madrid.org\/cp.teresadecalcuta.sansebastian\/index.php\/wp-json\/wp\/v2\/media?parent=602"}],"wp:term":[{"taxonomy":"folder","embeddable":true,"href":"https:\/\/site.educa.madrid.org\/cp.teresadecalcuta.sansebastian\/index.php\/wp-json\/wp\/v2\/folder?post=602"}],"curies":[{"name":"wp","href":"https:\/\/api.w.org\/{rel}","templated":true}]}}

PLAN DE ACCIÓN TUTORIAL

<figure class="wp-block-image alignfull size-large"><img loading="lazy" decoding="async" width="1024" height="261" src="https://site.educa.madrid.org/cp.teresadecalcuta.sansebastian//wp-content/uploads/cp.teresadecalcuta.sansebastian/2024/01/ACCION-TUTORIAL-1024x261.png" alt="" class="wp-image-1175" srcset="https://site.educa.madrid.org/cp.teresadecalcuta.sansebastian//wp-content/uploads/cp.teresadecalcuta.sansebastian/2024/01/ACCION-TUTORIAL-1024x261.png 1024w, https://site.educa.madrid.org/cp.teresadecalcuta.sansebastian//wp-content/uploads/cp.teresadecalcuta.sansebastian/2024/01/ACCION-TUTORIAL-300x76.png 300w, https://site.educa.madrid.org/cp.teresadecalcuta.sansebastian//wp-content/uploads/cp.teresadecalcuta.sansebastian/2024/01/ACCION-TUTORIAL-768x196.png 768w, https://site.educa.madrid.org/cp.teresadecalcuta.sansebastian//wp-content/uploads/cp.teresadecalcuta.sansebastian/2024/01/ACCION-TUTORIAL-1536x392.png 1536w, https://site.educa.madrid.org/cp.teresadecalcuta.sansebastian//wp-content/uploads/cp.teresadecalcuta.sansebastian/2024/01/ACCION-TUTORIAL-2048x522.png 2048w" sizes="auto, (max-width: 1024px) 100vw, 1024px" /></figure>



<div class="wp-block-columns is-layout-flex wp-container-core-columns-is-layout-9d6595d7 wp-block-columns-is-layout-flex">
<div class="wp-block-column is-layout-flow wp-block-column-is-layout-flow">
<figure class="wp-block-image size-large"><img loading="lazy" decoding="async" width="1024" height="768" src="https://site.educa.madrid.org/cp.teresadecalcuta.sansebastian//wp-content/uploads/cp.teresadecalcuta.sansebastian/2024/01/20220606_115334-1-1-1024x768.jpg" alt="" class="wp-image-1177" srcset="https://site.educa.madrid.org/cp.teresadecalcuta.sansebastian//wp-content/uploads/cp.teresadecalcuta.sansebastian/2024/01/20220606_115334-1-1-1024x768.jpg 1024w, https://site.educa.madrid.org/cp.teresadecalcuta.sansebastian//wp-content/uploads/cp.teresadecalcuta.sansebastian/2024/01/20220606_115334-1-1-300x225.jpg 300w, https://site.educa.madrid.org/cp.teresadecalcuta.sansebastian//wp-content/uploads/cp.teresadecalcuta.sansebastian/2024/01/20220606_115334-1-1-768x576.jpg 768w, https://site.educa.madrid.org/cp.teresadecalcuta.sansebastian//wp-content/uploads/cp.teresadecalcuta.sansebastian/2024/01/20220606_115334-1-1-1536x1152.jpg 1536w, https://site.educa.madrid.org/cp.teresadecalcuta.sansebastian//wp-content/uploads/cp.teresadecalcuta.sansebastian/2024/01/20220606_115334-1-1-2048x1536.jpg 2048w" sizes="auto, (max-width: 1024px) 100vw, 1024px" /></figure>
</div>



<div class="wp-block-column has-white-background-color has-background is-layout-flow wp-block-column-is-layout-flow">
<p></p>



<p>La función tutorial no la podemos considerar como actividad específica al margen de la función docente.</p>



<p>Todo profesor deberá contribuir a que la educación sea integral y personalizada y a que su labor educativa vaya más allá de la mera instrucción o transmisión de conocimiento.</p>



<p>Su actuación en el aula y el tipo de relaciones que establece con los alumnos dentro y fuera del aula, le comprometen en una responsabilidad que trasciende los resultados académicos y se adentra en el ámbito del desarrollo integral de la persona.</p>



<p>El profesor influye en la configuración de un cuadro de experiencias y de valores a partir de los cuales los alumnos construyen su auto concepto y elaboran sus expectativas.</p>



<p class="has-text-align-center">La función tutorial debe centrarse en tres ámbitos: familia, alumnos y otros docentes que imparten clase a los alumnos e implica una tarea coordinada que favorezca la interacción de todos y cada uno de ellos.</p>
</div>
</div>



<h2 class="wp-block-heading alignfull has-text-align-center">FUNCIONES DEL MAESTRO TUTOR</h2>



<div class="wp-block-columns is-layout-flex wp-container-core-columns-is-layout-9d6595d7 wp-block-columns-is-layout-flex">
<div class="wp-block-column has-white-color has-vivid-red-background-color has-text-color has-background is-layout-flow wp-block-column-is-layout-flow">
<p class="has-text-align-center has-large-font-size">1</p>



<p class="has-text-align-center">Participar en las actividades de orientación educativa y psicopedagógica</p>
</div>



<div class="wp-block-column has-white-color has-luminous-vivid-orange-background-color has-text-color has-background is-layout-flow wp-block-column-is-layout-flow">
<p class="has-text-align-center has-large-font-size">2</p>



<p class="has-text-align-center">Presidirá las sesiones</p>



<p class="has-text-align-center">de evaluación</p>
</div>



<div class="wp-block-column has-luminous-vivid-amber-color has-luminous-vivid-amber-background-color has-text-color has-background is-layout-flow wp-block-column-is-layout-flow">
<p class="has-text-align-center has-white-color has-text-color has-large-font-size">3</p>



<p class="has-text-align-center has-white-color has-text-color">Atender a las dificultades de aprendizaje de los alumnos</p>
</div>



<div class="wp-block-column has-background is-layout-flow wp-block-column-is-layout-flow" style="background-color:#1cfa3d">
<p class="has-text-align-center has-white-color has-text-color has-large-font-size">4</p>



<p class="has-text-align-center has-white-color has-text-color">Orientar y asesorar</p>



<p class="has-text-align-center has-white-color has-text-color">a los alumnos</p>
</div>



<div class="wp-block-column has-background is-layout-flow wp-block-column-is-layout-flow" style="background-color:#09905f">
<p class="has-text-align-center has-white-color has-text-color has-large-font-size">5</p>



<p class="has-text-align-center has-white-color has-text-color">Orientará y velará por el cumplimiento del plan de convivencia y de las normas de conducta establecidas por el centro</p>
</div>
</div>



<div class="wp-block-columns is-layout-flex wp-container-core-columns-is-layout-9d6595d7 wp-block-columns-is-layout-flex">
<div class="wp-block-column has-background is-layout-flow wp-block-column-is-layout-flow" style="background-color:#42b2f7">
<p class="has-text-align-center has-white-color has-text-color has-large-font-size">6</p>



<p class="has-text-align-center has-white-color has-text-color">Coordinará la acción educativa de todos los maestros que intervienen en la enseñanza de un grupo</p>
</div>



<div class="wp-block-column has-background is-layout-flow wp-block-column-is-layout-flow" style="background-color:#021378">
<p class="has-text-align-center has-white-color has-text-color has-large-font-size">7</p>



<p class="has-text-align-center has-white-color has-text-color">Propiciará la cooperación de los padres o tutores legales en la educación de los alumnos y les informará sobre la marcha del aprendizaje de sus hijos</p>
</div>



<div class="wp-block-column has-vivid-purple-background-color has-background is-layout-flow wp-block-column-is-layout-flow">
<p class="has-text-align-center has-white-color has-text-color has-large-font-size">8</p>



<p class="has-text-align-center has-white-color has-text-color">Atender y cuidar, junto con el resto de los profesores del centro, a los alumnos en los períodos de recreo y en otras actividades no lectivas</p>
</div>



<div class="wp-block-column has-pale-pink-background-color has-background is-layout-flow wp-block-column-is-layout-flow">
<p class="has-text-align-center has-white-color has-text-color has-large-font-size">9</p>



<p class="has-text-align-center has-white-color has-text-color">Cumplimentar la documentación académica individual del alumnado de su grupo (informes, boletines de notas, asistencia, etc.)</p>
</div>



<div class="wp-block-column has-background is-layout-flow wp-block-column-is-layout-flow" style="background-color:#f72d77">
<p class="has-text-align-center has-white-color has-text-color has-large-font-size">10</p>



<p class="has-text-align-center has-white-color has-text-color">Mantendrá tutorías individuales con los padres de sus alumnos para informarles de todo aquello que concierna en relación con las actividades docentes, complementarias y con el rendimiento académico.</p>
</div>
</div>



<p class="has-text-align-center has-white-color has-vivid-red-background-color has-text-color has-background has-small-font-size">11  Entregar y recoger todo tipo de documentos necesarios tal y como autorizaciones, circulares informativas, notificaciones, etc.</p>

<p>La función tutorial no la podemos considerar como actividad específica al margen de la función docente. Todo profesor deberá contribuir a que la educación sea integral y personalizada y a &#8230;</p>

La función tutorial no la podemos considerar como actividad específica al margen de la función docente. Todo profesor deberá contribuir a que la educación sea integral y personalizada y a ...
